{"id":26,"date":"2018-04-08T20:07:37","date_gmt":"2018-04-08T20:07:37","guid":{"rendered":"https:\/\/blogsaverroes.juntadeandalucia.es\/iesbitacora\/?page_id=26"},"modified":"2025-05-14T12:58:38","modified_gmt":"2025-05-14T11:58:38","slug":"planes-y-proyectos","status":"publish","type":"page","link":"https:\/\/blogsaverroes.juntadeandalucia.es\/iesbitacora\/planes-y-proyectos\/","title":{"rendered":"PLANES,  PROGRAMAS Y PROYECTOS"},"content":{"rendered":"<table width=\"880\">\n<tbody>\n<tr>\n<td style=\"width: 445.046875px\"><span style=\"font-size: 20px;font-family: helvetica, arial, sans-serif;color: #375da1\"><strong>CURSO 2024-2025<\/strong><\/span><\/td>\n<td style=\"width: 418.96875px\">&nbsp;<\/td>\n<\/tr>\n<tr>\n<td style=\"width: 445.046875px\"><span style=\"font-family: helvetica, arial, sans-serif;font-size: 16px\"><strong>Forma Joven desde el \u00c1mbito Socioeducativo<\/strong><\/span><\/td>\n<td style=\"width: 418.96875px\"><span style=\"font-family: helvetica, arial, sans-serif;font-size: 16px\">Coordinador: Fernando Barbosa Garc\u00eda<\/span><\/td>\n<\/tr>\n<tr>\n<td style=\"width: 445.046875px\"><span style=\"font-family: helvetica, arial, sans-serif;font-size: 16px\"><strong>Compensaci\u00f3n Educativa&nbsp;<\/strong><\/span><\/td>\n<td style=\"width: 418.96875px\"><span style=\"font-family: helvetica, arial, sans-serif;font-size: 16px\">Coordinador: Fernando Barbosa Garc\u00eda<\/span><\/td>\n<\/tr>\n<tr>\n<td style=\"width: 445.046875px\"><span style=\"font-family: helvetica, arial, sans-serif;font-size: 16px\"><strong>Proyecto Escuela Espacio de Paz<\/strong><\/span><\/td>\n<td style=\"width: 418.96875px\"><span style=\"font-family: helvetica, arial, sans-serif;font-size: 16px\">Coordinadora: Roc\u00edo Iglesias Rodr\u00edguez<\/span><\/td>\n<\/tr>\n<tr>\n<td style=\"width: 445.046875px\"><span style=\"font-family: helvetica, arial, sans-serif;font-size: 16px\"><strong>Proyecto educativo aulaDjaque<\/strong><\/span><\/td>\n<td style=\"width: 418.96875px\"><span style=\"font-family: helvetica, arial, sans-serif;font-size: 16px\">Coordinadora: M\u00aa Eugenia Gonz\u00e1lez Gallardo&nbsp;<\/span><\/td>\n<\/tr>\n<tr>\n<td style=\"width: 445.046875px\"><span style=\"font-family: helvetica, arial, sans-serif;font-size: 16px\"><strong>Igualdad&nbsp;<\/strong><\/span><\/td>\n<td style=\"width: 418.96875px\"><span style=\"font-family: helvetica, arial, sans-serif;font-size: 16px\">Coordinador: David Guerrero Moyano<\/span><\/td>\n<\/tr>\n<tr>\n<td style=\"width: 445.046875px\"><a href=\"https:\/\/blogsaverroes.juntadeandalucia.es\/iesbitacora\/bilinguismo\/\"><span style=\"font-family: helvetica, arial, sans-serif;font-size: 16px\"><strong>Biling\u00fcismo<\/strong><\/span><\/a><\/td>\n<td style=\"width: 418.96875px\"><span style=\"font-family: helvetica, arial, sans-serif;font-size: 16px\">Coordinadora: Sara Cordero Giraldo<\/span><\/td>\n<\/tr>\n<tr>\n<td style=\"width: 445.046875px\"><span style=\"font-family: helvetica, arial, sans-serif;font-size: 16px\"><strong>TDE<\/strong><\/span><\/td>\n<td style=\"width: 418.96875px\"><span style=\"font-family: helvetica, arial, sans-serif;font-size: 16px\">Coordinador: Fernando Pomares Reyes<\/span><\/td>\n<\/tr>\n<tr>\n<td style=\"width: 445.046875px\"><span style=\"font-family: helvetica, arial, sans-serif;font-size: 16px\"><strong>STEAM<\/strong><\/span><\/td>\n<td style=\"width: 418.96875px\"><span style=\"font-family: helvetica, arial, sans-serif;font-size: 16px\">Responsable: Fernando Pomares Reyes<\/span><\/td>\n<\/tr>\n<tr>\n<td style=\"width: 445.046875px\"><a href=\"https:\/\/blogsaverroes.juntadeandalucia.es\/iesbitacora\/planes-y-proyectos\/proa\/\"><strong><span style=\"font-family: helvetica, arial, sans-serif\">PROA<\/span><\/strong><\/a><\/td>\n<td style=\"width: 418.96875px\"><span style=\"font-family: helvetica, arial, sans-serif\">Coordinador: \u00c1ngel L\u00f3pez Jim\u00e9nez<\/span><\/td>\n<\/tr>\n<tr>\n<td style=\"width: 445.046875px\"><span style=\"font-family: helvetica, arial, sans-serif;font-size: 16px\"><strong>Biblioteca<\/strong><\/span><\/td>\n<td style=\"width: 418.96875px\"><span style=\"font-family: helvetica, arial, sans-serif;font-size: 16px\">Coordinadora:<span style=\"font-family: Verdana,Arial,Helvetica,sans-serif\"> Marina Dom\u00ednguez Rabad\u00e1n<\/span><\/span><\/td>\n<\/tr>\n<\/tbody>\n<\/table>\n<p>&nbsp;<\/p>\n","protected":false},"excerpt":{"rendered":"<p>CURSO 2024-2025 &nbsp; Forma Joven desde el \u00c1mbito Socioeducativo Coordinador: Fernando Barbosa Garc\u00eda Compensaci\u00f3n Educativa&nbsp; Coordinador: Fernando Barbosa Garc\u00eda Proyecto Escuela Espacio de Paz Coordinadora:&hellip;<\/p>\n","protected":false},"author":5897,"featured_media":0,"parent":0,"menu_order":0,"comment_status":"closed","ping_status":"closed","template":"","meta":{"ngg_post_thumbnail":0,"footnotes":""},"aioseo_notices":[],"_links":{"self":[{"href":"https:\/\/blogsaverroes.juntadeandalucia.es\/iesbitacora\/wp-json\/wp\/v2\/pages\/26"}],"collection":[{"href":"https:\/\/blogsaverroes.juntadeandalucia.es\/iesbitacora\/wp-json\/wp\/v2\/pages"}],"about":[{"href":"https:\/\/blogsaverroes.juntadeandalucia.es\/iesbitacora\/wp-json\/wp\/v2\/types\/page"}],"author":[{"embeddable":true,"href":"https:\/\/blogsaverroes.juntadeandalucia.es\/iesbitacora\/wp-json\/wp\/v2\/users\/5897"}],"replies":[{"embeddable":true,"href":"https:\/\/blogsaverroes.juntadeandalucia.es\/iesbitacora\/wp-json\/wp\/v2\/comments?post=26"}],"version-history":[{"count":26,"href":"https:\/\/blogsaverroes.juntadeandalucia.es\/iesbitacora\/wp-json\/wp\/v2\/pages\/26\/revisions"}],"predecessor-version":[{"id":311,"href":"https:\/\/blogsaverroes.juntadeandalucia.es\/iesbitacora\/wp-json\/wp\/v2\/pages\/26\/revisions\/311"}],"wp:attachment":[{"href":"https:\/\/blogsaverroes.juntadeandalucia.es\/iesbitacora\/wp-json\/wp\/v2\/media?parent=26"}],"curies":[{"name":"wp","href":"https:\/\/api.w.org\/{rel}","templated":true}]}}