{"id":69,"date":"2018-04-08T20:27:06","date_gmt":"2018-04-08T20:27:06","guid":{"rendered":"https:\/\/blogsaverroes.juntadeandalucia.es\/iesbitacora\/?page_id=69"},"modified":"2018-04-25T17:55:05","modified_gmt":"2018-04-25T17:55:05","slug":"filosofia","status":"publish","type":"page","link":"https:\/\/blogsaverroes.juntadeandalucia.es\/iesbitacora\/filosofia\/","title":{"rendered":"FILOSOF\u00cdA"},"content":{"rendered":"<p><strong><img loading=\"lazy\" decoding=\"async\" class=\"size-medium wp-image-482 aligncenter\" src=\"https:\/\/blogsaverroes.juntadeandalucia.es\/iesbitacora\/files\/2018\/04\/filosofia-mario-schilling-300x225.jpg\" alt=\"\" width=\"300\" height=\"225\" srcset=\"https:\/\/blogsaverroes.juntadeandalucia.es\/iesbitacora\/files\/2018\/04\/filosofia-mario-schilling-300x225.jpg 300w, https:\/\/blogsaverroes.juntadeandalucia.es\/iesbitacora\/files\/2018\/04\/filosofia-mario-schilling-768x576.jpg 768w, https:\/\/blogsaverroes.juntadeandalucia.es\/iesbitacora\/files\/2018\/04\/filosofia-mario-schilling-24x18.jpg 24w, https:\/\/blogsaverroes.juntadeandalucia.es\/iesbitacora\/files\/2018\/04\/filosofia-mario-schilling-36x27.jpg 36w, https:\/\/blogsaverroes.juntadeandalucia.es\/iesbitacora\/files\/2018\/04\/filosofia-mario-schilling-48x36.jpg 48w, https:\/\/blogsaverroes.juntadeandalucia.es\/iesbitacora\/files\/2018\/04\/filosofia-mario-schilling.jpg 800w\" sizes=\"(max-width: 300px) 100vw, 300px\" \/><\/strong><\/p>\n<table style=\"height: 39px;width: 916px\">\n<tbody>\n<tr>\n<td style=\"width: 147.125px\"><span style=\"font-family: helvetica, arial, sans-serif;font-size: 16px\">&nbsp;<\/span><\/td>\n<td style=\"width: 449.875px\"><span style=\"font-family: helvetica, arial, sans-serif;font-size: 16px\"><strong><span style=\"color: #375da1\">Profesor:<\/span>&nbsp;&nbsp;<\/strong><\/span><\/p>\n<ul>\n<li><span style=\"font-family: helvetica, arial, sans-serif;font-size: 16px\">Fernando Barbosa Garc\u00eda<\/span><\/li>\n<\/ul>\n<p><span style=\"color: #375da1;font-family: helvetica, arial, sans-serif;font-size: 16px\"><strong>Adscripci\u00f3n<\/strong>:&nbsp;<\/span><\/p>\n<ul>\n<li><span style=\"font-family: helvetica, arial, sans-serif;font-size: 16px\">Departamento de Orientaci\u00f3n<\/span><\/li>\n<\/ul>\n<p><span style=\"font-family: helvetica, arial, sans-serif;font-size: 16px\"><strong><a href=\"https:\/\/blogsaverroes.juntadeandalucia.es\/iesbitacora\/materia-y-libro-3\/\">Materia y libro<\/a><\/strong><\/span><\/p>\n<p><span style=\"font-family: helvetica, arial, sans-serif;font-size: 16px\"><strong><a href=\"https:\/\/blogsaverroes.juntadeandalucia.es\/iesbitacora\/programacion-3\/\">Programaci\u00f3n<\/a><\/strong><\/span><\/td>\n<td style=\"width: 299px\">&nbsp;<\/td>\n<\/tr>\n<\/tbody>\n<\/table>\n<p>&nbsp;<\/p>\n","protected":false},"excerpt":{"rendered":"<p>&nbsp; Profesor:&nbsp;&nbsp; Fernando Barbosa Garc\u00eda Adscripci\u00f3n:&nbsp; Departamento de Orientaci\u00f3n Materia y libro Programaci\u00f3n &nbsp; &nbsp;<\/p>\n","protected":false},"author":5897,"featured_media":0,"parent":0,"menu_order":0,"comment_status":"closed","ping_status":"closed","template":"","meta":{"ngg_post_thumbnail":0,"footnotes":""},"aioseo_notices":[],"_links":{"self":[{"href":"https:\/\/blogsaverroes.juntadeandalucia.es\/iesbitacora\/wp-json\/wp\/v2\/pages\/69"}],"collection":[{"href":"https:\/\/blogsaverroes.juntadeandalucia.es\/iesbitacora\/wp-json\/wp\/v2\/pages"}],"about":[{"href":"https:\/\/blogsaverroes.juntadeandalucia.es\/iesbitacora\/wp-json\/wp\/v2\/types\/page"}],"author":[{"embeddable":true,"href":"https:\/\/blogsaverroes.juntadeandalucia.es\/iesbitacora\/wp-json\/wp\/v2\/users\/5897"}],"replies":[{"embeddable":true,"href":"https:\/\/blogsaverroes.juntadeandalucia.es\/iesbitacora\/wp-json\/wp\/v2\/comments?post=69"}],"version-history":[{"count":17,"href":"https:\/\/blogsaverroes.juntadeandalucia.es\/iesbitacora\/wp-json\/wp\/v2\/pages\/69\/revisions"}],"predecessor-version":[{"id":1725,"href":"https:\/\/blogsaverroes.juntadeandalucia.es\/iesbitacora\/wp-json\/wp\/v2\/pages\/69\/revisions\/1725"}],"wp:attachment":[{"href":"https:\/\/blogsaverroes.juntadeandalucia.es\/iesbitacora\/wp-json\/wp\/v2\/media?parent=69"}],"curies":[{"name":"wp","href":"https:\/\/api.w.org\/{rel}","templated":true}]}}