{"id":2559,"date":"2020-09-27T10:36:05","date_gmt":"2020-09-27T08:36:05","guid":{"rendered":"https:\/\/blogsaverroes.juntadeandalucia.es\/iesblasinfante\/files\/2020\/09\/Premio-Tarjeta-Navide\u00f1o-Matem\u00e1tico-2-16-17.jpeg"},"modified":"2020-09-27T10:36:05","modified_gmt":"2020-09-27T08:36:05","slug":"premio-tarjeta-navideno-matematico-2-16-17","status":"inherit","type":"attachment","link":"https:\/\/blogsaverroes.juntadeandalucia.es\/iesblasinfante\/premio-tarjeta-navideno-matematico-2-16-17\/","title":{"rendered":"Premio Tarjeta Navide\u00f1o Matem\u00e1tico 2 16-17"},"author":10359,"comment_status":"closed","ping_status":"closed","template":"","meta":{"ngg_post_thumbnail":0},"aioseo_notices":[],"description":{"rendered":"<p class=\"attachment\"><a href='https:\/\/blogsaverroes.juntadeandalucia.es\/iesblasinfante\/files\/2020\/09\/Premio-Tarjeta-Navide\u00f1o-Matem\u00e1tico-2-16-17-scaled.jpeg'><img fetchpriority=\"high\" decoding=\"async\" width=\"300\" height=\"212\" src=\"https:\/\/blogsaverroes.juntadeandalucia.es\/iesblasinfante\/files\/2020\/09\/Premio-Tarjeta-Navide\u00f1o-Matem\u00e1tico-2-16-17-300x212.jpeg\" class=\"attachment-medium size-medium\" alt=\"\" srcset=\"https:\/\/blogsaverroes.juntadeandalucia.es\/iesblasinfante\/files\/2020\/09\/Premio-Tarjeta-Navide\u00f1o-Matem\u00e1tico-2-16-17-300x212.jpeg 300w, https:\/\/blogsaverroes.juntadeandalucia.es\/iesblasinfante\/files\/2020\/09\/Premio-Tarjeta-Navide\u00f1o-Matem\u00e1tico-2-16-17-1024x724.jpeg 1024w, https:\/\/blogsaverroes.juntadeandalucia.es\/iesblasinfante\/files\/2020\/09\/Premio-Tarjeta-Navide\u00f1o-Matem\u00e1tico-2-16-17-768x543.jpeg 768w, https:\/\/blogsaverroes.juntadeandalucia.es\/iesblasinfante\/files\/2020\/09\/Premio-Tarjeta-Navide\u00f1o-Matem\u00e1tico-2-16-17-1536x1086.jpeg 1536w, https:\/\/blogsaverroes.juntadeandalucia.es\/iesblasinfante\/files\/2020\/09\/Premio-Tarjeta-Navide\u00f1o-Matem\u00e1tico-2-16-17-2048x1448.jpeg 2048w, https:\/\/blogsaverroes.juntadeandalucia.es\/iesblasinfante\/files\/2020\/09\/Premio-Tarjeta-Navide\u00f1o-Matem\u00e1tico-2-16-17-24x17.jpeg 24w, https:\/\/blogsaverroes.juntadeandalucia.es\/iesblasinfante\/files\/2020\/09\/Premio-Tarjeta-Navide\u00f1o-Matem\u00e1tico-2-16-17-36x25.jpeg 36w, https:\/\/blogsaverroes.juntadeandalucia.es\/iesblasinfante\/files\/2020\/09\/Premio-Tarjeta-Navide\u00f1o-Matem\u00e1tico-2-16-17-48x34.jpeg 48w\" sizes=\"(max-width: 300px) 100vw, 300px\" \/><\/a><\/p>\n"},"caption":{"rendered":""},"alt_text":"","media_type":"image","mime_type":"image\/jpeg","media_details":{"width":2560,"height":1810,"file":"2020\/09\/Premio-Tarjeta-Navide\u00f1o-Matem\u00e1tico-2-16-17-scaled.jpeg","sizes":{"medium":{"file":"Premio-Tarjeta-Navide\u00f1o-Matem\u00e1tico-2-16-17-300x212.jpeg","width":300,"height":212,"mime_type":"image\/jpeg","source_url":"https:\/\/blogsaverroes.juntadeandalucia.es\/iesblasinfante\/files\/2020\/09\/Premio-Tarjeta-Navide\u00f1o-Matem\u00e1tico-2-16-17-300x212.jpeg"},"large":{"file":"Premio-Tarjeta-Navide\u00f1o-Matem\u00e1tico-2-16-17-1024x724.jpeg","width":1024,"height":724,"mime_type":"image\/jpeg","source_url":"https:\/\/blogsaverroes.juntadeandalucia.es\/iesblasinfante\/files\/2020\/09\/Premio-Tarjeta-Navide\u00f1o-Matem\u00e1tico-2-16-17-1024x724.jpeg"},"thumbnail":{"file":"Premio-Tarjeta-Navide\u00f1o-Matem\u00e1tico-2-16-17-150x150.jpeg","width":150,"height":150,"mime_type":"image\/jpeg","source_url":"https:\/\/blogsaverroes.juntadeandalucia.es\/iesblasinfante\/files\/2020\/09\/Premio-Tarjeta-Navide\u00f1o-Matem\u00e1tico-2-16-17-150x150.jpeg"},"medium_large":{"file":"Premio-Tarjeta-Navide\u00f1o-Matem\u00e1tico-2-16-17-768x543.jpeg","width":768,"height":543,"mime_type":"image\/jpeg","source_url":"https:\/\/blogsaverroes.juntadeandalucia.es\/iesblasinfante\/files\/2020\/09\/Premio-Tarjeta-Navide\u00f1o-Matem\u00e1tico-2-16-17-768x543.jpeg"},"portfolio_col_thumb":{"file":"Premio-Tarjeta-Navide\u00f1o-Matem\u00e1tico-2-16-17-100x100.jpeg","width":100,"height":100,"mime_type":"image\/jpeg","source_url":"https:\/\/blogsaverroes.juntadeandalucia.es\/iesblasinfante\/files\/2020\/09\/Premio-Tarjeta-Navide\u00f1o-Matem\u00e1tico-2-16-17-100x100.jpeg"},"1536x1536":{"file":"Premio-Tarjeta-Navide\u00f1o-Matem\u00e1tico-2-16-17-1536x1086.jpeg","width":1536,"height":1086,"mime_type":"image\/jpeg","source_url":"https:\/\/blogsaverroes.juntadeandalucia.es\/iesblasinfante\/files\/2020\/09\/Premio-Tarjeta-Navide\u00f1o-Matem\u00e1tico-2-16-17-1536x1086.jpeg"},"2048x2048":{"file":"Premio-Tarjeta-Navide\u00f1o-Matem\u00e1tico-2-16-17-2048x1448.jpeg","width":2048,"height":1448,"mime_type":"image\/jpeg","source_url":"https:\/\/blogsaverroes.juntadeandalucia.es\/iesblasinfante\/files\/2020\/09\/Premio-Tarjeta-Navide\u00f1o-Matem\u00e1tico-2-16-17-2048x1448.jpeg"},"menu-24x24":{"file":"Premio-Tarjeta-Navide\u00f1o-Matem\u00e1tico-2-16-17-24x17.jpeg","width":24,"height":17,"mime_type":"image\/jpeg","source_url":"https:\/\/blogsaverroes.juntadeandalucia.es\/iesblasinfante\/files\/2020\/09\/Premio-Tarjeta-Navide\u00f1o-Matem\u00e1tico-2-16-17-24x17.jpeg"},"menu-36x36":{"file":"Premio-Tarjeta-Navide\u00f1o-Matem\u00e1tico-2-16-17-36x25.jpeg","width":36,"height":25,"mime_type":"image\/jpeg","source_url":"https:\/\/blogsaverroes.juntadeandalucia.es\/iesblasinfante\/files\/2020\/09\/Premio-Tarjeta-Navide\u00f1o-Matem\u00e1tico-2-16-17-36x25.jpeg"},"menu-48x48":{"file":"Premio-Tarjeta-Navide\u00f1o-Matem\u00e1tico-2-16-17-48x34.jpeg","width":48,"height":34,"mime_type":"image\/jpeg","source_url":"https:\/\/blogsaverroes.juntadeandalucia.es\/iesblasinfante\/files\/2020\/09\/Premio-Tarjeta-Navide\u00f1o-Matem\u00e1tico-2-16-17-48x34.jpeg"},"jetpack-portfolio-admin-thumb":{"file":"Premio-Tarjeta-Navide\u00f1o-Matem\u00e1tico-2-16-17-50x50.jpeg","width":50,"height":50,"mime_type":"image\/jpeg","source_url":"https:\/\/blogsaverroes.juntadeandalucia.es\/iesblasinfante\/files\/2020\/09\/Premio-Tarjeta-Navide\u00f1o-Matem\u00e1tico-2-16-17-50x50.jpeg"},"advps-thumb-one":{"file":"Premio-Tarjeta-Navide\u00f1o-Matem\u00e1tico-2-16-17-600x220.jpeg","width":600,"height":220,"mime_type":"image\/jpeg","source_url":"https:\/\/blogsaverroes.juntadeandalucia.es\/iesblasinfante\/files\/2020\/09\/Premio-Tarjeta-Navide\u00f1o-Matem\u00e1tico-2-16-17-600x220.jpeg"},"full":{"file":"Premio-Tarjeta-Navide\u00f1o-Matem\u00e1tico-2-16-17-scaled.jpeg","width":2560,"height":1810,"mime_type":"image\/jpeg","source_url":"https:\/\/blogsaverroes.juntadeandalucia.es\/iesblasinfante\/files\/2020\/09\/Premio-Tarjeta-Navide\u00f1o-Matem\u00e1tico-2-16-17-scaled.jpeg"}},"image_meta":{"aperture":"0","credit":"","camera":"","caption":"","created_timestamp":"0","copyright":"","focal_length":"0","iso":"0","shutter_speed":"0","title":"","orientation":1,"keywords":[]},"original_image":"Premio-Tarjeta-Navide\u00f1o-Matem\u00e1tico-2-16-17.jpeg"},"post":null,"source_url":"https:\/\/blogsaverroes.juntadeandalucia.es\/iesblasinfante\/files\/2020\/09\/Premio-Tarjeta-Navide\u00f1o-Matem\u00e1tico-2-16-17-scaled.jpeg","_links":{"self":[{"href":"https:\/\/blogsaverroes.juntadeandalucia.es\/iesblasinfante\/wp-json\/wp\/v2\/media\/2559"}],"collection":[{"href":"https:\/\/blogsaverroes.juntadeandalucia.es\/iesblasinfante\/wp-json\/wp\/v2\/media"}],"about":[{"href":"https:\/\/blogsaverroes.juntadeandalucia.es\/iesblasinfante\/wp-json\/wp\/v2\/types\/attachment"}],"author":[{"embeddable":true,"href":"https:\/\/blogsaverroes.juntadeandalucia.es\/iesblasinfante\/wp-json\/wp\/v2\/users\/10359"}],"replies":[{"embeddable":true,"href":"https:\/\/blogsaverroes.juntadeandalucia.es\/iesblasinfante\/wp-json\/wp\/v2\/comments?post=2559"}]}}

https://blogsaverroes.juntadeandalucia.es/iesblasinfante/files/2020/09/Premio-Tarjeta-Navideño-Matemático-2-16-17.jpeg

Premio Tarjeta Navideño Matemático 2 16-17

<p class="attachment"><a href='https://blogsaverroes.juntadeandalucia.es/iesblasinfante/files/2020/09/Premio-Tarjeta-Navideño-Matemático-2-16-17-scaled.jpeg'><img fetchpriority="high" decoding="async" width="300" height="212" src="https://blogsaverroes.juntadeandalucia.es/iesblasinfante/files/2020/09/Premio-Tarjeta-Navideño-Matemático-2-16-17-300x212.jpeg" class="attachment-medium size-medium" alt="" srcset="https://blogsaverroes.juntadeandalucia.es/iesblasinfante/files/2020/09/Premio-Tarjeta-Navideño-Matemático-2-16-17-300x212.jpeg 300w, https://blogsaverroes.juntadeandalucia.es/iesblasinfante/files/2020/09/Premio-Tarjeta-Navideño-Matemático-2-16-17-1024x724.jpeg 1024w, https://blogsaverroes.juntadeandalucia.es/iesblasinfante/files/2020/09/Premio-Tarjeta-Navideño-Matemático-2-16-17-768x543.jpeg 768w, https://blogsaverroes.juntadeandalucia.es/iesblasinfante/files/2020/09/Premio-Tarjeta-Navideño-Matemático-2-16-17-1536x1086.jpeg 1536w, https://blogsaverroes.juntadeandalucia.es/iesblasinfante/files/2020/09/Premio-Tarjeta-Navideño-Matemático-2-16-17-2048x1448.jpeg 2048w, https://blogsaverroes.juntadeandalucia.es/iesblasinfante/files/2020/09/Premio-Tarjeta-Navideño-Matemático-2-16-17-24x17.jpeg 24w, https://blogsaverroes.juntadeandalucia.es/iesblasinfante/files/2020/09/Premio-Tarjeta-Navideño-Matemático-2-16-17-36x25.jpeg 36w, https://blogsaverroes.juntadeandalucia.es/iesblasinfante/files/2020/09/Premio-Tarjeta-Navideño-Matemático-2-16-17-48x34.jpeg 48w" sizes="(max-width: 300px) 100vw, 300px" /></a></p>

2020/09/Premio-Tarjeta-Navideño-Matemático-2-16-17-scaled.jpeg

Premio-Tarjeta-Navideño-Matemático-2-16-17-300x212.jpeg

https://blogsaverroes.juntadeandalucia.es/iesblasinfante/files/2020/09/Premio-Tarjeta-Navideño-Matemático-2-16-17-300x212.jpeg

Premio-Tarjeta-Navideño-Matemático-2-16-17-1024x724.jpeg

https://blogsaverroes.juntadeandalucia.es/iesblasinfante/files/2020/09/Premio-Tarjeta-Navideño-Matemático-2-16-17-1024x724.jpeg

Premio-Tarjeta-Navideño-Matemático-2-16-17-150x150.jpeg

https://blogsaverroes.juntadeandalucia.es/iesblasinfante/files/2020/09/Premio-Tarjeta-Navideño-Matemático-2-16-17-150x150.jpeg

Premio-Tarjeta-Navideño-Matemático-2-16-17-768x543.jpeg

https://blogsaverroes.juntadeandalucia.es/iesblasinfante/files/2020/09/Premio-Tarjeta-Navideño-Matemático-2-16-17-768x543.jpeg

Premio-Tarjeta-Navideño-Matemático-2-16-17-100x100.jpeg

https://blogsaverroes.juntadeandalucia.es/iesblasinfante/files/2020/09/Premio-Tarjeta-Navideño-Matemático-2-16-17-100x100.jpeg

Premio-Tarjeta-Navideño-Matemático-2-16-17-1536x1086.jpeg

https://blogsaverroes.juntadeandalucia.es/iesblasinfante/files/2020/09/Premio-Tarjeta-Navideño-Matemático-2-16-17-1536x1086.jpeg

Premio-Tarjeta-Navideño-Matemático-2-16-17-2048x1448.jpeg

https://blogsaverroes.juntadeandalucia.es/iesblasinfante/files/2020/09/Premio-Tarjeta-Navideño-Matemático-2-16-17-2048x1448.jpeg

Premio-Tarjeta-Navideño-Matemático-2-16-17-24x17.jpeg

https://blogsaverroes.juntadeandalucia.es/iesblasinfante/files/2020/09/Premio-Tarjeta-Navideño-Matemático-2-16-17-24x17.jpeg

Premio-Tarjeta-Navideño-Matemático-2-16-17-36x25.jpeg

https://blogsaverroes.juntadeandalucia.es/iesblasinfante/files/2020/09/Premio-Tarjeta-Navideño-Matemático-2-16-17-36x25.jpeg

Premio-Tarjeta-Navideño-Matemático-2-16-17-48x34.jpeg

https://blogsaverroes.juntadeandalucia.es/iesblasinfante/files/2020/09/Premio-Tarjeta-Navideño-Matemático-2-16-17-48x34.jpeg

Premio-Tarjeta-Navideño-Matemático-2-16-17-50x50.jpeg

https://blogsaverroes.juntadeandalucia.es/iesblasinfante/files/2020/09/Premio-Tarjeta-Navideño-Matemático-2-16-17-50x50.jpeg

Premio-Tarjeta-Navideño-Matemático-2-16-17-600x220.jpeg

https://blogsaverroes.juntadeandalucia.es/iesblasinfante/files/2020/09/Premio-Tarjeta-Navideño-Matemático-2-16-17-600x220.jpeg

Premio-Tarjeta-Navideño-Matemático-2-16-17-scaled.jpeg

https://blogsaverroes.juntadeandalucia.es/iesblasinfante/files/2020/09/Premio-Tarjeta-Navideño-Matemático-2-16-17-scaled.jpeg

Premio-Tarjeta-Navideño-Matemático-2-16-17.jpeg
