{"id":214,"date":"2020-09-04T14:06:59","date_gmt":"2020-09-04T12:06:59","guid":{"rendered":"https:\/\/blogsaverroes.juntadeandalucia.es\/iesblasinfante\/?page_id=214"},"modified":"2020-10-29T12:23:11","modified_gmt":"2020-10-29T11:23:11","slug":"actividades","status":"publish","type":"page","link":"https:\/\/blogsaverroes.juntadeandalucia.es\/iesblasinfante\/actividades\/","title":{"rendered":"Actividades"},"content":{"rendered":"<p>En este apartado se presenta la programaci\u00f3n del DACE del presente&nbsp;<strong>curso 2020-2021<\/strong>&nbsp;as\u00ed como documentaci\u00f3n relevante para la organizaci\u00f3n de actividades, tanto para el profesorado como para el alumnado.<\/p>\n<h2>AUTORIZACIONES<\/h2>\n<p>Los archivos est\u00e1n duplicados porque est\u00e1n en dos formatos, PDF (para visibilizarse desde cualquier dispositivo) y DOC (para poder ser modificado).<\/p>\n<ul>\n<li><a href=\"https:\/\/blogsaverroes.juntadeandalucia.es\/iesblasinfante\/files\/2020\/09\/AUTORIZACI\u00d3N-ACTIVIDAD-COMPLEMENTARIA.doc\">AUTORIZACI\u00d3N ACTIVIDAD COMPLEMENTARIA DOC<\/a><\/li>\n<li><a href=\"https:\/\/blogsaverroes.juntadeandalucia.es\/iesblasinfante\/files\/2020\/09\/AUTORIZACI\u00d3N-ACTIVIDAD-COMPLEMENTARIA.pdf\">AUTORIZACI\u00d3N ACTIVIDAD COMPLEMENTARIA PDF<\/a><\/li>\n<li><a href=\"https:\/\/blogsaverroes.juntadeandalucia.es\/iesblasinfante\/files\/2020\/09\/AUTORIZACI\u00d3N-ACTIVIDAD-EXTRAESCOLAR-Coste.doc\">AUTORIZACI\u00d3N ACTIVIDAD EXTRAESCOLAR- Coste DOC<\/a><\/li>\n<li><a href=\"https:\/\/blogsaverroes.juntadeandalucia.es\/iesblasinfante\/files\/2020\/09\/AUTORIZACI\u00d3N-ACTIVIDAD-EXTRAESCOLAR-Coste.pdf\">AUTORIZACI\u00d3N ACTIVIDAD EXTRAESCOLAR- Coste PDF<\/a><\/li>\n<li><a href=\"https:\/\/blogsaverroes.juntadeandalucia.es\/iesblasinfante\/files\/2020\/09\/AUTORIZACI\u00d3N-ACTIVIDAD-complementaria-localidad-y-foto-web.doc\">AUTORIZACI\u00d3N ACTIVIDAD complementaria localidad y foto web DOC<\/a><\/li>\n<li><a href=\"https:\/\/blogsaverroes.juntadeandalucia.es\/iesblasinfante\/files\/2020\/09\/AUTORIZACI\u00d3N-ACTIVIDAD-complementaria-localidad-y-foto-web.pdf\">AUTORIZACI\u00d3N ACTIVIDAD complementaria localidad y foto web PDF<\/a><\/li>\n<li><a href=\"https:\/\/blogsaverroes.juntadeandalucia.es\/iesblasinfante\/files\/2020\/09\/AUTORIZACI\u00d3N-ACTIVIDAD-COMPLEMENTARIA-Coste.doc\">AUTORIZACI\u00d3N ACTIVIDAD COMPLEMENTARIA- Coste DOC<\/a><\/li>\n<li><a href=\"https:\/\/blogsaverroes.juntadeandalucia.es\/iesblasinfante\/files\/2020\/09\/AUTORIZACI\u00d3N-ACTIVIDAD-COMPLEMENTARIA-Coste.pdf\">AUTORIZACI\u00d3N ACTIVIDAD COMPLEMENTARIA- Coste PDF<\/a><\/li>\n<\/ul>\n<h2>FICHA ORGANIZATIVA DE ACTIVIDAD PARA EL PROFESORADO<strong><br \/>\n<\/strong><\/h2>\n<p>El archivo est\u00e1 duplicado porque est\u00e1 en dos formatos, PDF (para visibilizarse desde cualquier dispositivo) y DOC (para poder ser modificado).<\/p>\n<ul>\n<li><a href=\"https:\/\/blogsaverroes.juntadeandalucia.es\/iesblasinfante\/files\/2020\/09\/Ficha-por-Actividad.pdf\">Ficha-por-Actividad PDF<\/a><\/li>\n<li><a href=\"https:\/\/blogsaverroes.juntadeandalucia.es\/iesblasinfante\/files\/2020\/09\/Ficha-por-Actividad.doc\">Ficha-por-Actividad DOC<\/a><\/li>\n<\/ul>\n<h2>PROGRAMACI\u00d3N<\/h2>\n<p><a href=\"https:\/\/blogsaverroes.juntadeandalucia.es\/iesblasinfante\/files\/2020\/10\/PROGRAMACI\u00d3N-DACE-2020-2021.pdf\" target=\"_blank\" rel=\"noopener noreferrer\"><strong>Pincha aqu\u00ed<\/strong> para ver la PROGRAMACI\u00d3N DACE 2020-2021<\/a><\/p>\n","protected":false},"excerpt":{"rendered":"<p>En este apartado se presenta la programaci\u00f3n del DACE del presente&nbsp;curso 2020-2021&nbsp;as\u00ed como documentaci\u00f3n relevante para la organizaci\u00f3n de actividades, tanto para el profesorado como&hellip;<\/p>\n","protected":false},"author":10359,"featured_media":0,"parent":0,"menu_order":0,"comment_status":"closed","ping_status":"closed","template":"","meta":{"ngg_post_thumbnail":0,"footnotes":""},"aioseo_notices":[],"_links":{"self":[{"href":"https:\/\/blogsaverroes.juntadeandalucia.es\/iesblasinfante\/wp-json\/wp\/v2\/pages\/214"}],"collection":[{"href":"https:\/\/blogsaverroes.juntadeandalucia.es\/iesblasinfante\/wp-json\/wp\/v2\/pages"}],"about":[{"href":"https:\/\/blogsaverroes.juntadeandalucia.es\/iesblasinfante\/wp-json\/wp\/v2\/types\/page"}],"author":[{"embeddable":true,"href":"https:\/\/blogsaverroes.juntadeandalucia.es\/iesblasinfante\/wp-json\/wp\/v2\/users\/10359"}],"replies":[{"embeddable":true,"href":"https:\/\/blogsaverroes.juntadeandalucia.es\/iesblasinfante\/wp-json\/wp\/v2\/comments?post=214"}],"version-history":[{"count":13,"href":"https:\/\/blogsaverroes.juntadeandalucia.es\/iesblasinfante\/wp-json\/wp\/v2\/pages\/214\/revisions"}],"predecessor-version":[{"id":2815,"href":"https:\/\/blogsaverroes.juntadeandalucia.es\/iesblasinfante\/wp-json\/wp\/v2\/pages\/214\/revisions\/2815"}],"wp:attachment":[{"href":"https:\/\/blogsaverroes.juntadeandalucia.es\/iesblasinfante\/wp-json\/wp\/v2\/media?parent=214"}],"curies":[{"name":"wp","href":"https:\/\/api.w.org\/{rel}","templated":true}]}}