{"id":218,"date":"2020-09-04T14:07:40","date_gmt":"2020-09-04T12:07:40","guid":{"rendered":"https:\/\/blogsaverroes.juntadeandalucia.es\/iesblasinfante\/?page_id=218"},"modified":"2020-09-27T11:05:44","modified_gmt":"2020-09-27T09:05:44","slug":"actividades-2019-2020","status":"publish","type":"page","link":"https:\/\/blogsaverroes.juntadeandalucia.es\/iesblasinfante\/actividades\/actividades-2019-2020\/","title":{"rendered":"Actividades 2019-2020"},"content":{"rendered":"<h1>Educaci\u00f3n F\u00edsica y el Museo del Prado<\/h1>\nngg_shortcode_0_placeholder\n<h1>Concurso de Fotograf\u00eda Matem\u00e1tica<\/h1>\n<p><a href=\"https:\/\/blogsaverroes.juntadeandalucia.es\/iesblasinfante\/files\/2020\/09\/Acta-de-premios.pdf\" target=\"_blank\" rel=\"noopener noreferrer\"><strong>Pincha aqu\u00ed<\/strong> para ver los premiados<\/a><\/p>\n<p><a href=\"https:\/\/blogsaverroes.juntadeandalucia.es\/iesblasinfante\/files\/2020\/09\/Fotos-curso-2019-2020.pdf\" target=\"_blank\" rel=\"noopener noreferrer\"><strong>Pincha aqu\u00ed<\/strong> para ver los trabajos de los participantes<\/a><\/p>\n<h1>Excursi\u00f3n a Sevilla<img decoding=\"async\" title=\"gallery columns=\" src=\"http:\/\/iesblasinfante.com\/wp-includes\/js\/tinymce\/plugins\/wpgallery\/img\/t.gif\" alt=\"\"><\/h1>\nngg_shortcode_1_placeholder\n<h1>D\u00eda de Andaluc\u00eda<\/h1>\n<h2>Celebraci\u00f3n del D\u00eda de Andaluc\u00eda<\/h2>\n<p>Como cada a\u00f1o la celebraci\u00f3n del D\u00eda de la comunidad aut\u00f3noma es un d\u00eda especial repleto de talleres, entregas de premios, comilonas y actuaciones con la participaci\u00f3n de toda la comunidad educativa. Este a\u00f1o contamos con la especial participaci\u00f3n del pregonero del Carnaval de San Fernando 2020&nbsp;Manuel Jes\u00fas Morera Rioja y Jos\u00e9 Carlos Men\u00ed Quintero.<\/p>\n<p><iframe title=\"Chirigota Los flojo de PMAR IES Blas Infante D\u00eda Andaluc\u00eda 2020\" width=\"843\" height=\"474\" src=\"https:\/\/www.youtube.com\/embed\/Aos4CmKgK7w?feature=oembed\" frameborder=\"0\" allow=\"accelerometer; autoplay; clipboard-write; encrypted-media; gyroscope; picture-in-picture\" allowfullscreen><\/iframe><\/p>\nngg_shortcode_2_placeholder\n<h2>Maqueta realizada por el Aula espec\u00edfica.<\/h2>\nngg_shortcode_3_placeholder\n<h1>Ayuntamiento promociona el Consejo local infantil y juvenil<img decoding=\"async\" title=\"gallery ids=\" src=\"http:\/\/iesblasinfante.com\/wp-includes\/js\/tinymce\/plugins\/wpgallery\/img\/t.gif\" alt=\"\"><\/h1>\nngg_shortcode_4_placeholder\n<h1>Visita 4\u00ba ESO al IES Santi Petri<\/h1>\nngg_shortcode_5_placeholder\n<h1>Visita 4\u00ba ESO al ROA<\/h1>\nngg_shortcode_6_placeholder\n<h1>D\u00eda de la Paz.<\/h1>\n<p><iframe title=\"D\u00eda de la Paz 2019 2020\" width=\"843\" height=\"474\" src=\"https:\/\/www.youtube.com\/embed\/mugITm5BeTQ?feature=oembed\" frameborder=\"0\" allow=\"accelerometer; autoplay; clipboard-write; encrypted-media; gyroscope; picture-in-picture\" allowfullscreen><\/iframe><\/p>\n<h1>Solsticio de invierno.<\/h1>\n<p>Celebraci\u00f3n en el IES con:<\/p>\n<ul>\n<li>Concierto navide\u00f1o.<\/li>\n<li>Chocolate con churros.<\/li>\n<li>Gymkhana.<\/li>\n<li>Aperitivo compartido.<\/li>\n<\/ul>\n<p>Agradecimiento especial a:<\/p>\n<ul>\n<li style=\"list-style-type: none\">\n<ul>\n<li>Antiguos alumnos-as<\/li>\n<li>AMPA<\/li>\n<\/ul>\n<\/li>\n<\/ul>\n<p><iframe title=\"Concierto Navidad IES Blas Infante 2019 2020\" width=\"843\" height=\"474\" src=\"https:\/\/www.youtube.com\/embed\/uYEiqL7OBKU?feature=oembed\" frameborder=\"0\" allow=\"accelerometer; autoplay; clipboard-write; encrypted-media; gyroscope; picture-in-picture\" allowfullscreen><\/iframe><\/p>\n<p><img decoding=\"async\" title=\"gallery columns=\" src=\"http:\/\/iesblasinfante.com\/wp-includes\/js\/tinymce\/plugins\/wpgallery\/img\/t.gif\" alt=\"\"><\/p>\n<p>ngg_shortcode_7_placeholderTambi\u00e9n tuvimos la inesperada visita de&#8230;<\/p>\n<p style=\"text-align: center\"><img fetchpriority=\"high\" decoding=\"async\" class=\"alignnone size-full wp-image-2511\" src=\"https:\/\/blogsaverroes.juntadeandalucia.es\/iesblasinfante\/files\/2020\/09\/IMG-20191220-WA0000.jpg\" alt=\"\" width=\"225\" height=\"225\" srcset=\"https:\/\/blogsaverroes.juntadeandalucia.es\/iesblasinfante\/files\/2020\/09\/IMG-20191220-WA0000.jpg 225w, https:\/\/blogsaverroes.juntadeandalucia.es\/iesblasinfante\/files\/2020\/09\/IMG-20191220-WA0000-150x150.jpg 150w, https:\/\/blogsaverroes.juntadeandalucia.es\/iesblasinfante\/files\/2020\/09\/IMG-20191220-WA0000-100x100.jpg 100w, https:\/\/blogsaverroes.juntadeandalucia.es\/iesblasinfante\/files\/2020\/09\/IMG-20191220-WA0000-24x24.jpg 24w, https:\/\/blogsaverroes.juntadeandalucia.es\/iesblasinfante\/files\/2020\/09\/IMG-20191220-WA0000-36x36.jpg 36w, https:\/\/blogsaverroes.juntadeandalucia.es\/iesblasinfante\/files\/2020\/09\/IMG-20191220-WA0000-48x48.jpg 48w, https:\/\/blogsaverroes.juntadeandalucia.es\/iesblasinfante\/files\/2020\/09\/IMG-20191220-WA0000-50x50.jpg 50w\" sizes=\"(max-width: 225px) 100vw, 225px\" \/>&nbsp; &nbsp; &nbsp; &nbsp; &nbsp; &nbsp; &nbsp; &nbsp; &nbsp; &nbsp; &nbsp; &nbsp; &nbsp; &nbsp;<img decoding=\"async\" class=\"alignnone size-medium wp-image-2510\" src=\"https:\/\/blogsaverroes.juntadeandalucia.es\/iesblasinfante\/files\/2020\/09\/IMG-20200114-WA0001-300x225.jpg\" alt=\"\" width=\"300\" height=\"225\" srcset=\"https:\/\/blogsaverroes.juntadeandalucia.es\/iesblasinfante\/files\/2020\/09\/IMG-20200114-WA0001-300x225.jpg 300w, https:\/\/blogsaverroes.juntadeandalucia.es\/iesblasinfante\/files\/2020\/09\/IMG-20200114-WA0001-1024x768.jpg 1024w, https:\/\/blogsaverroes.juntadeandalucia.es\/iesblasinfante\/files\/2020\/09\/IMG-20200114-WA0001-768x576.jpg 768w, https:\/\/blogsaverroes.juntadeandalucia.es\/iesblasinfante\/files\/2020\/09\/IMG-20200114-WA0001-1536x1152.jpg 1536w, https:\/\/blogsaverroes.juntadeandalucia.es\/iesblasinfante\/files\/2020\/09\/IMG-20200114-WA0001-24x18.jpg 24w, https:\/\/blogsaverroes.juntadeandalucia.es\/iesblasinfante\/files\/2020\/09\/IMG-20200114-WA0001-36x27.jpg 36w, https:\/\/blogsaverroes.juntadeandalucia.es\/iesblasinfante\/files\/2020\/09\/IMG-20200114-WA0001-48x36.jpg 48w, https:\/\/blogsaverroes.juntadeandalucia.es\/iesblasinfante\/files\/2020\/09\/IMG-20200114-WA0001.jpg 2000w\" sizes=\"(max-width: 300px) 100vw, 300px\" \/><\/p>\n<h1>Tarjeta de felicitaci\u00f3n matem\u00e1tica.<\/h1>\n<p><a href=\"https:\/\/blogsaverroes.juntadeandalucia.es\/iesblasinfante\/files\/2020\/09\/Acta-de-premios-1.pdf\" target=\"_blank\" rel=\"noopener noreferrer\"><strong>Pincha aqu\u00ed<\/strong> para ver los premiados<\/a><\/p>\n<h1>25N. Contra la violencia de g\u00e9nero<\/h1>\n<p><iframe title=\"25N 2019\" width=\"843\" height=\"474\" src=\"https:\/\/www.youtube.com\/embed\/G-2NiSfjZb0?feature=oembed\" frameborder=\"0\" allow=\"accelerometer; autoplay; clipboard-write; encrypted-media; gyroscope; picture-in-picture\" allowfullscreen><\/iframe><\/p>\n<p><img decoding=\"async\" title=\"gallery ids=\" src=\"http:\/\/iesblasinfante.com\/wp-includes\/js\/tinymce\/plugins\/wpgallery\/img\/t.gif\" alt=\"\"><\/p>\nngg_shortcode_8_placeholder\n<h1>16 de Noviembre. D\u00eda del Flamenco.<\/h1>\n<p><iframe title=\"D\u00eda del Flamenco 16N 2019\" width=\"843\" height=\"474\" src=\"https:\/\/www.youtube.com\/embed\/JSfXTJ-4yFY?feature=oembed\" frameborder=\"0\" allow=\"accelerometer; autoplay; clipboard-write; encrypted-media; gyroscope; picture-in-picture\" allowfullscreen><\/iframe><\/p>\n<p><img decoding=\"async\" title=\"gallery ids=\" src=\"http:\/\/iesblasinfante.com\/wp-includes\/js\/tinymce\/plugins\/wpgallery\/img\/t.gif\" alt=\"\"><\/p>\nngg_shortcode_9_placeholder\n<h1>Halloween \u201cMe muero de miedo en la Biblioteca\u201d<\/h1>\nngg_shortcode_10_placeholder\n","protected":false},"excerpt":{"rendered":"<p>Educaci\u00f3n F\u00edsica y el Museo del Prado Concurso de Fotograf\u00eda Matem\u00e1tica Pincha aqu\u00ed para ver los premiados Pincha aqu\u00ed para ver los trabajos de los&hellip;<\/p>\n","protected":false},"author":10359,"featured_media":0,"parent":214,"menu_order":0,"comment_status":"closed","ping_status":"closed","template":"","meta":{"ngg_post_thumbnail":0,"footnotes":""},"aioseo_notices":[],"_links":{"self":[{"href":"https:\/\/blogsaverroes.juntadeandalucia.es\/iesblasinfante\/wp-json\/wp\/v2\/pages\/218"}],"collection":[{"href":"https:\/\/blogsaverroes.juntadeandalucia.es\/iesblasinfante\/wp-json\/wp\/v2\/pages"}],"about":[{"href":"https:\/\/blogsaverroes.juntadeandalucia.es\/iesblasinfante\/wp-json\/wp\/v2\/types\/page"}],"author":[{"embeddable":true,"href":"https:\/\/blogsaverroes.juntadeandalucia.es\/iesblasinfante\/wp-json\/wp\/v2\/users\/10359"}],"replies":[{"embeddable":true,"href":"https:\/\/blogsaverroes.juntadeandalucia.es\/iesblasinfante\/wp-json\/wp\/v2\/comments?post=218"}],"version-history":[{"count":24,"href":"https:\/\/blogsaverroes.juntadeandalucia.es\/iesblasinfante\/wp-json\/wp\/v2\/pages\/218\/revisions"}],"predecessor-version":[{"id":2512,"href":"https:\/\/blogsaverroes.juntadeandalucia.es\/iesblasinfante\/wp-json\/wp\/v2\/pages\/218\/revisions\/2512"}],"up":[{"embeddable":true,"href":"https:\/\/blogsaverroes.juntadeandalucia.es\/iesblasinfante\/wp-json\/wp\/v2\/pages\/214"}],"wp:attachment":[{"href":"https:\/\/blogsaverroes.juntadeandalucia.es\/iesblasinfante\/wp-json\/wp\/v2\/media?parent=218"}],"curies":[{"name":"wp","href":"https:\/\/api.w.org\/{rel}","templated":true}]}}

<h1>Educación Física y el Museo del Prado</h1>
ngg_shortcode_0_placeholder
<h1>Concurso de Fotografía Matemática</h1>
<p><a href="https://blogsaverroes.juntadeandalucia.es/iesblasinfante/files/2020/09/Acta-de-premios.pdf" target="_blank" rel="noopener noreferrer"><strong>Pincha aquí</strong> para ver los premiados</a></p>
<p><a href="https://blogsaverroes.juntadeandalucia.es/iesblasinfante/files/2020/09/Fotos-curso-2019-2020.pdf" target="_blank" rel="noopener noreferrer"><strong>Pincha aquí</strong> para ver los trabajos de los participantes</a></p>
<h1>Excursión a Sevilla<img decoding="async" title="gallery columns=" src="http://iesblasinfante.com/wp-includes/js/tinymce/plugins/wpgallery/img/t.gif" alt=""></h1>
ngg_shortcode_1_placeholder
<h1>Día de Andalucía</h1>
<h2>Celebración del Día de Andalucía</h2>
<p>Como cada año la celebración del Día de la comunidad autónoma es un día especial repleto de talleres, entregas de premios, comilonas y actuaciones con la participación de toda la comunidad educativa. Este año contamos con la especial participación del pregonero del Carnaval de San Fernando 2020&nbsp;Manuel Jesús Morera Rioja y José Carlos Mení Quintero.</p>
<p><iframe title="Chirigota Los flojo de PMAR IES Blas Infante Día Andalucía 2020" width="843" height="474" src="https://www.youtube.com/embed/Aos4CmKgK7w?feature=oembed" frameborder="0" allow="accelerometer; autoplay; clipboard-write; encrypted-media; gyroscope; picture-in-picture" allowfullscreen></iframe></p>
ngg_shortcode_2_placeholder
<h2>Maqueta realizada por el Aula específica.</h2>
ngg_shortcode_3_placeholder
<h1>Ayuntamiento promociona el Consejo local infantil y juvenil<img decoding="async" title="gallery ids=" src="http://iesblasinfante.com/wp-includes/js/tinymce/plugins/wpgallery/img/t.gif" alt=""></h1>
ngg_shortcode_4_placeholder
<h1>Visita 4º ESO al IES Santi Petri</h1>
ngg_shortcode_5_placeholder
<h1>Visita 4º ESO al ROA</h1>
ngg_shortcode_6_placeholder
<h1>Día de la Paz.</h1>
<p><iframe title="Día de la Paz 2019 2020" width="843" height="474" src="https://www.youtube.com/embed/mugITm5BeTQ?feature=oembed" frameborder="0" allow="accelerometer; autoplay; clipboard-write; encrypted-media; gyroscope; picture-in-picture" allowfullscreen></iframe></p>
<h1>Solsticio de invierno.</h1>
<p>Celebración en el IES con:</p>
<ul>
<li>Concierto navideño.</li>
<li>Chocolate con churros.</li>
<li>Gymkhana.</li>
<li>Aperitivo compartido.</li>
</ul>
<p>Agradecimiento especial a:</p>
<ul>
<li style="list-style-type: none">
<ul>
<li>Antiguos alumnos-as</li>
<li>AMPA</li>
</ul>
</li>
</ul>
<p><iframe title="Concierto Navidad IES Blas Infante 2019 2020" width="843" height="474" src="https://www.youtube.com/embed/uYEiqL7OBKU?feature=oembed" frameborder="0" allow="accelerometer; autoplay; clipboard-write; encrypted-media; gyroscope; picture-in-picture" allowfullscreen></iframe></p>
<p><img decoding="async" title="gallery columns=" src="http://iesblasinfante.com/wp-includes/js/tinymce/plugins/wpgallery/img/t.gif" alt=""></p>
<p>ngg_shortcode_7_placeholderTambién tuvimos la inesperada visita de&#8230;</p>
<p style="text-align: center"><img fetchpriority="high" decoding="async" class="alignnone size-full wp-image-2511" src="https://blogsaverroes.juntadeandalucia.es/iesblasinfante/files/2020/09/IMG-20191220-WA0000.jpg" alt="" width="225" height="225" srcset="https://blogsaverroes.juntadeandalucia.es/iesblasinfante/files/2020/09/IMG-20191220-WA0000.jpg 225w, https://blogsaverroes.juntadeandalucia.es/iesblasinfante/files/2020/09/IMG-20191220-WA0000-150x150.jpg 150w, https://blogsaverroes.juntadeandalucia.es/iesblasinfante/files/2020/09/IMG-20191220-WA0000-100x100.jpg 100w, https://blogsaverroes.juntadeandalucia.es/iesblasinfante/files/2020/09/IMG-20191220-WA0000-24x24.jpg 24w, https://blogsaverroes.juntadeandalucia.es/iesblasinfante/files/2020/09/IMG-20191220-WA0000-36x36.jpg 36w, https://blogsaverroes.juntadeandalucia.es/iesblasinfante/files/2020/09/IMG-20191220-WA0000-48x48.jpg 48w, https://blogsaverroes.juntadeandalucia.es/iesblasinfante/files/2020/09/IMG-20191220-WA0000-50x50.jpg 50w" sizes="(max-width: 225px) 100vw, 225px" />&nbsp; &nbsp; &nbsp; &nbsp; &nbsp; &nbsp; &nbsp; &nbsp; &nbsp; &nbsp; &nbsp; &nbsp; &nbsp; &nbsp;<img decoding="async" class="alignnone size-medium wp-image-2510" src="https://blogsaverroes.juntadeandalucia.es/iesblasinfante/files/2020/09/IMG-20200114-WA0001-300x225.jpg" alt="" width="300" height="225" srcset="https://blogsaverroes.juntadeandalucia.es/iesblasinfante/files/2020/09/IMG-20200114-WA0001-300x225.jpg 300w, https://blogsaverroes.juntadeandalucia.es/iesblasinfante/files/2020/09/IMG-20200114-WA0001-1024x768.jpg 1024w, https://blogsaverroes.juntadeandalucia.es/iesblasinfante/files/2020/09/IMG-20200114-WA0001-768x576.jpg 768w, https://blogsaverroes.juntadeandalucia.es/iesblasinfante/files/2020/09/IMG-20200114-WA0001-1536x1152.jpg 1536w, https://blogsaverroes.juntadeandalucia.es/iesblasinfante/files/2020/09/IMG-20200114-WA0001-24x18.jpg 24w, https://blogsaverroes.juntadeandalucia.es/iesblasinfante/files/2020/09/IMG-20200114-WA0001-36x27.jpg 36w, https://blogsaverroes.juntadeandalucia.es/iesblasinfante/files/2020/09/IMG-20200114-WA0001-48x36.jpg 48w, https://blogsaverroes.juntadeandalucia.es/iesblasinfante/files/2020/09/IMG-20200114-WA0001.jpg 2000w" sizes="(max-width: 300px) 100vw, 300px" /></p>
<h1>Tarjeta de felicitación matemática.</h1>
<p><a href="https://blogsaverroes.juntadeandalucia.es/iesblasinfante/files/2020/09/Acta-de-premios-1.pdf" target="_blank" rel="noopener noreferrer"><strong>Pincha aquí</strong> para ver los premiados</a></p>
<h1>25N. Contra la violencia de género</h1>
<p><iframe title="25N 2019" width="843" height="474" src="https://www.youtube.com/embed/G-2NiSfjZb0?feature=oembed" frameborder="0" allow="accelerometer; autoplay; clipboard-write; encrypted-media; gyroscope; picture-in-picture" allowfullscreen></iframe></p>
<p><img decoding="async" title="gallery ids=" src="http://iesblasinfante.com/wp-includes/js/tinymce/plugins/wpgallery/img/t.gif" alt=""></p>
ngg_shortcode_8_placeholder
<h1>16 de Noviembre. Día del Flamenco.</h1>
<p><iframe title="Día del Flamenco 16N 2019" width="843" height="474" src="https://www.youtube.com/embed/JSfXTJ-4yFY?feature=oembed" frameborder="0" allow="accelerometer; autoplay; clipboard-write; encrypted-media; gyroscope; picture-in-picture" allowfullscreen></iframe></p>
<p><img decoding="async" title="gallery ids=" src="http://iesblasinfante.com/wp-includes/js/tinymce/plugins/wpgallery/img/t.gif" alt=""></p>
ngg_shortcode_9_placeholder
<h1>Halloween “Me muero de miedo en la Biblioteca”</h1>
ngg_shortcode_10_placeholder

<p>Educación Física y el Museo del Prado Concurso de Fotografía Matemática Pincha aquí para ver los premiados Pincha aquí para ver los trabajos de los&hellip;</p>
