{"id":2277,"date":"2020-09-25T21:39:25","date_gmt":"2020-09-25T19:39:25","guid":{"rendered":"https:\/\/blogsaverroes.juntadeandalucia.es\/iesblasinfante\/?page_id=2277"},"modified":"2020-09-27T10:11:03","modified_gmt":"2020-09-27T08:11:03","slug":"actividades-2012-2013","status":"publish","type":"page","link":"https:\/\/blogsaverroes.juntadeandalucia.es\/iesblasinfante\/actividades\/actividades-2012-2013\/","title":{"rendered":"Actividades 2012-2013"},"content":{"rendered":"<h1>GRADUACI\u00d3N 4\u00ba ESO<\/h1>\n<p>El pasado viernes 21 de junio celebramos en el Sal\u00f3n de Actos del IES el acto de graduaci\u00f3n del alumnado de 4\u00ba ESO, a continuaci\u00f3n se muestran un par de fotos.<\/p>\n<p style=\"text-align: center\"><img fetchpriority=\"high\" decoding=\"async\" class=\"alignnone size-medium wp-image-2391\" src=\"https:\/\/blogsaverroes.juntadeandalucia.es\/iesblasinfante\/files\/2020\/09\/IMG_3269-300x200.jpg\" alt=\"\" width=\"300\" height=\"200\" srcset=\"https:\/\/blogsaverroes.juntadeandalucia.es\/iesblasinfante\/files\/2020\/09\/IMG_3269-300x200.jpg 300w, https:\/\/blogsaverroes.juntadeandalucia.es\/iesblasinfante\/files\/2020\/09\/IMG_3269-768x512.jpg 768w, https:\/\/blogsaverroes.juntadeandalucia.es\/iesblasinfante\/files\/2020\/09\/IMG_3269-24x16.jpg 24w, https:\/\/blogsaverroes.juntadeandalucia.es\/iesblasinfante\/files\/2020\/09\/IMG_3269-36x24.jpg 36w, https:\/\/blogsaverroes.juntadeandalucia.es\/iesblasinfante\/files\/2020\/09\/IMG_3269-48x32.jpg 48w, https:\/\/blogsaverroes.juntadeandalucia.es\/iesblasinfante\/files\/2020\/09\/IMG_3269.jpg 1024w\" sizes=\"(max-width: 300px) 100vw, 300px\" \/> <img decoding=\"async\" class=\"alignnone size-medium wp-image-2390\" src=\"https:\/\/blogsaverroes.juntadeandalucia.es\/iesblasinfante\/files\/2020\/09\/IMG_3312-300x200.jpg\" alt=\"\" width=\"300\" height=\"200\" srcset=\"https:\/\/blogsaverroes.juntadeandalucia.es\/iesblasinfante\/files\/2020\/09\/IMG_3312-300x200.jpg 300w, https:\/\/blogsaverroes.juntadeandalucia.es\/iesblasinfante\/files\/2020\/09\/IMG_3312-768x512.jpg 768w, https:\/\/blogsaverroes.juntadeandalucia.es\/iesblasinfante\/files\/2020\/09\/IMG_3312-24x16.jpg 24w, https:\/\/blogsaverroes.juntadeandalucia.es\/iesblasinfante\/files\/2020\/09\/IMG_3312-36x24.jpg 36w, https:\/\/blogsaverroes.juntadeandalucia.es\/iesblasinfante\/files\/2020\/09\/IMG_3312-48x32.jpg 48w, https:\/\/blogsaverroes.juntadeandalucia.es\/iesblasinfante\/files\/2020\/09\/IMG_3312.jpg 1024w\" sizes=\"(max-width: 300px) 100vw, 300px\" \/><\/p>\n<h1>Participaci\u00f3n del AE en el concurso de Foto Matem\u00e1tica<\/h1>\n<p><a href=\"https:\/\/blogsaverroes.juntadeandalucia.es\/iesblasinfante\/files\/2020\/09\/Aula-Espec\u00edfica-CONCURSO-MATEM\u00c1TICAS.pdf\" target=\"_blank\" rel=\"noopener noreferrer\">Para ver el gran trabajo realizado por los compa\u00f1eros-as del aula espec\u00edfica, <strong>pincha aqu\u00ed.<\/strong><\/a><\/p>\n<h1>Visita al ROA alumnado 4\u00ba ESO<\/h1>\n<p style=\"text-align: center\"><img decoding=\"async\" class=\"alignnone size-medium wp-image-2394\" src=\"https:\/\/blogsaverroes.juntadeandalucia.es\/iesblasinfante\/files\/2020\/09\/IMAG0416-300x200.jpg\" alt=\"\" width=\"300\" height=\"200\" srcset=\"https:\/\/blogsaverroes.juntadeandalucia.es\/iesblasinfante\/files\/2020\/09\/IMAG0416-300x200.jpg 300w, https:\/\/blogsaverroes.juntadeandalucia.es\/iesblasinfante\/files\/2020\/09\/IMAG0416-768x512.jpg 768w, https:\/\/blogsaverroes.juntadeandalucia.es\/iesblasinfante\/files\/2020\/09\/IMAG0416-24x16.jpg 24w, https:\/\/blogsaverroes.juntadeandalucia.es\/iesblasinfante\/files\/2020\/09\/IMAG0416-36x24.jpg 36w, https:\/\/blogsaverroes.juntadeandalucia.es\/iesblasinfante\/files\/2020\/09\/IMAG0416-48x32.jpg 48w, https:\/\/blogsaverroes.juntadeandalucia.es\/iesblasinfante\/files\/2020\/09\/IMAG0416.jpg 1024w\" sizes=\"(max-width: 300px) 100vw, 300px\" \/> <img loading=\"lazy\" decoding=\"async\" class=\"alignnone size-medium wp-image-2395\" src=\"https:\/\/blogsaverroes.juntadeandalucia.es\/iesblasinfante\/files\/2020\/09\/IMAG0415-200x300.jpg\" alt=\"\" width=\"200\" height=\"300\" srcset=\"https:\/\/blogsaverroes.juntadeandalucia.es\/iesblasinfante\/files\/2020\/09\/IMAG0415-200x300.jpg 200w, https:\/\/blogsaverroes.juntadeandalucia.es\/iesblasinfante\/files\/2020\/09\/IMAG0415-16x24.jpg 16w, https:\/\/blogsaverroes.juntadeandalucia.es\/iesblasinfante\/files\/2020\/09\/IMAG0415-24x36.jpg 24w, https:\/\/blogsaverroes.juntadeandalucia.es\/iesblasinfante\/files\/2020\/09\/IMAG0415-32x48.jpg 32w, https:\/\/blogsaverroes.juntadeandalucia.es\/iesblasinfante\/files\/2020\/09\/IMAG0415.jpg 480w\" sizes=\"(max-width: 200px) 100vw, 200px\" \/><\/p>\n<h1>Viaje de fin de curso a Madrid<\/h1>\nngg_shortcode_0_placeholder\n<h1>Celebraci\u00f3n del&nbsp;D\u00eda de Andaluc\u00eda<\/h1>\nngg_shortcode_1_placeholder\n<h1>Celebraci\u00f3n de la Navidad<\/h1>\nngg_shortcode_2_placeholder\n<h1>Premios del concurso de tarjetas navide\u00f1o-matem\u00e1ticas<\/h1>\n<p style=\"text-align: center\"><img loading=\"lazy\" decoding=\"async\" class=\"alignnone size-medium wp-image-2451\" src=\"https:\/\/blogsaverroes.juntadeandalucia.es\/iesblasinfante\/files\/2020\/09\/1\u00aa-premio-2012-2013-300x215.jpg\" alt=\"\" width=\"300\" height=\"215\" srcset=\"https:\/\/blogsaverroes.juntadeandalucia.es\/iesblasinfante\/files\/2020\/09\/1\u00aa-premio-2012-2013-300x215.jpg 300w, https:\/\/blogsaverroes.juntadeandalucia.es\/iesblasinfante\/files\/2020\/09\/1\u00aa-premio-2012-2013-1024x735.jpg 1024w, https:\/\/blogsaverroes.juntadeandalucia.es\/iesblasinfante\/files\/2020\/09\/1\u00aa-premio-2012-2013-768x551.jpg 768w, https:\/\/blogsaverroes.juntadeandalucia.es\/iesblasinfante\/files\/2020\/09\/1\u00aa-premio-2012-2013-24x17.jpg 24w, https:\/\/blogsaverroes.juntadeandalucia.es\/iesblasinfante\/files\/2020\/09\/1\u00aa-premio-2012-2013-36x26.jpg 36w, https:\/\/blogsaverroes.juntadeandalucia.es\/iesblasinfante\/files\/2020\/09\/1\u00aa-premio-2012-2013-48x34.jpg 48w, https:\/\/blogsaverroes.juntadeandalucia.es\/iesblasinfante\/files\/2020\/09\/1\u00aa-premio-2012-2013.jpg 1162w\" sizes=\"(max-width: 300px) 100vw, 300px\" \/>&nbsp; &nbsp; &nbsp; &nbsp; &nbsp; &nbsp; &nbsp; &nbsp; &nbsp; &nbsp; &nbsp; &nbsp; &nbsp; &nbsp; &nbsp; &nbsp; &nbsp; &nbsp; &nbsp;<img loading=\"lazy\" decoding=\"async\" class=\"alignnone size-medium wp-image-2450\" src=\"https:\/\/blogsaverroes.juntadeandalucia.es\/iesblasinfante\/files\/2020\/09\/2\u00ba-premio-2012-2013-192x300.jpg\" alt=\"\" width=\"192\" height=\"300\" srcset=\"https:\/\/blogsaverroes.juntadeandalucia.es\/iesblasinfante\/files\/2020\/09\/2\u00ba-premio-2012-2013-192x300.jpg 192w, https:\/\/blogsaverroes.juntadeandalucia.es\/iesblasinfante\/files\/2020\/09\/2\u00ba-premio-2012-2013-657x1024.jpg 657w, https:\/\/blogsaverroes.juntadeandalucia.es\/iesblasinfante\/files\/2020\/09\/2\u00ba-premio-2012-2013-768x1198.jpg 768w, https:\/\/blogsaverroes.juntadeandalucia.es\/iesblasinfante\/files\/2020\/09\/2\u00ba-premio-2012-2013-985x1536.jpg 985w, https:\/\/blogsaverroes.juntadeandalucia.es\/iesblasinfante\/files\/2020\/09\/2\u00ba-premio-2012-2013-15x24.jpg 15w, https:\/\/blogsaverroes.juntadeandalucia.es\/iesblasinfante\/files\/2020\/09\/2\u00ba-premio-2012-2013-23x36.jpg 23w, https:\/\/blogsaverroes.juntadeandalucia.es\/iesblasinfante\/files\/2020\/09\/2\u00ba-premio-2012-2013-31x48.jpg 31w, https:\/\/blogsaverroes.juntadeandalucia.es\/iesblasinfante\/files\/2020\/09\/2\u00ba-premio-2012-2013.jpg 1188w\" sizes=\"(max-width: 192px) 100vw, 192px\" \/><\/p>\n","protected":false},"excerpt":{"rendered":"<p>GRADUACI\u00d3N 4\u00ba ESO El pasado viernes 21 de junio celebramos en el Sal\u00f3n de Actos del IES el acto de graduaci\u00f3n del alumnado de 4\u00ba&hellip;<\/p>\n","protected":false},"author":10359,"featured_media":0,"parent":214,"menu_order":0,"comment_status":"closed","ping_status":"closed","template":"","meta":{"ngg_post_thumbnail":0,"footnotes":""},"aioseo_notices":[],"_links":{"self":[{"href":"https:\/\/blogsaverroes.juntadeandalucia.es\/iesblasinfante\/wp-json\/wp\/v2\/pages\/2277"}],"collection":[{"href":"https:\/\/blogsaverroes.juntadeandalucia.es\/iesblasinfante\/wp-json\/wp\/v2\/pages"}],"about":[{"href":"https:\/\/blogsaverroes.juntadeandalucia.es\/iesblasinfante\/wp-json\/wp\/v2\/types\/page"}],"author":[{"embeddable":true,"href":"https:\/\/blogsaverroes.juntadeandalucia.es\/iesblasinfante\/wp-json\/wp\/v2\/users\/10359"}],"replies":[{"embeddable":true,"href":"https:\/\/blogsaverroes.juntadeandalucia.es\/iesblasinfante\/wp-json\/wp\/v2\/comments?post=2277"}],"version-history":[{"count":10,"href":"https:\/\/blogsaverroes.juntadeandalucia.es\/iesblasinfante\/wp-json\/wp\/v2\/pages\/2277\/revisions"}],"predecessor-version":[{"id":2527,"href":"https:\/\/blogsaverroes.juntadeandalucia.es\/iesblasinfante\/wp-json\/wp\/v2\/pages\/2277\/revisions\/2527"}],"up":[{"embeddable":true,"href":"https:\/\/blogsaverroes.juntadeandalucia.es\/iesblasinfante\/wp-json\/wp\/v2\/pages\/214"}],"wp:attachment":[{"href":"https:\/\/blogsaverroes.juntadeandalucia.es\/iesblasinfante\/wp-json\/wp\/v2\/media?parent=2277"}],"curies":[{"name":"wp","href":"https:\/\/api.w.org\/{rel}","templated":true}]}}

<h1>GRADUACIÓN 4º ESO</h1>
<p>El pasado viernes 21 de junio celebramos en el Salón de Actos del IES el acto de graduación del alumnado de 4º ESO, a continuación se muestran un par de fotos.</p>
<p style="text-align: center"><img fetchpriority="high" decoding="async" class="alignnone size-medium wp-image-2391" src="https://blogsaverroes.juntadeandalucia.es/iesblasinfante/files/2020/09/IMG_3269-300x200.jpg" alt="" width="300" height="200" srcset="https://blogsaverroes.juntadeandalucia.es/iesblasinfante/files/2020/09/IMG_3269-300x200.jpg 300w, https://blogsaverroes.juntadeandalucia.es/iesblasinfante/files/2020/09/IMG_3269-768x512.jpg 768w, https://blogsaverroes.juntadeandalucia.es/iesblasinfante/files/2020/09/IMG_3269-24x16.jpg 24w, https://blogsaverroes.juntadeandalucia.es/iesblasinfante/files/2020/09/IMG_3269-36x24.jpg 36w, https://blogsaverroes.juntadeandalucia.es/iesblasinfante/files/2020/09/IMG_3269-48x32.jpg 48w, https://blogsaverroes.juntadeandalucia.es/iesblasinfante/files/2020/09/IMG_3269.jpg 1024w" sizes="(max-width: 300px) 100vw, 300px" /> <img decoding="async" class="alignnone size-medium wp-image-2390" src="https://blogsaverroes.juntadeandalucia.es/iesblasinfante/files/2020/09/IMG_3312-300x200.jpg" alt="" width="300" height="200" srcset="https://blogsaverroes.juntadeandalucia.es/iesblasinfante/files/2020/09/IMG_3312-300x200.jpg 300w, https://blogsaverroes.juntadeandalucia.es/iesblasinfante/files/2020/09/IMG_3312-768x512.jpg 768w, https://blogsaverroes.juntadeandalucia.es/iesblasinfante/files/2020/09/IMG_3312-24x16.jpg 24w, https://blogsaverroes.juntadeandalucia.es/iesblasinfante/files/2020/09/IMG_3312-36x24.jpg 36w, https://blogsaverroes.juntadeandalucia.es/iesblasinfante/files/2020/09/IMG_3312-48x32.jpg 48w, https://blogsaverroes.juntadeandalucia.es/iesblasinfante/files/2020/09/IMG_3312.jpg 1024w" sizes="(max-width: 300px) 100vw, 300px" /></p>
<h1>Participación del AE en el concurso de Foto Matemática</h1>
<p><a href="https://blogsaverroes.juntadeandalucia.es/iesblasinfante/files/2020/09/Aula-Específica-CONCURSO-MATEMÁTICAS.pdf" target="_blank" rel="noopener noreferrer">Para ver el gran trabajo realizado por los compañeros-as del aula específica, <strong>pincha aquí.</strong></a></p>
<h1>Visita al ROA alumnado 4º ESO</h1>
<p style="text-align: center"><img decoding="async" class="alignnone size-medium wp-image-2394" src="https://blogsaverroes.juntadeandalucia.es/iesblasinfante/files/2020/09/IMAG0416-300x200.jpg" alt="" width="300" height="200" srcset="https://blogsaverroes.juntadeandalucia.es/iesblasinfante/files/2020/09/IMAG0416-300x200.jpg 300w, https://blogsaverroes.juntadeandalucia.es/iesblasinfante/files/2020/09/IMAG0416-768x512.jpg 768w, https://blogsaverroes.juntadeandalucia.es/iesblasinfante/files/2020/09/IMAG0416-24x16.jpg 24w, https://blogsaverroes.juntadeandalucia.es/iesblasinfante/files/2020/09/IMAG0416-36x24.jpg 36w, https://blogsaverroes.juntadeandalucia.es/iesblasinfante/files/2020/09/IMAG0416-48x32.jpg 48w, https://blogsaverroes.juntadeandalucia.es/iesblasinfante/files/2020/09/IMAG0416.jpg 1024w" sizes="(max-width: 300px) 100vw, 300px" /> <img loading="lazy" decoding="async" class="alignnone size-medium wp-image-2395" src="https://blogsaverroes.juntadeandalucia.es/iesblasinfante/files/2020/09/IMAG0415-200x300.jpg" alt="" width="200" height="300" srcset="https://blogsaverroes.juntadeandalucia.es/iesblasinfante/files/2020/09/IMAG0415-200x300.jpg 200w, https://blogsaverroes.juntadeandalucia.es/iesblasinfante/files/2020/09/IMAG0415-16x24.jpg 16w, https://blogsaverroes.juntadeandalucia.es/iesblasinfante/files/2020/09/IMAG0415-24x36.jpg 24w, https://blogsaverroes.juntadeandalucia.es/iesblasinfante/files/2020/09/IMAG0415-32x48.jpg 32w, https://blogsaverroes.juntadeandalucia.es/iesblasinfante/files/2020/09/IMAG0415.jpg 480w" sizes="(max-width: 200px) 100vw, 200px" /></p>
<h1>Viaje de fin de curso a Madrid</h1>
ngg_shortcode_0_placeholder
<h1>Celebración del&nbsp;Día de Andalucía</h1>
ngg_shortcode_1_placeholder
<h1>Celebración de la Navidad</h1>
ngg_shortcode_2_placeholder
<h1>Premios del concurso de tarjetas navideño-matemáticas</h1>
<p style="text-align: center"><img loading="lazy" decoding="async" class="alignnone size-medium wp-image-2451" src="https://blogsaverroes.juntadeandalucia.es/iesblasinfante/files/2020/09/1ª-premio-2012-2013-300x215.jpg" alt="" width="300" height="215" srcset="https://blogsaverroes.juntadeandalucia.es/iesblasinfante/files/2020/09/1ª-premio-2012-2013-300x215.jpg 300w, https://blogsaverroes.juntadeandalucia.es/iesblasinfante/files/2020/09/1ª-premio-2012-2013-1024x735.jpg 1024w, https://blogsaverroes.juntadeandalucia.es/iesblasinfante/files/2020/09/1ª-premio-2012-2013-768x551.jpg 768w, https://blogsaverroes.juntadeandalucia.es/iesblasinfante/files/2020/09/1ª-premio-2012-2013-24x17.jpg 24w, https://blogsaverroes.juntadeandalucia.es/iesblasinfante/files/2020/09/1ª-premio-2012-2013-36x26.jpg 36w, https://blogsaverroes.juntadeandalucia.es/iesblasinfante/files/2020/09/1ª-premio-2012-2013-48x34.jpg 48w, https://blogsaverroes.juntadeandalucia.es/iesblasinfante/files/2020/09/1ª-premio-2012-2013.jpg 1162w" sizes="(max-width: 300px) 100vw, 300px" />&nbsp; &nbsp; &nbsp; &nbsp; &nbsp; &nbsp; &nbsp; &nbsp; &nbsp; &nbsp; &nbsp; &nbsp; &nbsp; &nbsp; &nbsp; &nbsp; &nbsp; &nbsp; &nbsp;<img loading="lazy" decoding="async" class="alignnone size-medium wp-image-2450" src="https://blogsaverroes.juntadeandalucia.es/iesblasinfante/files/2020/09/2º-premio-2012-2013-192x300.jpg" alt="" width="192" height="300" srcset="https://blogsaverroes.juntadeandalucia.es/iesblasinfante/files/2020/09/2º-premio-2012-2013-192x300.jpg 192w, https://blogsaverroes.juntadeandalucia.es/iesblasinfante/files/2020/09/2º-premio-2012-2013-657x1024.jpg 657w, https://blogsaverroes.juntadeandalucia.es/iesblasinfante/files/2020/09/2º-premio-2012-2013-768x1198.jpg 768w, https://blogsaverroes.juntadeandalucia.es/iesblasinfante/files/2020/09/2º-premio-2012-2013-985x1536.jpg 985w, https://blogsaverroes.juntadeandalucia.es/iesblasinfante/files/2020/09/2º-premio-2012-2013-15x24.jpg 15w, https://blogsaverroes.juntadeandalucia.es/iesblasinfante/files/2020/09/2º-premio-2012-2013-23x36.jpg 23w, https://blogsaverroes.juntadeandalucia.es/iesblasinfante/files/2020/09/2º-premio-2012-2013-31x48.jpg 31w, https://blogsaverroes.juntadeandalucia.es/iesblasinfante/files/2020/09/2º-premio-2012-2013.jpg 1188w" sizes="(max-width: 192px) 100vw, 192px" /></p>

<p>GRADUACIÓN 4º ESO El pasado viernes 21 de junio celebramos en el Salón de Actos del IES el acto de graduación del alumnado de 4º&hellip;</p>
