{"id":2600,"date":"2020-09-30T13:32:28","date_gmt":"2020-09-30T11:32:28","guid":{"rendered":"https:\/\/blogsaverroes.juntadeandalucia.es\/iesblasinfante\/?page_id=2600"},"modified":"2025-11-03T18:31:34","modified_gmt":"2025-11-03T17:31:34","slug":"orientacion","status":"publish","type":"page","link":"https:\/\/blogsaverroes.juntadeandalucia.es\/iesblasinfante\/departamentos-didacticos\/orientacion\/","title":{"rendered":"Orientaci\u00f3n"},"content":{"rendered":"<h1>CURSO 2025-2026<\/h1>\n<h3 style=\"padding-left: 40px\"><span style=\"font-size: 18pt\">PROFESORADO<\/span><\/h3>\n<table style=\"width: 100%\" border=\"2\" cellpadding=\"1\">\n<tbody>\n<tr>\n<td style=\"text-align: center\" colspan=\"3\">\n<h5><span style=\"font-weight: 400\">DPTO. ORIENTACI\u00d3N<\/span><\/h5>\n<\/td>\n<\/tr>\n<tr>\n<td style=\"text-align: center\">\n<h5><span style=\"font-weight: 400\">Profesor\/a<\/span><\/h5>\n<\/td>\n<td style=\"text-align: center\">\n<h5><span style=\"font-weight: 400\">Cargo\/Puesto<\/span><\/h5>\n<\/td>\n<td style=\"text-align: center\">\n<h5><span style=\"font-weight: 400\">Materia que imparte<\/span><\/h5>\n<\/td>\n<\/tr>\n<tr>\n<td><span style=\"font-weight: 400\">Mercedes Valiente Olivera<\/span><\/td>\n<td><span style=\"font-weight: 400\">Orientadora&nbsp;<\/span><\/td>\n<td><span style=\"font-weight: 400\">Orientaci\u00f3n<\/span><\/td>\n<\/tr>\n<tr>\n<td><span style=\"font-weight: 400\">Mar\u00eda del Mar D\u00edaz Gonz\u00e1lez<\/span><\/td>\n<td><span style=\"font-weight: 400\">Pedagog\u00eda Terap\u00e9utica<\/span><\/td>\n<td><span style=\"font-weight: 400\">Ciclo Formativo de Grado B\u00e1sico Espec\u00edfico<\/span><\/td>\n<\/tr>\n<tr>\n<td><span style=\"font-weight: 400\">Rosa Jim\u00e9nez Jurado<\/span><\/td>\n<td><span style=\"font-weight: 400\">Tutora Aula Espec\u00edfica<\/span><\/td>\n<td>&nbsp;<\/td>\n<\/tr>\n<tr>\n<td><span style=\"font-weight: 400\">Antonio Jes\u00fas Vinaza Ruiz<\/span><\/td>\n<td><span style=\"font-weight: 400\">Pedagog\u00eda Terap\u00e9utica<\/span><\/td>\n<td><span style=\"font-weight: 400\">Apoyo a la integraci\u00f3n<\/span><\/td>\n<\/tr>\n<\/tbody>\n<\/table>\n<h3 style=\"padding-left: 40px\"><span style=\"font-size: 18pt\">DOCUMENTACI\u00d3N<\/span><\/h3>\n<ul>\n<li style=\"list-style-type: none\">\n<ul>\n<li><a href=\"https:\/\/drive.google.com\/file\/d\/15AC1_zQGDiN6hXqgUkQLbyjdUjdn8Efs\/view?usp=sharing\" target=\"_blank\" rel=\"noopener\">Programaci\u00f3n aula de apoyo a la integraci\u00f3n<\/a><\/li>\n<li><a href=\"https:\/\/drive.google.com\/file\/d\/1uZBKiVbqQTH2ibkQp3PayxDEj8vL3hOg\/view?usp=sharing\" target=\"_blank\" rel=\"noopener\">Programaci\u00f3n Aula de audici\u00f3n y lenguaje<\/a><\/li>\n<li><a href=\"https:\/\/drive.google.com\/file\/d\/1IaBQ42F22a7IMaqZ8EX8QbqlYUU4sr83\/view?usp=sharing\" target=\"_blank\" rel=\"noopener\">Programaci\u00f3n Aula espec\u00edfica TEA<\/a><\/li>\n<li><a href=\"https:\/\/drive.google.com\/file\/d\/1mHr4u4zEvbg3KnB0364hMtZ6I2XKPINO\/view?usp=sharing\" target=\"_blank\" rel=\"noopener\">Programa de diversificaci\u00f3n curricular<\/a><\/li>\n<li><a href=\"https:\/\/drive.google.com\/file\/d\/1mAROoFLRhDQUZe33O0aji_gNgxF2oyUH\/view?usp=sharing\" target=\"_blank\" rel=\"noopener\">Plan de orientaci\u00f3n y acci\u00f3n tutorial<\/a><\/li>\n<\/ul>\n<\/li>\n<\/ul>\n<h1>CURSO 2024-2025<\/h1>\n<h2 style=\"padding-left: 40px\">PROFESORADO<\/h2>\n<table style=\"width: 100%\" border=\"2\">\n<tbody>\n<tr>\n<td style=\"text-align: center\" colspan=\"3\">\n<h5><span style=\"font-weight: 400\">DPTO. ORIENTACI\u00d3N<\/span><\/h5>\n<\/td>\n<\/tr>\n<tr>\n<td style=\"text-align: center\">\n<h5><span style=\"font-weight: 400\">Profesor\/a<\/span><\/h5>\n<\/td>\n<td style=\"text-align: center\">\n<h5><span style=\"font-weight: 400\">Cargo\/Puesto<\/span><\/h5>\n<\/td>\n<td style=\"text-align: center\">\n<h5><span style=\"font-weight: 400\">Materia que imparte<\/span><\/h5>\n<\/td>\n<\/tr>\n<tr>\n<td><span style=\"font-weight: 400\">Mercedes Valiente Olivera<\/span><\/td>\n<td><span style=\"font-weight: 400\">Orientadora&nbsp;<\/span><\/td>\n<td><span style=\"font-weight: 400\">Orientaci\u00f3n<\/span><\/td>\n<\/tr>\n<tr>\n<td><span style=\"font-weight: 400\">Vanesa C\u00e1rdenas Ja\u00e9n<\/span><\/td>\n<td><span style=\"font-weight: 400\">Tutora 1\u00ba PEAL&nbsp;<\/span><\/td>\n<td><span style=\"font-weight: 400\">CC aplicadas I y II<\/span><\/td>\n<\/tr>\n<tr>\n<td><span style=\"font-weight: 400\">Mar\u00eda del Mar D\u00edaz Gonz\u00e1lez<\/span><\/td>\n<td><span style=\"font-weight: 400\">PT\/Tutora 2\u00ba PEAL<\/span><\/td>\n<td><span style=\"font-weight: 400\">Comunicaci\u00f3n y CC sociales I y II<\/span><\/td>\n<\/tr>\n<tr>\n<td><span style=\"font-weight: 400\">Rosa Jim\u00e9nez<\/span><\/td>\n<td><span style=\"font-weight: 400\">Tutora Aula Espec\u00edfica<\/span><\/td>\n<td>&nbsp;<\/td>\n<\/tr>\n<tr>\n<td><span style=\"font-weight: 400\">Antonio Jes\u00fas Vinaza Ruiz<\/span><\/td>\n<td><span style=\"font-weight: 400\">PT<\/span><\/td>\n<td><span style=\"font-weight: 400\">Apoyo a la integraci\u00f3n&nbsp;<\/span><\/td>\n<\/tr>\n<\/tbody>\n<\/table>\n<h2 style=\"padding-left: 40px\">DOCUMENTACI\u00d3N<\/h2>\n<h3 style=\"padding-left: 40px\">Res\u00famenes de programaciones did\u00e1cticas<\/h3>\n<ul>\n<li style=\"list-style-type: none\">\n<ul>\n<li><a href=\"https:\/\/blogsaverroes.juntadeandalucia.es\/iesblasinfante\/files\/2024\/11\/Programacion-CFAL-24-25-corta.pdf\" target=\"_blank\" rel=\"noopener\">Resumen programaci\u00f3n Formaci\u00f3n profesional Alojamiento y Lavander\u00eda<\/a><\/li>\n<\/ul>\n<\/li>\n<\/ul>\n<h3 style=\"padding-left: 40px\">Programaciones did\u00e1cticas<\/h3>\n<ul>\n<li style=\"list-style-type: none\">\n<ul>\n<li><a href=\"https:\/\/drive.google.com\/file\/d\/1Z7-lFk1Q_cLO_jZ1j1M92owzqClsty_p\/view?usp=sharing\" target=\"_blank\" rel=\"noopener\">Plan de actuaci\u00f3n del aula de apoyo a la integraci\u00f3n<\/a><\/li>\n<li><a href=\"https:\/\/drive.google.com\/file\/d\/1Yi5Tv8tDcKcOXU0CwdJPhEabnDXUaZhz\/view?usp=sharing\" target=\"_blank\" rel=\"noopener\">Programaci\u00f3n Aula Espec\u00edfica<\/a><\/li>\n<li><a href=\"https:\/\/drive.google.com\/file\/d\/1HRkCE1SSttFSXy7am5DpYklRZFfuEyxh\/view?usp=sharing\" target=\"_blank\" rel=\"noopener\">Programaci\u00f3n formaci\u00f3n profesional alojamiento y lavander\u00eda<\/a><\/li>\n<\/ul>\n<\/li>\n<\/ul>\n<h1>CURSO 2023-2024<\/h1>\n<h2 style=\"padding-left: 40px\">PROFESORADO<\/h2>\n<table style=\"height: 256px;width: 100%\" border=\"1\">\n<tbody>\n<tr style=\"height: 23px\">\n<td style=\"text-align: center;height: 23px\" colspan=\"3\"><strong>DPTO. ORIENTACI\u00d3N<\/strong><\/td>\n<\/tr>\n<tr style=\"height: 23px\">\n<td style=\"text-align: center;height: 23px\"><strong>Profesor\/a<\/strong><\/td>\n<td style=\"text-align: center;height: 23px\"><strong>Cargo\/Puesto<\/strong><\/td>\n<td style=\"text-align: center;height: 23px\"><strong>Materia que imparte<\/strong><\/td>\n<\/tr>\n<tr style=\"height: 23px\">\n<td style=\"height: 23px\"><span style=\"font-weight: 400\">M\u00aa Jos\u00e9 Romero Vela<\/span><\/td>\n<td style=\"height: 23px\"><span style=\"font-weight: 400\">Orientaci\u00f3n&nbsp;<\/span><\/td>\n<td style=\"height: 23px\"><span style=\"font-weight: 400\">Orientaci\u00f3n<\/span><\/td>\n<\/tr>\n<tr style=\"height: 47px\">\n<td style=\"height: 47px\"><span style=\"font-weight: 400\">Ana Bel\u00e9n Gil Gutierrez&nbsp;<\/span><\/td>\n<td style=\"height: 47px\"><span style=\"font-weight: 400\">PT\/ Tutora 2\u00ba PEAL<\/span><\/td>\n<td style=\"height: 47px\"><span style=\"font-weight: 400\">CC aplicadas I y II<\/span><\/td>\n<\/tr>\n<tr style=\"height: 47px\">\n<td style=\"height: 47px\"><span style=\"font-weight: 400\">M\u00aa del Mar Di\u00e1z Gonz\u00e1lez&nbsp;<\/span><\/td>\n<td style=\"height: 47px\"><span style=\"font-weight: 400\">PT\/ Tutora 1\u00ba PEAL<\/span><\/td>\n<td style=\"height: 47px\"><span style=\"font-weight: 400\">Comunicaci\u00f3n y CC sociales I y II<\/span><\/td>\n<\/tr>\n<tr style=\"height: 23px\">\n<td style=\"height: 23px\"><span style=\"font-weight: 400\">Rosa&nbsp;<\/span><\/td>\n<td style=\"height: 23px\"><span style=\"font-weight: 400\">Tutora AE<\/span><\/td>\n<td style=\"height: 23px\">&nbsp;<\/td>\n<\/tr>\n<tr style=\"height: 47px\">\n<td style=\"height: 47px\"><span style=\"font-weight: 400\">Antonio Jes\u00fas Vinaza Ruiz<\/span><\/td>\n<td style=\"height: 47px\"><span style=\"font-weight: 400\">PT<\/span><\/td>\n<td style=\"height: 47px\"><span style=\"font-weight: 400\">Apoyo a la integraci\u00f3n&nbsp;<\/span><\/td>\n<\/tr>\n<tr style=\"height: 23px\">\n<td style=\"height: 23px\">&nbsp;<\/td>\n<td style=\"height: 23px\"><span style=\"font-weight: 400\">AL<\/span><\/td>\n<td style=\"height: 23px\">&nbsp;<\/td>\n<\/tr>\n<\/tbody>\n<\/table>\n<h2 style=\"padding-left: 40px\">PROGRAMACIONES<\/h2>\n<ul>\n<li style=\"list-style-type: none\">\n<ul>\n<li><a href=\"https:\/\/drive.google.com\/file\/d\/13eJtLyR3qh8t0FLt6Msg5D4ZPoeSZQAn\/view?usp=sharing\" target=\"_blank\" rel=\"noopener noreferrer\">PROGRAMACI\u00d3N DID\u00c1CTICA AULA DE APRENDIZAJE<\/a><\/li>\n<li><a href=\"https:\/\/drive.google.com\/file\/d\/1zvqhSIUkMVf1pr8gjlrAHYa2czXBDplV\/view?usp=sharing\" target=\"_blank\" rel=\"noopener noreferrer\">PROGRAMACI\u00d3N DID\u00c1CTICA AULA AUDICI\u00d3N Y LENGUAJE<\/a><\/li>\n<li><a href=\"https:\/\/drive.google.com\/file\/d\/1Uq160nShGBPReYTCVS-KjeM9cbT23tbg\/view?usp=sharing\" target=\"_blank\" rel=\"noopener noreferrer\">PROGRAMACI\u00d3N DID\u00c1CTICA AULA ESPEC\u00cdFICA DE EDUCACI\u00d3N ESPECIAL TEA<\/a><\/li>\n<li><a href=\"https:\/\/drive.google.com\/file\/d\/1g8ro2CYVdYIOQ9JwXqc-clN7AD-x8dTL\/view?usp=sharing\" target=\"_blank\" rel=\"noopener noreferrer\">PROGRAMACI\u00d3N DID\u00c1CTICA FORMACI\u00d3N PROFESIONAL B\u00c1SICA ESPEC\u00cdFICA 1\u00ba PEAL \u00ba y 2\u00ba PEAL<\/a><\/li>\n<\/ul>\n<\/li>\n<\/ul>\n<h1>CURSO 2022-2023<\/h1>\n<h2 style=\"padding-left: 40px\">PROFESORADO<\/h2>\n<table style=\"height: 504px;width: 100%;margin-left: 40px\" border=\"2\">\n<tbody style=\"padding-left: 40px\">\n<tr style=\"padding-left: 40px\">\n<td style=\"padding-left: 40px;height: 56px\" colspan=\"3\">\n<p style=\"text-align: center\"><strong>DPTO. ORIENTACI\u00d3N<\/strong><\/p>\n<\/td>\n<\/tr>\n<tr style=\"padding-left: 40px\">\n<td style=\"padding-left: 40px;height: 56px\">\n<p style=\"text-align: center\"><strong>Profesor\/a<\/strong><\/p>\n<\/td>\n<td style=\"padding-left: 40px;height: 56px\"><strong>Cargo\/Puesto<\/strong><\/td>\n<td style=\"padding-left: 40px;height: 56px\">\n<p style=\"text-align: center\"><strong>Materia que imparte<\/strong><\/p>\n<\/td>\n<\/tr>\n<tr style=\"padding-left: 40px\">\n<td style=\"padding-left: 40px;height: 24px\"><span style=\"font-weight: 400\">Mar\u00eda Jos\u00e9 Romero Vela<\/span><\/td>\n<td style=\"padding-left: 40px;height: 24px\"><span style=\"font-weight: 400\">Orientadora<\/span><\/td>\n<td style=\"padding-left: 40px;height: 24px\"><span style=\"font-weight: 400\">Tutor\u00eda PMAR\/DICU<\/span><\/td>\n<\/tr>\n<tr style=\"padding-left: 40px\">\n<td style=\"padding-left: 40px;height: 120px\"><span style=\"font-weight: 400\">Ana Bel\u00e9n Gil Guti\u00e9rrez<\/span><\/td>\n<td style=\"height: 120px;text-align: center\"><span style=\"font-weight: 400\">PT<\/span><\/td>\n<td style=\"padding-left: 40px;height: 120px\"><span style=\"font-weight: 400\">1\u00ba PEAL<\/span><\/p>\n<p><span style=\"font-weight: 400\">AREA TRANSVERSAL 1\u00ba ESO<\/span><\/td>\n<\/tr>\n<tr style=\"padding-left: 40px\">\n<td style=\"padding-left: 40px;height: 176px\"><span style=\"font-weight: 400\">Inmaculada Garrido Rodr\u00edguez<\/span><\/td>\n<td style=\"height: 176px;text-align: center\"><span style=\"font-weight: 400\">PT<\/span><\/td>\n<td style=\"padding-left: 40px;height: 176px\"><span style=\"font-weight: 400\">2\u00ba PEAL<\/span><\/p>\n<p><span style=\"font-weight: 400\">ATENCI\u00d3N EDUCATIVA 1\u00ba<\/span><\/p>\n<p><span style=\"font-weight: 400\">VALORES \u00c9TICOS 2\u00ba<\/span><\/p>\n<p><span style=\"font-weight: 400\">AULA ESPEC\u00cdFICA<\/span><\/td>\n<\/tr>\n<tr style=\"padding-left: 40px\">\n<td style=\"padding-left: 40px;height: 24px\"><span style=\"font-weight: 400\">Mar\u00eda Jos\u00e9 V\u00e1zquez Clavijo<\/span><\/td>\n<td style=\"height: 24px;text-align: center\"><span style=\"font-weight: 400\">AL<\/span><\/td>\n<td style=\"padding-left: 40px;height: 24px\">&nbsp;<\/td>\n<\/tr>\n<tr style=\"padding-left: 40px\">\n<td style=\"padding-left: 40px;height: 24px\"><span style=\"font-weight: 400\">Rosa Jim\u00ednez Jurado<\/span><\/td>\n<td style=\"height: 24px;text-align: center\"><span style=\"font-weight: 400\">PT<\/span><\/td>\n<td style=\"padding-left: 40px;height: 24px\"><span style=\"font-weight: 400\">Aula Espec\u00edfica<\/span><\/td>\n<\/tr>\n<tr style=\"padding-left: 40px\">\n<td style=\"padding-left: 40px;height: 24px\"><span style=\"font-weight: 400\">Antonio Jes\u00fas Vinaza Ru\u00edz<\/span><\/td>\n<td style=\"height: 24px;text-align: center\"><span style=\"font-weight: 400\">PT<\/span><\/td>\n<td style=\"padding-left: 40px;height: 24px\"><span style=\"font-weight: 400\">Apoyo a la integraci\u00f3n<\/span><\/td>\n<\/tr>\n<\/tbody>\n<\/table>\n<p style=\"padding-left: 40px\">&nbsp;<\/p>\n<h2 style=\"padding-left: 40px\">PROGRAMACIONES DID\u00c1CTICAS<\/h2>\n<ul>\n<li style=\"list-style-type: none\">\n<ul>\n<li><a href=\"https:\/\/blogsaverroes.juntadeandalucia.es\/iesblasinfante\/files\/2022\/11\/Programaci\u00f3n-Dpto.Orientaci\u00f3n-2\u00ba-PEAL-22-23.pdf\" target=\"_blank\" rel=\"noopener noreferrer\">Programaci\u00f3n 2\u00ba PEAL<\/a><\/li>\n<li><a href=\"https:\/\/blogsaverroes.juntadeandalucia.es\/iesblasinfante\/files\/2022\/11\/Programaci\u00f3n-Dpto.Orientaci\u00f3n-AL-22-23.pdf\" target=\"_blank\" rel=\"noopener noreferrer\">Programaci\u00f3n AL<\/a><\/li>\n<li><a href=\"https:\/\/blogsaverroes.juntadeandalucia.es\/iesblasinfante\/files\/2022\/11\/Programaci\u00f3n-Dpto.Orientaci\u00f3n-PT-22-23-.pdf\" target=\"_blank\" rel=\"noopener noreferrer\">Programaci\u00f3n PT<\/a><\/li>\n<\/ul>\n<\/li>\n<\/ul>\n<h1>CURSO 2020-2021<\/h1>\n<h2>PROFESORADO<\/h2>\n<table style=\"height: 223px;width: 100%;border-collapse: collapse\" border=\"2 px\" cellpadding=\"2 px\">\n<tbody>\n<tr style=\"height: 65px\">\n<td style=\"width: 32.7254%;height: 65px\">\n<h4>PROFESORA<\/h4>\n<\/td>\n<td style=\"width: 52.9616%;height: 65px\">\n<h4>CARGO Y PUESTO<\/h4>\n<\/td>\n<\/tr>\n<tr style=\"height: 20px\">\n<td style=\"width: 32.7254%;height: 20px\">M\u00aa Jos\u00e9&nbsp;Cabrera Soto<\/td>\n<td style=\"width: 52.9616%;height: 20px\">PT Aula de Apoyo<\/td>\n<\/tr>\n<tr style=\"height: 23px\">\n<td style=\"width: 32.7254%;height: 23px\">Mar\u00eda del Carmen Carrasco Vasc\u00f3s<\/td>\n<td style=\"width: 52.9616%;height: 23px\">Profesora de Audici\u00f3n y Lenguaje<\/td>\n<\/tr>\n<tr style=\"height: 23px\">\n<td style=\"width: 32.7254%;height: 23px\">M\u00aa del Mar D\u00edaz Gonz\u00e1lez<\/td>\n<td style=\"width: 52.9616%;height: 23px\">PT<\/p>\n<p>Tutora 2\u00ba Programa Espec\u00edfico de Alojamiento y Lavander\u00eda<\/td>\n<\/tr>\n<tr style=\"height: 23px\">\n<td style=\"width: 32.7254%;height: 23px\">Inmaculada Estudillo P\u00e9rez<\/td>\n<td style=\"width: 52.9616%;height: 23px\">PT<\/p>\n<p>Tutora 1\u00ba Programa Espec\u00edfico de Alojamiento y Lavander\u00eda<\/td>\n<\/tr>\n<tr style=\"height: 23px\">\n<td style=\"width: 32.7254%;height: 23px\">Rosa Jim\u00e9nez Jurado<\/td>\n<td style=\"width: 52.9616%;height: 23px\">PT<\/p>\n<p>Tutora del Aula Espec\u00edfica TEA<\/td>\n<\/tr>\n<tr style=\"height: 23px\">\n<td style=\"width: 32.7254%;height: 23px\">Concepci\u00f3n Conejero Garc\u00eda<\/td>\n<td style=\"width: 52.9616%;height: 23px\">Personal T\u00e9cnico de Integraci\u00f3n Social<\/td>\n<\/tr>\n<tr style=\"height: 23px\">\n<td style=\"width: 32.7254%;height: 23px\">M\u00aa del Carmen Foncubierta del Viso<\/td>\n<td style=\"width: 52.9616%;height: 23px\">Orientadora<\/td>\n<\/tr>\n<\/tbody>\n<\/table>\n<p>&nbsp;<\/p>\n","protected":false},"excerpt":{"rendered":"<p>CURSO 2025-2026 PROFESORADO DPTO. ORIENTACI\u00d3N Profesor\/a Cargo\/Puesto Materia que imparte Mercedes Valiente Olivera Orientadora&nbsp; Orientaci\u00f3n Mar\u00eda del Mar D\u00edaz Gonz\u00e1lez Pedagog\u00eda Terap\u00e9utica Ciclo Formativo de&hellip;<\/p>\n","protected":false},"author":10359,"featured_media":0,"parent":183,"menu_order":0,"comment_status":"closed","ping_status":"closed","template":"","meta":{"ngg_post_thumbnail":0,"footnotes":""},"aioseo_notices":[],"_links":{"self":[{"href":"https:\/\/blogsaverroes.juntadeandalucia.es\/iesblasinfante\/wp-json\/wp\/v2\/pages\/2600"}],"collection":[{"href":"https:\/\/blogsaverroes.juntadeandalucia.es\/iesblasinfante\/wp-json\/wp\/v2\/pages"}],"about":[{"href":"https:\/\/blogsaverroes.juntadeandalucia.es\/iesblasinfante\/wp-json\/wp\/v2\/types\/page"}],"author":[{"embeddable":true,"href":"https:\/\/blogsaverroes.juntadeandalucia.es\/iesblasinfante\/wp-json\/wp\/v2\/users\/10359"}],"replies":[{"embeddable":true,"href":"https:\/\/blogsaverroes.juntadeandalucia.es\/iesblasinfante\/wp-json\/wp\/v2\/comments?post=2600"}],"version-history":[{"count":23,"href":"https:\/\/blogsaverroes.juntadeandalucia.es\/iesblasinfante\/wp-json\/wp\/v2\/pages\/2600\/revisions"}],"predecessor-version":[{"id":10023,"href":"https:\/\/blogsaverroes.juntadeandalucia.es\/iesblasinfante\/wp-json\/wp\/v2\/pages\/2600\/revisions\/10023"}],"up":[{"embeddable":true,"href":"https:\/\/blogsaverroes.juntadeandalucia.es\/iesblasinfante\/wp-json\/wp\/v2\/pages\/183"}],"wp:attachment":[{"href":"https:\/\/blogsaverroes.juntadeandalucia.es\/iesblasinfante\/wp-json\/wp\/v2\/media?parent=2600"}],"curies":[{"name":"wp","href":"https:\/\/api.w.org\/{rel}","templated":true}]}}