{"id":1273,"date":"2022-11-27T18:45:46","date_gmt":"2022-11-27T17:45:46","guid":{"rendered":"https:\/\/blogsaverroes.juntadeandalucia.es\/iesboliches\/?page_id=1273"},"modified":"2022-11-27T19:03:35","modified_gmt":"2022-11-27T18:03:35","slug":"covid19","status":"publish","type":"page","link":"https:\/\/blogsaverroes.juntadeandalucia.es\/iesboliches\/covid19\/","title":{"rendered":"COVID19"},"content":{"rendered":"<h2>RECOPILACI\u00d3N DE INFORMACI\u00d3N RELATIVA AL COVID-19<\/h2>\n<p><img loading=\"lazy\" decoding=\"async\" class=\"alignnone size-medium wp-image-1266\" src=\"https:\/\/blogsaverroes.juntadeandalucia.es\/iesboliches\/files\/2022\/11\/covid-300x62.jpg\" alt=\"\" width=\"300\" height=\"62\" srcset=\"https:\/\/blogsaverroes.juntadeandalucia.es\/iesboliches\/files\/2022\/11\/covid-300x62.jpg 300w, https:\/\/blogsaverroes.juntadeandalucia.es\/iesboliches\/files\/2022\/11\/covid.jpg 448w\" sizes=\"(max-width: 300px) 100vw, 300px\" \/><\/p>\n<h2>Curso 2022\/23<\/h2>\n<table class=\"table aligncenter\" style=\"border-style: solid;border-color: #a7adb0\" border=\"1\" cellspacing=\"0\">\n<tbody>\n<tr>\n<th>Fecha<\/th>\n<th>Documento<\/th>\n<th>Origen<\/th>\n<\/tr>\n<tr>\n<td>15\/10\/2022<\/td>\n<td>\n<ul>\n<li><a href=\"https:\/\/blogsaverroes.juntadeandalucia.es\/iesboliches\/files\/2022\/11\/PLAN_DE_SALUD_22-23_V1.pdf\">PLA DE SALUD &#8211; IES LOS BOLICHES 2022\/23<\/a><\/li>\n<li><a href=\"http:\/\/iesboliches.org\/principal\/09_covid\/docs2223\/Recomendaciones_COVID19_curso_2022_2023.pdf\" target=\"_blank\" rel=\"noopener noreferrer\">Recomendaciones al alumnado y familias sobre la prevenci\u00f3n de covd-19 y otras enfermedades transmisibles<\/a><\/li>\n<\/ul>\n<\/td>\n<td>I.E.S. Los Boliches<\/td>\n<\/tr>\n<tr>\n<td>15\/10\/2022<\/td>\n<td>\n<ul>\n<li><a href=\"http:\/\/iesboliches.org\/principal\/09_covid\/docs2223\/Instrucciones_actuaciones_sanitarias.pdf\" target=\"_blank\" rel=\"noopener noreferrer\">Instrucciones de 7 de julio de 2022, conjuntas de la Viceconsejer\u00eda de Educaci\u00f3n y Deporte y de la Viceconsejer\u00eda de Salud y Familias, para coordinar las actuaciones en el \u00e1mbito de la salud p\u00fablica y la asistencia sanitaria que se desarrollen en los centros docentes sostenidos con fondos p\u00fablicos durante el curso escolar 2022\/23.<\/a><\/li>\n<\/ul>\n<\/td>\n<td>CONSEJER\u00cdA DE EDUCACI\u00d3N Y DEPORTE &#8211; CONSEJER\u00cdA DE SALUD Y FAMILIAS. Viceconsejer\u00edas.<\/td>\n<\/tr>\n<tr>\n<td>15\/10\/2022<\/td>\n<td>\n<ul>\n<li><a href=\"http:\/\/iesboliches.org\/principal\/09_covid\/docs2223\/Recomendaciones_centros_escolares.pdf\" target=\"_blank\" rel=\"noopener noreferrer\">Recomendaciones de prevenci\u00f3n, protecci\u00f3n. COVID-19.<\/a><\/li>\n<\/ul>\n<\/td>\n<td>Consejer\u00eda de Salud y Familias<\/td>\n<\/tr>\n<\/tbody>\n<\/table>\n","protected":false},"excerpt":{"rendered":"<p>RECOPILACI\u00d3N DE INFORMACI\u00d3N RELATIVA AL COVID-19 Curso 2022\/23 Fecha Documento Origen 15\/10\/2022 PLA DE SALUD &#8211; IES LOS BOLICHES 2022\/23 Recomendaciones al alumnado y familias sobre la prevenci\u00f3n de covd-19 y otras enfermedades transmisibles I.E.S. Los Boliches 15\/10\/2022 Instrucciones de 7 de julio de 2022, conjuntas de la Viceconsejer\u00eda de Educaci\u00f3n y Deporte y de [&hellip;]<\/p>\n","protected":false},"author":5370,"featured_media":1266,"parent":0,"menu_order":0,"comment_status":"closed","ping_status":"closed","template":"","meta":{"_et_pb_use_builder":"","_et_pb_old_content":"","_et_gb_content_width":"","ngg_post_thumbnail":0,"footnotes":""},"aioseo_notices":[],"_links":{"self":[{"href":"https:\/\/blogsaverroes.juntadeandalucia.es\/iesboliches\/wp-json\/wp\/v2\/pages\/1273"}],"collection":[{"href":"https:\/\/blogsaverroes.juntadeandalucia.es\/iesboliches\/wp-json\/wp\/v2\/pages"}],"about":[{"href":"https:\/\/blogsaverroes.juntadeandalucia.es\/iesboliches\/wp-json\/wp\/v2\/types\/page"}],"author":[{"embeddable":true,"href":"https:\/\/blogsaverroes.juntadeandalucia.es\/iesboliches\/wp-json\/wp\/v2\/users\/5370"}],"replies":[{"embeddable":true,"href":"https:\/\/blogsaverroes.juntadeandalucia.es\/iesboliches\/wp-json\/wp\/v2\/comments?post=1273"}],"version-history":[{"count":6,"href":"https:\/\/blogsaverroes.juntadeandalucia.es\/iesboliches\/wp-json\/wp\/v2\/pages\/1273\/revisions"}],"predecessor-version":[{"id":1282,"href":"https:\/\/blogsaverroes.juntadeandalucia.es\/iesboliches\/wp-json\/wp\/v2\/pages\/1273\/revisions\/1282"}],"wp:featuredmedia":[{"embeddable":true,"href":"https:\/\/blogsaverroes.juntadeandalucia.es\/iesboliches\/wp-json\/wp\/v2\/media\/1266"}],"wp:attachment":[{"href":"https:\/\/blogsaverroes.juntadeandalucia.es\/iesboliches\/wp-json\/wp\/v2\/media?parent=1273"}],"curies":[{"name":"wp","href":"https:\/\/api.w.org\/{rel}","templated":true}]}}

<h2>RECOPILACIÓN DE INFORMACIÓN RELATIVA AL COVID-19</h2>
<p><img loading="lazy" decoding="async" class="alignnone size-medium wp-image-1266" src="https://blogsaverroes.juntadeandalucia.es/iesboliches/files/2022/11/covid-300x62.jpg" alt="" width="300" height="62" srcset="https://blogsaverroes.juntadeandalucia.es/iesboliches/files/2022/11/covid-300x62.jpg 300w, https://blogsaverroes.juntadeandalucia.es/iesboliches/files/2022/11/covid.jpg 448w" sizes="(max-width: 300px) 100vw, 300px" /></p>
<h2>Curso 2022/23</h2>
<table class="table aligncenter" style="border-style: solid;border-color: #a7adb0" border="1" cellspacing="0">
<tbody>
<tr>
<th>Fecha</th>
<th>Documento</th>
<th>Origen</th>
</tr>
<tr>
<td>15/10/2022</td>
<td>
<ul>
<li><a href="https://blogsaverroes.juntadeandalucia.es/iesboliches/files/2022/11/PLAN_DE_SALUD_22-23_V1.pdf">PLA DE SALUD &#8211; IES LOS BOLICHES 2022/23</a></li>
<li><a href="http://iesboliches.org/principal/09_covid/docs2223/Recomendaciones_COVID19_curso_2022_2023.pdf" target="_blank" rel="noopener noreferrer">Recomendaciones al alumnado y familias sobre la prevención de covd-19 y otras enfermedades transmisibles</a></li>
</ul>
</td>
<td>I.E.S. Los Boliches</td>
</tr>
<tr>
<td>15/10/2022</td>
<td>
<ul>
<li><a href="http://iesboliches.org/principal/09_covid/docs2223/Instrucciones_actuaciones_sanitarias.pdf" target="_blank" rel="noopener noreferrer">Instrucciones de 7 de julio de 2022, conjuntas de la Viceconsejería de Educación y Deporte y de la Viceconsejería de Salud y Familias, para coordinar las actuaciones en el ámbito de la salud pública y la asistencia sanitaria que se desarrollen en los centros docentes sostenidos con fondos públicos durante el curso escolar 2022/23.</a></li>
</ul>
</td>
<td>CONSEJERÍA DE EDUCACIÓN Y DEPORTE &#8211; CONSEJERÍA DE SALUD Y FAMILIAS. Viceconsejerías.</td>
</tr>
<tr>
<td>15/10/2022</td>
<td>
<ul>
<li><a href="http://iesboliches.org/principal/09_covid/docs2223/Recomendaciones_centros_escolares.pdf" target="_blank" rel="noopener noreferrer">Recomendaciones de prevención, protección. COVID-19.</a></li>
</ul>
</td>
<td>Consejería de Salud y Familias</td>
</tr>
</tbody>
</table>

<p>RECOPILACIÓN DE INFORMACIÓN RELATIVA AL COVID-19 Curso 2022/23 Fecha Documento Origen 15/10/2022 PLA DE SALUD &#8211; IES LOS BOLICHES 2022/23 Recomendaciones al alumnado y familias sobre la prevención de covd-19 y otras enfermedades transmisibles I.E.S. Los Boliches 15/10/2022 Instrucciones de 7 de julio de 2022, conjuntas de la Viceconsejería de Educación y Deporte y de [&hellip;]</p>
