{"id":1519,"date":"2022-12-10T09:53:30","date_gmt":"2022-12-10T08:53:30","guid":{"rendered":"https:\/\/blogsaverroes.juntadeandalucia.es\/iesboliches\/?page_id=1519"},"modified":"2025-12-09T12:20:49","modified_gmt":"2025-12-09T11:20:49","slug":"secretaria","status":"publish","type":"page","link":"https:\/\/blogsaverroes.juntadeandalucia.es\/iesboliches\/secretaria\/","title":{"rendered":"Secretar\u00eda"},"content":{"rendered":"<p>[et_pb_section fb_built=&#8221;1&#8243; _builder_version=&#8221;4.16&#8243; _module_preset=&#8221;default&#8221; global_colors_info=&#8221;{}&#8221;][et_pb_row column_structure=&#8221;3_4,1_4&#8243; _builder_version=&#8221;4.16&#8243; _module_preset=&#8221;default&#8221; global_colors_info=&#8221;{}&#8221;][et_pb_column type=&#8221;3_4&#8243; _builder_version=&#8221;4.16&#8243; _module_preset=&#8221;default&#8221; global_colors_info=&#8221;{}&#8221;][et_pb_text _builder_version=&#8221;4.24.2&#8243; _module_preset=&#8221;default&#8221; global_colors_info=&#8221;{}&#8221;]<\/p>\n<div class=\"item\">\n<div class=\"item-title\">\n<h1>SECRETAR\u00cdA<\/h1>\n<hr>\n<h1>&nbsp;<\/h1>\n<h1>HORARIO DE ATENCI\u00d3N AL P\u00daBLICO<\/h1>\n<\/div>\n<p><span style=\"color: #ff0000\">ACTUALMENTE NO CONTAMOS CON PERSONAL DE SECRETAR\u00cdA<\/span><\/p>\n<p>De Lunes a Viernes: de 9:30 a 13:30 horas<br \/>Tel\u00e9fono: 952.58.14.09 &#8211; 951.26.99.10<br \/>FAX: 951.26.99.07<\/p>\n<\/div>\n<p>[\/et_pb_text][et_pb_text _builder_version=&#8221;4.24.2&#8243; _module_preset=&#8221;default&#8221; global_colors_info=&#8221;{}&#8221;]<\/p>\n<div class=\"item\">\n<div class=\"item-title\">&nbsp;<\/div>\n<h2><span style=\"color: #333333;font-size: 18px\">INFORMACI\u00d3N DE NUESTRA SECRETAR\u00cdA<\/span><\/h2>\n<p>&nbsp;<\/p>\n<\/div>\n<div class=\"item\">\n<ul>\n<li><a href=\"https:\/\/www.juntadeandalucia.es\/educacion\/portals\/web\/escolarizacion\">Escolarizaci\u00f3n y matr\u00edcula para Secundaria y Bachillerato<\/a>.<\/li>\n<li><a href=\"https:\/\/blogsaverroes.juntadeandalucia.es\/iesboliches\/renuncia-ciclos\/\">Renuncia a la convocatoria o anulaci\u00f3n de matr\u00edcula en los Ciclos Formativos<\/a><\/li>\n<li><a href=\"https:\/\/blogsaverroes.juntadeandalucia.es\/iesboliches\/renuncia-bachillerato\/\">Anulaci\u00f3n de matr\u00edcula en los Bachilleratos<\/a><\/li>\n<li><a href=\"https:\/\/blogsaverroes.juntadeandalucia.es\/iesboliches\/convalidacion-musica\/\">Convalidaci\u00f3n y\/o dispensa de la asignatura de m\u00fasica en ESO.<\/a><\/li>\n<li><a href=\"https:\/\/blogsaverroes.juntadeandalucia.es\/iesboliches\/convalidacion-idioma\/\">Convalidaci\u00f3n y\/o dispensa de la asignatura de lengua extranjera en Bachillerato.<\/a><\/li>\n<li><a href=\"https:\/\/blogsaverroes.juntadeandalucia.es\/iesboliches\/matricula-pevau\/\">Solicitud de matr\u00edcula: prueba de evaluaci\u00f3n de bachillerato para el acceso a la universidad (PEvAU)<\/a><\/li>\n<li><a href=\"https:\/\/blogsaverroes.juntadeandalucia.es\/iesboliches\/becas-y-ayudas\/\">Becas, Ayudas, Concursos y Premios<\/a><\/li>\n<li><a href=\"https:\/\/blogsaverroes.juntadeandalucia.es\/iesboliches\/seguro-escolar\/\">Seguro escolar<\/a><\/li>\n<li><a href=\"http:\/\/www.juntadeandalucia.es\/educacion\/formacionprofesional\/index.php\/pruebas-de-acceso\" target=\"_blank\" rel=\"noopener noreferrer\">Pruebas de Acceso a Ciclos Formativos<\/a><\/li>\n<li><a href=\"https:\/\/blogsaverroes.juntadeandalucia.es\/iesboliches\/convalidacion-modulos-profesionales\/\">Convalidaciones Ciclos Formativos<\/a><\/li>\n<li><a href=\"https:\/\/blogsaverroes.juntadeandalucia.es\/iesboliches\/convocatorias-extraordinarias-ciclos\/\">Prueba Extraordinaria Ciclos Formativos<\/a><\/li>\n<li><a href=\"https:\/\/blogsaverroes.juntadeandalucia.es\/iesboliches\/exencion-fct\/\">FCT: Exenci\u00f3n total o parcial<\/a><\/li>\n<li><a href=\"https:\/\/blogsaverroes.juntadeandalucia.es\/iesboliches\/fct-ayudas-desplazamiento\/\">FCT: Ayudas por desplazamiento<\/a><\/li>\n<li><a href=\"https:\/\/blogsaverroes.juntadeandalucia.es\/iesboliches\/expedicion-de-titulos\/\">Solicitud de t\u00edtulos<\/a><\/li>\n<\/ul>\n<\/div>\n<div class=\"item\">\n<div class=\"item-title\">\n<h4>&nbsp;<\/h4>\n<\/div>\n<\/div>\n<p>[\/et_pb_text][et_pb_text _builder_version=&#8221;4.16&#8243; _module_preset=&#8221;default&#8221; global_colors_info=&#8221;{}&#8221;]<\/p>\n<div class=\"item-title\">\n<h4>SECRETAR\u00cdA VIRTUAL DE LA CONSEJER\u00cdA DE EDUCACI\u00d3N<\/h4>\n<\/div>\n<p><a href=\"https:\/\/www.juntadeandalucia.es\/educacion\/secretariavirtual\/\"><img loading=\"lazy\" decoding=\"async\" class=\"alignright wp-image-1575 \" src=\"https:\/\/blogsaverroes.juntadeandalucia.es\/iesboliches\/files\/2022\/12\/secretaria1-300x86.jpg\" alt=\"\" width=\"401\" height=\"115\"><\/a>Puedes realizar muchos de los tr\u00e1mites que se gestionan en la secretar\u00eda de un centro escolar.<\/p>\n<p>La Consejer\u00eda de Educaci\u00f3n de la Junta de Andaluc\u00eda tiene en marcha un servicio denominado <a href=\"https:\/\/www.juntadeandalucia.es\/educacion\/secretariavirtual\/\" target=\"_blank\" rel=\"noopener noreferrer\">&#8220;Secretar\u00eda Virtual&#8221;<\/a>, mediante el cual se pueden realizar tr\u00e1mites administrativos v\u00eda Internet, evitando tener que desplazarse a una oficina de registro o a un centro escolar.<\/p>\n<p>Esta Secretar\u00eda Virtual le permitir\u00e1, gracias al procedimiento de la firma de documentos con Certificado Digital, realizar procedimientos por medios telem\u00e1ticos. A trav\u00e9s de la misma por ejemplo, podr\u00e1 cumplimentar su solicitud de admisi\u00f3n y realizar su entrega de forma inmediata, sin tener que desplazarse a ning\u00fan centro educativo u organismo de la Consejer\u00eda de Educaci\u00f3n. Para realizar este tr\u00e1mite es necesario tener Certificado Digital, tambi\u00e9n conocido como Certificado de Usuario, expedido por la F\u00e1brica Nacional de Moneda y Timbre u otra en entidad certificadora. En el caso de no poseer el Certificado Digital podr\u00e1 solicitarlo esta direcci\u00f3n <a href=\"http:\/\/www.cert.fnmt.es\/index.php?cha=cit&amp;sec=obtain_cert\" target=\"_blank\" rel=\"noopener noreferrer\">http:\/\/www.cert.fnmt.es\/index.php?cha=cit&amp;sec=obtain_cert<\/a>, donde tendr\u00e1 que cumplimentar v\u00eda Internet la solicitud de su certificado. Esta solicitud debe efectuarse desde el ordenador en el que desee instalar inicialmente el certificado.<\/p>\n<p>[\/et_pb_text][et_pb_text _builder_version=&#8221;4.16&#8243; _module_preset=&#8221;default&#8221; global_colors_info=&#8221;{}&#8221;]<\/p>\n<div class=\"item-title\">\n<h4>OFICINA VIRTUAL DE LA CONSEJER\u00cdA DE EDUCACI\u00d3N<\/h4>\n<\/div>\n<p><a href=\"https:\/\/ws098.juntadeandalucia.es\/oficinaVirtual\/jsp\/index.jsf\" target=\"_blank\" rel=\"noopener noreferrer\"><img loading=\"lazy\" decoding=\"async\" class=\"wp-image-1574 size-medium alignright\" src=\"https:\/\/blogsaverroes.juntadeandalucia.es\/iesboliches\/files\/2022\/12\/secretaria2-300x78.gif\" alt=\"\" width=\"300\" height=\"78\">Desde aqu\u00ed<\/a> podr\u00e1 disponer de la m\u00e1xima operatividad en sus gestiones por Internet. Podr\u00e1 rellenar sus formularios, presentar solicitudes telem\u00e1ticamente, recibir notificaciones, solicitudes de ayuda, subvenciones&#8230;<\/p>\n<p><strong>Con el certificado digital<\/strong> podr\u00e1 realizar sus tr\u00e1mites, de forma c\u00f3moda, on-line, sin colas ni papeles, con plena fiabilidad y confidencialidad.<\/p>\n<p>[\/et_pb_text][\/et_pb_column][et_pb_column type=&#8221;1_4&#8243; _builder_version=&#8221;4.16&#8243; _module_preset=&#8221;default&#8221; global_colors_info=&#8221;{}&#8221;][et_pb_sidebar _builder_version=&#8221;4.16&#8243; _module_preset=&#8221;default&#8221; global_colors_info=&#8221;{}&#8221;][\/et_pb_sidebar][\/et_pb_column][\/et_pb_row][\/et_pb_section]<\/p>\n","protected":false},"excerpt":{"rendered":"<p>SECRETAR\u00cdA &nbsp; HORARIO DE ATENCI\u00d3N AL P\u00daBLICO ACTUALMENTE NO CONTAMOS CON PERSONAL DE SECRETAR\u00cdA De Lunes a Viernes: de 9:30 a 13:30 horasTel\u00e9fono: 952.58.14.09 &#8211; 951.26.99.10FAX: 951.26.99.07 &nbsp; INFORMACI\u00d3N DE NUESTRA SECRETAR\u00cdA &nbsp; Escolarizaci\u00f3n y matr\u00edcula para Secundaria y Bachillerato. Renuncia a la convocatoria o anulaci\u00f3n de matr\u00edcula en los Ciclos Formativos Anulaci\u00f3n de matr\u00edcula [&hellip;]<\/p>\n","protected":false},"author":5370,"featured_media":0,"parent":0,"menu_order":0,"comment_status":"closed","ping_status":"closed","template":"","meta":{"_et_pb_use_builder":"on","_et_pb_old_content":"","_et_gb_content_width":"","ngg_post_thumbnail":0,"footnotes":""},"aioseo_notices":[],"_links":{"self":[{"href":"https:\/\/blogsaverroes.juntadeandalucia.es\/iesboliches\/wp-json\/wp\/v2\/pages\/1519"}],"collection":[{"href":"https:\/\/blogsaverroes.juntadeandalucia.es\/iesboliches\/wp-json\/wp\/v2\/pages"}],"about":[{"href":"https:\/\/blogsaverroes.juntadeandalucia.es\/iesboliches\/wp-json\/wp\/v2\/types\/page"}],"author":[{"embeddable":true,"href":"https:\/\/blogsaverroes.juntadeandalucia.es\/iesboliches\/wp-json\/wp\/v2\/users\/5370"}],"replies":[{"embeddable":true,"href":"https:\/\/blogsaverroes.juntadeandalucia.es\/iesboliches\/wp-json\/wp\/v2\/comments?post=1519"}],"version-history":[{"count":30,"href":"https:\/\/blogsaverroes.juntadeandalucia.es\/iesboliches\/wp-json\/wp\/v2\/pages\/1519\/revisions"}],"predecessor-version":[{"id":4013,"href":"https:\/\/blogsaverroes.juntadeandalucia.es\/iesboliches\/wp-json\/wp\/v2\/pages\/1519\/revisions\/4013"}],"wp:attachment":[{"href":"https:\/\/blogsaverroes.juntadeandalucia.es\/iesboliches\/wp-json\/wp\/v2\/media?parent=1519"}],"curies":[{"name":"wp","href":"https:\/\/api.w.org\/{rel}","templated":true}]}}