{"id":1578,"date":"2022-12-10T20:28:57","date_gmt":"2022-12-10T19:28:57","guid":{"rendered":"https:\/\/blogsaverroes.juntadeandalucia.es\/iesboliches\/?page_id=1578"},"modified":"2022-12-10T20:29:02","modified_gmt":"2022-12-10T19:29:02","slug":"convalidacion-idioma","status":"publish","type":"page","link":"https:\/\/blogsaverroes.juntadeandalucia.es\/iesboliches\/convalidacion-idioma\/","title":{"rendered":"Convalidaci\u00f3n idioma"},"content":{"rendered":"<p>[et_pb_section fb_built=&#8221;1&#8243; _builder_version=&#8221;4.14.5&#8243; _module_preset=&#8221;default&#8221; global_colors_info=&#8221;{}&#8221; theme_builder_area=&#8221;post_content&#8221;][et_pb_row column_structure=&#8221;3_4,1_4&#8243; _builder_version=&#8221;4.14.5&#8243; _module_preset=&#8221;default&#8221; global_colors_info=&#8221;{}&#8221; theme_builder_area=&#8221;post_content&#8221;][et_pb_column type=&#8221;3_4&#8243; _builder_version=&#8221;4.14.5&#8243; _module_preset=&#8221;default&#8221; global_colors_info=&#8221;{}&#8221; theme_builder_area=&#8221;post_content&#8221;][et_pb_text _builder_version=&#8221;4.14.5&#8243; _module_preset=&#8221;default&#8221; hover_enabled=&#8221;0&#8243; global_colors_info=&#8221;{}&#8221; theme_builder_area=&#8221;post_content&#8221; sticky_enabled=&#8221;0&#8243;]<\/p>\n<h2>Convalidaci\u00f3n y\/o Dispensa de la materia de la primera o segunda lengua extranjera cursada en el Bachillerato<\/h2>\n<h4>REFERENCIA NORMATIVA<\/h4>\n<p><a href=\"http:\/\/iesboliches.org\/principal\/archivos\/03 convalidaciones idiomas Orden 31 enero 2011.pdf\" target=\"_blank\" rel=\"noopener noreferrer\">ORDEN de 31 de enero de 2011<\/a>, por la que se regulan convalidaciones entre estudios de educaci\u00f3n secundaria y estudios correspondientes al nivel b\u00e1sico de las ense\u00f1anzas de idiomas de r\u00e9gimen especial, as\u00ed como el reconocimiento de certificados de competencia en idiomas expedidos por otros organismos o instituciones.<\/p>\n<h4>PROCEDIMIENTO y SOLICITUDES<\/h4>\n<p><strong>1. Convalidaciones de la primera o segunda lengua extranjera cursada en el Bachillerato<\/strong> por el nivel b\u00e1sico de esa misma lengua de las ense\u00f1anzas de idiomas de r\u00e9gimen especial.<\/p>\n<ol>\n<li>El alumnado que haya superado el primer curso del nivel b\u00e1sico de las ense\u00f1anzas de idiomas podr\u00e1 convalidar la materia correspondiente a ese idioma del primer curso de Bachillerato.<\/li>\n<li>El alumno que haya superado el segundo curso del nivel b\u00e1sico de las ense\u00f1anzas de idioma podr\u00e1 convalidar la materia correspondiente a ese idioma del segundo curso de Bachillerato.<\/li>\n<\/ol>\n<p>La solicitud deber\u00e1 efectuarse antes de la finalizaci\u00f3n del <strong>mes de septiembre<\/strong> en la <strong>Secretar\u00eda del Instituto<\/strong> mediante el modelo <strong><a href=\"http:\/\/iesboliches.org\/principal\/01_centro\/08_secretaria\/archivos\/01 Anexo I - Solicitud de Convalidaci\u00f3n.pdf\" target=\"_blank\" rel=\"noopener noreferrer\">Anexo I \u2013 Solicitud de Convalidaci\u00f3n<\/a><\/strong>. A la solicitud de convalidaci\u00f3n se acompa\u00f1ar\u00e1 certificado de estudios, expedido por la escuela oficial de idiomas, en el que conste la superaci\u00f3n del curso del nivel b\u00e1sico correspondiente de las ense\u00f1anzas de idiomas.<\/p>\n<p><strong>2. Solicitud de dispensa de asistencia a clase<\/strong> por cursar estudios simult\u00e1neos.<br \/>Podr\u00e1 solicitar la dispensa de asistir a las clases de la materia correspondiente en Bachillerato aquel alumno que curse, de forma simult\u00e1nea, primero o segundo curso de Bachillerato y, respectivamente, primero o segundo curso del nivel b\u00e1sico de las ense\u00f1anzas de idiomas de r\u00e9gimen especial. Una vez superados los cursos correspondientes del nivel b\u00e1sico de las ense\u00f1anzas de idiomas podr\u00e1 convalidar la materia correspondiente a ese idioma.<\/p>\n<p>La solicitud deber\u00e1 efectuarse antes de la finalizaci\u00f3n del <strong>mes de septiembre<\/strong> en la <strong>Secretar\u00eda del Instituto<\/strong> mediante el modelo <strong><a href=\"http:\/\/iesboliches.org\/principal\/01_centro\/08_secretaria\/archivos\/02 Anexo II - Solicitud de Dispensa.pdf\" target=\"_blank\" rel=\"noopener noreferrer\">Anexo II \u2013 Solicitud de Dispensa<\/a><\/strong>. A la solicitud de convalidaci\u00f3n se acompa\u00f1ar\u00e1 copia del impreso de matriculaci\u00f3n en el curso correspondiente del nivel b\u00e1sico de las ense\u00f1anzas de idiomas, sellado por la escuela oficial de idiomas. Una vez finalizado el curso acad\u00e9mico, cuando sea conocida la calificaci\u00f3n final del curso correspondiente del nivel b\u00e1sico de las ense\u00f1anzas de idiomas, y si el alumno o alumna ha superado el mismo, se realizar\u00e1 el reconocimiento de la convalidaci\u00f3n que proceda.<\/p>\n<p><strong>3.<\/strong> En ambos supuestos, los documentos oficiales de evaluaci\u00f3n de los alumnos y alumnas que hayan obtenido el reconocimiento de la convalidaci\u00f3n, la casilla correspondiente a la materia convalidada <strong>se cumplimentara con la expresi\u00f3n \u00abconvalidada\u00bb<\/strong>, tanto en el acta de evaluaci\u00f3n como en el historial acad\u00e9mico. Las materias y asignaturas objeto de convalidaci\u00f3n <strong>no ser\u00e1n tenidas en cuenta en el c\u00e1lculo de la nota media del expediente acad\u00e9mico<\/strong>.<\/p>\n<h4>RECURSOS<\/h4>\n<p>Contra las resoluciones de la direcci\u00f3n cabe interponer recurso de alzada ante la persona titular de la Delegaci\u00f3n Provincial correspondiente de la Consejer\u00eda de Educaci\u00f3n, de conformidad con lo establecido en el art\u00edculo 107.1 y 114 de la Ley 30\/1992, de 26 de noviembre, de R\u00e9gimen Jur\u00eddico de las Administraciones P\u00fablicas y del Procedimiento Administrativo Com\u00fan.<\/p>\n<p>[\/et_pb_text][\/et_pb_column][et_pb_column type=&#8221;1_4&#8243; _builder_version=&#8221;4.14.5&#8243; _module_preset=&#8221;default&#8221; global_colors_info=&#8221;{}&#8221; theme_builder_area=&#8221;post_content&#8221;][et_pb_sidebar _builder_version=&#8221;4.14.5&#8243; _module_preset=&#8221;default&#8221; global_colors_info=&#8221;{}&#8221; theme_builder_area=&#8221;post_content&#8221;][\/et_pb_sidebar][\/et_pb_column][\/et_pb_row][\/et_pb_section]<\/p>\n","protected":false},"excerpt":{"rendered":"<p>Convalidaci\u00f3n y\/o Dispensa de la materia de la primera o segunda lengua extranjera cursada en el Bachillerato REFERENCIA NORMATIVA ORDEN de 31 de enero de 2011, por la que se regulan convalidaciones entre estudios de educaci\u00f3n secundaria y estudios correspondientes al nivel b\u00e1sico de las ense\u00f1anzas de idiomas de r\u00e9gimen especial, as\u00ed como el reconocimiento [&hellip;]<\/p>\n","protected":false},"author":5370,"featured_media":0,"parent":0,"menu_order":0,"comment_status":"closed","ping_status":"closed","template":"","meta":{"_et_pb_use_builder":"on","_et_pb_old_content":"","_et_gb_content_width":"","ngg_post_thumbnail":0,"footnotes":""},"aioseo_notices":[],"_links":{"self":[{"href":"https:\/\/blogsaverroes.juntadeandalucia.es\/iesboliches\/wp-json\/wp\/v2\/pages\/1578"}],"collection":[{"href":"https:\/\/blogsaverroes.juntadeandalucia.es\/iesboliches\/wp-json\/wp\/v2\/pages"}],"about":[{"href":"https:\/\/blogsaverroes.juntadeandalucia.es\/iesboliches\/wp-json\/wp\/v2\/types\/page"}],"author":[{"embeddable":true,"href":"https:\/\/blogsaverroes.juntadeandalucia.es\/iesboliches\/wp-json\/wp\/v2\/users\/5370"}],"replies":[{"embeddable":true,"href":"https:\/\/blogsaverroes.juntadeandalucia.es\/iesboliches\/wp-json\/wp\/v2\/comments?post=1578"}],"version-history":[{"count":2,"href":"https:\/\/blogsaverroes.juntadeandalucia.es\/iesboliches\/wp-json\/wp\/v2\/pages\/1578\/revisions"}],"predecessor-version":[{"id":1581,"href":"https:\/\/blogsaverroes.juntadeandalucia.es\/iesboliches\/wp-json\/wp\/v2\/pages\/1578\/revisions\/1581"}],"wp:attachment":[{"href":"https:\/\/blogsaverroes.juntadeandalucia.es\/iesboliches\/wp-json\/wp\/v2\/media?parent=1578"}],"curies":[{"name":"wp","href":"https:\/\/api.w.org\/{rel}","templated":true}]}}