{"id":1946,"date":"2022-12-13T12:52:10","date_gmt":"2022-12-13T11:52:10","guid":{"rendered":"https:\/\/blogsaverroes.juntadeandalucia.es\/iesboliches\/?page_id=1946"},"modified":"2022-12-13T12:56:55","modified_gmt":"2022-12-13T11:56:55","slug":"consejo-escolar","status":"publish","type":"page","link":"https:\/\/blogsaverroes.juntadeandalucia.es\/iesboliches\/consejo-escolar\/","title":{"rendered":"Consejo Escolar"},"content":{"rendered":"<p>[et_pb_section fb_built=&#8221;1&#8243; _builder_version=&#8221;4.14.5&#8243; _module_preset=&#8221;default&#8221; global_colors_info=&#8221;{}&#8221;][et_pb_row column_structure=&#8221;3_4,1_4&#8243; _builder_version=&#8221;4.14.5&#8243; _module_preset=&#8221;default&#8221; global_colors_info=&#8221;{}&#8221;][et_pb_column type=&#8221;3_4&#8243; _builder_version=&#8221;4.14.5&#8243; _module_preset=&#8221;default&#8221; global_colors_info=&#8221;{}&#8221;][et_pb_text _builder_version=&#8221;4.14.5&#8243; _module_preset=&#8221;default&#8221; hover_enabled=&#8221;0&#8243; global_colors_info=&#8221;{}&#8221; sticky_enabled=&#8221;0&#8243;]<\/p>\n<h2>CONSEJO ESCOLAR &#8211; REPRESENTANTES CURSO 2022\/2023<\/h2>\n<p>&nbsp;<\/p>\n<ul class=\"list-icon check color\">\n<li><strong>\u00d3RGANOS UNIPERSONALES<\/strong>\n<ul class=\"list-icon angle-right color\">\n<li>Salazar Llamas, Diego (DIRECTOR\/A)<\/li>\n<li>Garc\u00eda Villar, Elena (JEFE\/A DE ESTUDIOS)<\/li>\n<li>Le\u00f3n Ruiz, Mar\u00eda Isabel (SECRETARIO\/A)<\/li>\n<\/ul>\n<\/li>\n<li><strong>SECTOR PROFESORADO<\/strong>\n<ul class=\"list-icon angle-right color\">\n<li>Codes Moreno, Isabel<\/li>\n<li>D\u00edaz Redondo, Inmaculada<\/li>\n<li>Est\u00e9vez Iglesias, Jos\u00e9<\/li>\n<li>Jim\u00e9nez del Pino, Francisco Jos\u00e9<\/li>\n<li>Mora Garc\u00eda, Jos\u00e9 Rafael<\/li>\n<li>Rodr\u00edguez \u00c1vila, Susana Beatriz<\/li>\n<li>Torrero Sabariego, Raquel<\/li>\n<li>Trazegnies Otero, Leopoldo<\/li>\n<\/ul>\n<\/li>\n<li><strong>SECTOR PADRES\/MADRES<\/strong>\n<ul class=\"list-icon angle-right color\">\n<li>Bastin, Sofie<\/li>\n<li>Cobos Luna, Rosa Mar\u00eda<\/li>\n<li>Iglesia Moreno, Sonia<\/li>\n<li>Maestre De Escuela, Karelle Janin<\/li>\n<li>Nogales P\u00e9rez, Mar\u00eda Carmen<\/li>\n<\/ul>\n<\/li>\n<li><strong>SECTOR ALUMNADO<\/strong>\n<ul class=\"list-icon angle-right color\">\n<li>Aguilera Intriago, Ainhoa<\/li>\n<li>Hidalgo Dur\u00e1n, Erlantz<\/li>\n<li>Lovatto Noir, Giovanna<\/li>\n<li>Villanueva Marfil, Alejandro<\/li>\n<li>Von Thode \u00c1rbol, Alberto<\/li>\n<\/ul>\n<\/li>\n<li><strong>SECTOR AYUNTAMIENTO<\/strong>\n<ul class=\"list-icon angle-right color\">\n<li>Bravo Mart\u00edn, Rosa Ana<\/li>\n<\/ul>\n<\/li>\n<li><strong>SECTOR EMPRESARIAL<\/strong>\n<ul class=\"list-icon angle-right color\">\n<li>Delgado Guaita, Marlon Abel<\/li>\n<\/ul>\n<\/li>\n<\/ul>\n<p>[\/et_pb_text][\/et_pb_column][et_pb_column type=&#8221;1_4&#8243; _builder_version=&#8221;4.14.5&#8243; _module_preset=&#8221;default&#8221; global_colors_info=&#8221;{}&#8221;][et_pb_sidebar _builder_version=&#8221;4.14.5&#8243; _module_preset=&#8221;default&#8221; global_colors_info=&#8221;{}&#8221;][\/et_pb_sidebar][\/et_pb_column][\/et_pb_row][\/et_pb_section]<\/p>\n","protected":false},"excerpt":{"rendered":"<p>CONSEJO ESCOLAR &#8211; REPRESENTANTES CURSO 2022\/2023 &nbsp; \u00d3RGANOS UNIPERSONALES Salazar Llamas, Diego (DIRECTOR\/A) Garc\u00eda Villar, Elena (JEFE\/A DE ESTUDIOS) Le\u00f3n Ruiz, Mar\u00eda Isabel (SECRETARIO\/A) SECTOR PROFESORADO Codes Moreno, Isabel D\u00edaz Redondo, Inmaculada Est\u00e9vez Iglesias, Jos\u00e9 Jim\u00e9nez del Pino, Francisco Jos\u00e9 Mora Garc\u00eda, Jos\u00e9 Rafael Rodr\u00edguez \u00c1vila, Susana Beatriz Torrero Sabariego, Raquel Trazegnies Otero, Leopoldo SECTOR [&hellip;]<\/p>\n","protected":false},"author":5370,"featured_media":0,"parent":0,"menu_order":0,"comment_status":"closed","ping_status":"closed","template":"","meta":{"_et_pb_use_builder":"on","_et_pb_old_content":"","_et_gb_content_width":"","ngg_post_thumbnail":0,"footnotes":""},"aioseo_notices":[],"_links":{"self":[{"href":"https:\/\/blogsaverroes.juntadeandalucia.es\/iesboliches\/wp-json\/wp\/v2\/pages\/1946"}],"collection":[{"href":"https:\/\/blogsaverroes.juntadeandalucia.es\/iesboliches\/wp-json\/wp\/v2\/pages"}],"about":[{"href":"https:\/\/blogsaverroes.juntadeandalucia.es\/iesboliches\/wp-json\/wp\/v2\/types\/page"}],"author":[{"embeddable":true,"href":"https:\/\/blogsaverroes.juntadeandalucia.es\/iesboliches\/wp-json\/wp\/v2\/users\/5370"}],"replies":[{"embeddable":true,"href":"https:\/\/blogsaverroes.juntadeandalucia.es\/iesboliches\/wp-json\/wp\/v2\/comments?post=1946"}],"version-history":[{"count":3,"href":"https:\/\/blogsaverroes.juntadeandalucia.es\/iesboliches\/wp-json\/wp\/v2\/pages\/1946\/revisions"}],"predecessor-version":[{"id":1952,"href":"https:\/\/blogsaverroes.juntadeandalucia.es\/iesboliches\/wp-json\/wp\/v2\/pages\/1946\/revisions\/1952"}],"wp:attachment":[{"href":"https:\/\/blogsaverroes.juntadeandalucia.es\/iesboliches\/wp-json\/wp\/v2\/media?parent=1946"}],"curies":[{"name":"wp","href":"https:\/\/api.w.org\/{rel}","templated":true}]}}