{"id":164,"date":"2015-03-17T07:52:28","date_gmt":"2015-03-17T07:52:28","guid":{"rendered":"http:\/\/blogsaverroes.juntadeandalucia.es\/pre\/ceip\/?page_id=164"},"modified":"2018-10-17T08:10:55","modified_gmt":"2018-10-17T08:10:55","slug":"ingles-2","status":"publish","type":"page","link":"https:\/\/blogsaverroes.juntadeandalucia.es\/iesbotanicosanlucar\/ingles-2\/","title":{"rendered":"IDIOMAS"},"content":{"rendered":"<p style=\"text-align: center\"><a href=\"https:\/\/blogsaverroes.juntadeandalucia.es\/iesbotanicosanlucar\/files\/2015\/03\/FR.jpg\"><img loading=\"lazy\" decoding=\"async\" class=\"alignnone  wp-image-2438\" src=\"https:\/\/blogsaverroes.juntadeandalucia.es\/iesbotanicosanlucar\/files\/2015\/03\/FR.jpg\" alt=\"\" width=\"243\" height=\"194\" srcset=\"https:\/\/blogsaverroes.juntadeandalucia.es\/iesbotanicosanlucar\/files\/2015\/03\/FR.jpg 251w, https:\/\/blogsaverroes.juntadeandalucia.es\/iesbotanicosanlucar\/files\/2015\/03\/FR-24x19.jpg 24w, https:\/\/blogsaverroes.juntadeandalucia.es\/iesbotanicosanlucar\/files\/2015\/03\/FR-36x29.jpg 36w, https:\/\/blogsaverroes.juntadeandalucia.es\/iesbotanicosanlucar\/files\/2015\/03\/FR-48x38.jpg 48w\" sizes=\"(max-width: 243px) 100vw, 243px\" \/><\/a> <a href=\"https:\/\/blogsaverroes.juntadeandalucia.es\/iesbotanicosanlucar\/files\/2015\/03\/EN.jpg\"><img loading=\"lazy\" decoding=\"async\" class=\"alignnone  wp-image-2437\" src=\"https:\/\/blogsaverroes.juntadeandalucia.es\/iesbotanicosanlucar\/files\/2015\/03\/EN.jpg\" alt=\"\" width=\"238\" height=\"162\" srcset=\"https:\/\/blogsaverroes.juntadeandalucia.es\/iesbotanicosanlucar\/files\/2015\/03\/EN.jpg 272w, https:\/\/blogsaverroes.juntadeandalucia.es\/iesbotanicosanlucar\/files\/2015\/03\/EN-24x16.jpg 24w, https:\/\/blogsaverroes.juntadeandalucia.es\/iesbotanicosanlucar\/files\/2015\/03\/EN-36x24.jpg 36w, https:\/\/blogsaverroes.juntadeandalucia.es\/iesbotanicosanlucar\/files\/2015\/03\/EN-48x33.jpg 48w\" sizes=\"(max-width: 238px) 100vw, 238px\" \/><\/a><\/p>\n<p><strong><span style=\"font-family: sans-serif\"><span style=\"font-size: medium\">Ingl\u00e9s y Franc\u00e9s<\/span><\/span><\/strong><\/p>\n<p><span style=\"font-family: sans-serif\"><span style=\"font-size: medium\">La lengua es el instrumento por excelencia del aprendizaje y la comunicaci\u00f3n. Tanto las lenguas primeras como las lenguas extranjeras forman parte en la actualidad, y cada vez lo har\u00e1n m\u00e1s en el futuro, del bagaje vital de las personas en un mundo en continua expansi\u00f3n en el que, a la vez, las relaciones entre individuos, pa\u00edses, organismos y corporaciones se hacen m\u00e1s frecuentes y m\u00e1s estrechas. En la medida en que ese bagaje comprende diversos conocimientos, destrezas y actitudes en diversas lenguas, es decir un perfil pluriling\u00fce e intercultural, el individuo est\u00e1 mejor preparado para integrarse y participar en una variedad de contextos y de situaciones que suponen un est\u00edmulo para su desarrollo, y mejores oportunidades, en los \u00e1mbitos personal, p\u00fablico, educativo o acad\u00e9mico, ocupacional y profesional.<\/span><\/span><\/p>\n<p>&nbsp;<\/p>\n","protected":false},"excerpt":{"rendered":"<p>Ingl\u00e9s y Franc\u00e9s La lengua es el instrumento por excelencia del aprendizaje y la comunicaci\u00f3n. Tanto las lenguas primeras como las lenguas extranjeras forman parte en la actualidad, y cada vez lo har\u00e1n m\u00e1s&#46;&#46;&#46;<\/p>\n","protected":false},"author":1,"featured_media":0,"parent":0,"menu_order":0,"comment_status":"open","ping_status":"open","template":"","meta":{"ngg_post_thumbnail":0,"footnotes":"","_mc_calendar":[]},"aioseo_notices":[],"_links":{"self":[{"href":"https:\/\/blogsaverroes.juntadeandalucia.es\/iesbotanicosanlucar\/wp-json\/wp\/v2\/pages\/164"}],"collection":[{"href":"https:\/\/blogsaverroes.juntadeandalucia.es\/iesbotanicosanlucar\/wp-json\/wp\/v2\/pages"}],"about":[{"href":"https:\/\/blogsaverroes.juntadeandalucia.es\/iesbotanicosanlucar\/wp-json\/wp\/v2\/types\/page"}],"author":[{"embeddable":true,"href":"https:\/\/blogsaverroes.juntadeandalucia.es\/iesbotanicosanlucar\/wp-json\/wp\/v2\/users\/1"}],"replies":[{"embeddable":true,"href":"https:\/\/blogsaverroes.juntadeandalucia.es\/iesbotanicosanlucar\/wp-json\/wp\/v2\/comments?post=164"}],"version-history":[{"count":5,"href":"https:\/\/blogsaverroes.juntadeandalucia.es\/iesbotanicosanlucar\/wp-json\/wp\/v2\/pages\/164\/revisions"}],"predecessor-version":[{"id":2439,"href":"https:\/\/blogsaverroes.juntadeandalucia.es\/iesbotanicosanlucar\/wp-json\/wp\/v2\/pages\/164\/revisions\/2439"}],"wp:attachment":[{"href":"https:\/\/blogsaverroes.juntadeandalucia.es\/iesbotanicosanlucar\/wp-json\/wp\/v2\/media?parent=164"}],"curies":[{"name":"wp","href":"https:\/\/api.w.org\/{rel}","templated":true}]}}

<p style="text-align: center"><a href="https://blogsaverroes.juntadeandalucia.es/iesbotanicosanlucar/files/2015/03/FR.jpg"><img loading="lazy" decoding="async" class="alignnone  wp-image-2438" src="https://blogsaverroes.juntadeandalucia.es/iesbotanicosanlucar/files/2015/03/FR.jpg" alt="" width="243" height="194" srcset="https://blogsaverroes.juntadeandalucia.es/iesbotanicosanlucar/files/2015/03/FR.jpg 251w, https://blogsaverroes.juntadeandalucia.es/iesbotanicosanlucar/files/2015/03/FR-24x19.jpg 24w, https://blogsaverroes.juntadeandalucia.es/iesbotanicosanlucar/files/2015/03/FR-36x29.jpg 36w, https://blogsaverroes.juntadeandalucia.es/iesbotanicosanlucar/files/2015/03/FR-48x38.jpg 48w" sizes="(max-width: 243px) 100vw, 243px" /></a> <a href="https://blogsaverroes.juntadeandalucia.es/iesbotanicosanlucar/files/2015/03/EN.jpg"><img loading="lazy" decoding="async" class="alignnone  wp-image-2437" src="https://blogsaverroes.juntadeandalucia.es/iesbotanicosanlucar/files/2015/03/EN.jpg" alt="" width="238" height="162" srcset="https://blogsaverroes.juntadeandalucia.es/iesbotanicosanlucar/files/2015/03/EN.jpg 272w, https://blogsaverroes.juntadeandalucia.es/iesbotanicosanlucar/files/2015/03/EN-24x16.jpg 24w, https://blogsaverroes.juntadeandalucia.es/iesbotanicosanlucar/files/2015/03/EN-36x24.jpg 36w, https://blogsaverroes.juntadeandalucia.es/iesbotanicosanlucar/files/2015/03/EN-48x33.jpg 48w" sizes="(max-width: 238px) 100vw, 238px" /></a></p>
<p><strong><span style="font-family: sans-serif"><span style="font-size: medium">Inglés y Francés</span></span></strong></p>
<p><span style="font-family: sans-serif"><span style="font-size: medium">La lengua es el instrumento por excelencia del aprendizaje y la comunicación. Tanto las lenguas primeras como las lenguas extranjeras forman parte en la actualidad, y cada vez lo harán más en el futuro, del bagaje vital de las personas en un mundo en continua expansión en el que, a la vez, las relaciones entre individuos, países, organismos y corporaciones se hacen más frecuentes y más estrechas. En la medida en que ese bagaje comprende diversos conocimientos, destrezas y actitudes en diversas lenguas, es decir un perfil plurilingüe e intercultural, el individuo está mejor preparado para integrarse y participar en una variedad de contextos y de situaciones que suponen un estímulo para su desarrollo, y mejores oportunidades, en los ámbitos personal, público, educativo o académico, ocupacional y profesional.</span></span></p>
<p>&nbsp;</p>

<p>Inglés y Francés La lengua es el instrumento por excelencia del aprendizaje y la comunicación. Tanto las lenguas primeras como las lenguas extranjeras forman parte en la actualidad, y cada vez lo harán más&#46;&#46;&#46;</p>
