{"id":369,"date":"2015-03-18T10:25:18","date_gmt":"2015-03-18T10:25:18","guid":{"rendered":"http:\/\/blogsaverroes.juntadeandalucia.es\/pre\/ceip\/?page_id=369"},"modified":"2019-02-26T09:12:23","modified_gmt":"2019-02-26T09:12:23","slug":"materiales-recursos","status":"publish","type":"page","link":"https:\/\/blogsaverroes.juntadeandalucia.es\/iesbotanicosanlucar\/biologia-y-geologia\/materiales-recursos\/","title":{"rendered":"Departamento de Matem\u00e1ticas"},"content":{"rendered":"<h4>Durante el curso 2018\/2019, nuestro Departamento de Matem\u00e1ticas est\u00e1 compuesto por los compa\u00f1eros:<\/h4>\n<ul>\n<li>Mar\u00eda de los \u00c1ngeles Garc\u00eda Garc\u00eda(Jefa de Departamento)<\/li>\n<li>Carolina Estefan\u00eda P\u00e9rez Rend\u00f3n<\/li>\n<li>Sergio Manuel G\u00e1lvez Garc\u00eda<\/li>\n<li>Mar\u00eda Pilar Aguayo Falc\u00f3n<\/li>\n<li>Mar\u00eda Inmaculada Campa\u00f1a Guerrero<\/li>\n<li>Daniel Pastor Ar\u00e9valo<\/li>\n<li>Inmaculada Gonz\u00e1lez Torrej\u00f3n<\/li>\n<\/ul>\n<p>&nbsp;<\/p>\n<p>&nbsp;<\/p>\n<p>&nbsp;<\/p>\n","protected":false},"excerpt":{"rendered":"<p>Durante el curso 2018\/2019, nuestro Departamento de Matem\u00e1ticas est\u00e1 compuesto por los compa\u00f1eros: Mar\u00eda de los \u00c1ngeles Garc\u00eda Garc\u00eda(Jefa de Departamento) Carolina Estefan\u00eda P\u00e9rez Rend\u00f3n Sergio Manuel G\u00e1lvez Garc\u00eda Mar\u00eda Pilar Aguayo Falc\u00f3n Mar\u00eda&#46;&#46;&#46;<\/p>\n","protected":false},"author":1,"featured_media":0,"parent":158,"menu_order":0,"comment_status":"open","ping_status":"open","template":"","meta":{"ngg_post_thumbnail":0,"footnotes":"","_mc_calendar":[]},"aioseo_notices":[],"_links":{"self":[{"href":"https:\/\/blogsaverroes.juntadeandalucia.es\/iesbotanicosanlucar\/wp-json\/wp\/v2\/pages\/369"}],"collection":[{"href":"https:\/\/blogsaverroes.juntadeandalucia.es\/iesbotanicosanlucar\/wp-json\/wp\/v2\/pages"}],"about":[{"href":"https:\/\/blogsaverroes.juntadeandalucia.es\/iesbotanicosanlucar\/wp-json\/wp\/v2\/types\/page"}],"author":[{"embeddable":true,"href":"https:\/\/blogsaverroes.juntadeandalucia.es\/iesbotanicosanlucar\/wp-json\/wp\/v2\/users\/1"}],"replies":[{"embeddable":true,"href":"https:\/\/blogsaverroes.juntadeandalucia.es\/iesbotanicosanlucar\/wp-json\/wp\/v2\/comments?post=369"}],"version-history":[{"count":4,"href":"https:\/\/blogsaverroes.juntadeandalucia.es\/iesbotanicosanlucar\/wp-json\/wp\/v2\/pages\/369\/revisions"}],"predecessor-version":[{"id":2515,"href":"https:\/\/blogsaverroes.juntadeandalucia.es\/iesbotanicosanlucar\/wp-json\/wp\/v2\/pages\/369\/revisions\/2515"}],"up":[{"embeddable":true,"href":"https:\/\/blogsaverroes.juntadeandalucia.es\/iesbotanicosanlucar\/wp-json\/wp\/v2\/pages\/158"}],"wp:attachment":[{"href":"https:\/\/blogsaverroes.juntadeandalucia.es\/iesbotanicosanlucar\/wp-json\/wp\/v2\/media?parent=369"}],"curies":[{"name":"wp","href":"https:\/\/api.w.org\/{rel}","templated":true}]}}

Departamento de Matemáticas

<h4>Durante el curso 2018/2019, nuestro Departamento de Matemáticas está compuesto por los compañeros:</h4>
<ul>
<li>María de los Ángeles García García(Jefa de Departamento)</li>
<li>Carolina Estefanía Pérez Rendón</li>
<li>Sergio Manuel Gálvez García</li>
<li>María Pilar Aguayo Falcón</li>
<li>María Inmaculada Campaña Guerrero</li>
<li>Daniel Pastor Arévalo</li>
<li>Inmaculada González Torrejón</li>
</ul>
<p>&nbsp;</p>
<p>&nbsp;</p>
<p>&nbsp;</p>

<p>Durante el curso 2018/2019, nuestro Departamento de Matemáticas está compuesto por los compañeros: María de los Ángeles García García(Jefa de Departamento) Carolina Estefanía Pérez Rendón Sergio Manuel Gálvez García María Pilar Aguayo Falcón María&#46;&#46;&#46;</p>
