{"id":155,"date":"2015-03-17T07:49:21","date_gmt":"2015-03-17T06:49:21","guid":{"rendered":"http:\/\/blogsaverroes.juntadeandalucia.es\/pre\/ceip\/?page_id=155"},"modified":"2025-12-19T09:25:01","modified_gmt":"2025-12-19T08:25:01","slug":"lengua-castellana-literatura","status":"publish","type":"page","link":"https:\/\/blogsaverroes.juntadeandalucia.es\/iesbulyana\/?page_id=155","title":{"rendered":"Lengua Castellana y Literatura"},"content":{"rendered":"<h2 class=\"western\" align=\"center\"><u><span lang=\"en-US\"><i><b>DEPARTAMENTO DE LENGUA CASTELLANA Y LITERATURA 2025-2026<\/b><\/i><\/span><\/u><\/h2>\n<p align=\"center\"><a href=\"https:\/\/blogsaverroes.juntadeandalucia.es\/iesbulyana\/files\/2022\/03\/lengua1.png\"><img loading=\"lazy\" decoding=\"async\" class=\"alignnone wp-image-6998\" src=\"https:\/\/blogsaverroes.juntadeandalucia.es\/iesbulyana\/files\/2022\/03\/lengua1-300x180.png\" alt=\"\" width=\"343\" height=\"206\" srcset=\"https:\/\/blogsaverroes.juntadeandalucia.es\/iesbulyana\/files\/2022\/03\/lengua1-300x180.png 300w, https:\/\/blogsaverroes.juntadeandalucia.es\/iesbulyana\/files\/2022\/03\/lengua1.png 500w\" sizes=\"(max-width: 343px) 100vw, 343px\" \/><\/a> &nbsp; &nbsp; &nbsp;<\/p>\n<p align=\"justify\">La materia de Lengua Castellana y Literatura adquiere un papel fundamental en la formaci\u00f3n de los estudiantes, ya que los acompa\u00f1ar\u00e1 en todos los cursos de la ESO y, posteriormente, en el Bachillerato. La materia tiene por finalidad asentar los conocimientos adquiridos en el \u00e1mbito ling\u00fc\u00edstico durante la educaci\u00f3n primaria y adquirir nuevos conocimientos que contribuyan a la formaci\u00f3n integral del alumnado.<\/p>\n<p align=\"justify\">El programa de la materia est\u00e1 organizado en cuatro grandes bloques:<\/p>\n<ul>\n<li><strong>Bloque de comunicaci\u00f3n:<\/strong> Se estudian los tipos de texto, los elementos de la comunicaci\u00f3n, textos descriptivos y narrativos, normas ortogr\u00e1ficas b\u00e1sicas, derivaci\u00f3n y formaci\u00f3n de palabras, etc.<\/li>\n<li><b>Bloque de leer y escribir: <\/b>Desde una actitud cr\u00edtica y reflexiva, se incide tanto en la comprensi\u00f3n, interpretaci\u00f3n y valoraci\u00f3n de textos escritos, como en la producci\u00f3n de textos propios como forma de comunicar sentimientos, experiencias, conocimientos y emociones.<\/li>\n<li><strong>Bloque de Morfolog\u00eda y Gram\u00e1tica:<\/strong> Se estudian los diferentes tipos y funciones de la palabra, las caracter\u00edsticas de g\u00e9nero y n\u00famero, las funciones verbales, sintagmas nominales y verbales, as\u00ed como los tipos de oraciones entre otros contenidos.<\/li>\n<li><b>Bloque de Literatura: <\/b>Se estudian los diferentes tipos y g\u00e9neros literarios as\u00ed como las caracter\u00edsticas, formas literarias y ejemplos m\u00e1s representativos de cada uno.<\/li>\n<\/ul>\n<p><a href=\"https:\/\/blogsaverroes.juntadeandalucia.es\/iesbulyana\/files\/2022\/03\/lengua2.jpg\"><img loading=\"lazy\" decoding=\"async\" class=\"size-medium wp-image-6999 aligncenter\" src=\"https:\/\/blogsaverroes.juntadeandalucia.es\/iesbulyana\/files\/2022\/03\/lengua2-225x300.jpg\" alt=\"\" width=\"225\" height=\"300\" srcset=\"https:\/\/blogsaverroes.juntadeandalucia.es\/iesbulyana\/files\/2022\/03\/lengua2-225x300.jpg 225w, https:\/\/blogsaverroes.juntadeandalucia.es\/iesbulyana\/files\/2022\/03\/lengua2.jpg 300w\" sizes=\"(max-width: 225px) 100vw, 225px\" \/><\/a><\/p>\n<p>Los docentes que integran este departamento durante el curso escolar 2025-2026 son los siguientes:<\/p>\n<dl>\n<dd>\n<table style=\"border-collapse: collapse;width: 99.8667%;height: 50px\">\n<tbody>\n<tr style=\"height: 50px\">\n<td style=\"width: 52.0693%;height: 50px\">\n<p lang=\"en-US\" align=\"center\"><strong>Don Antonio Valero Rodr\u00edguez<\/strong><\/p>\n<\/td>\n<td style=\"width: 49.1323%;height: 50px\">\n<p lang=\"en-US\" align=\"center\"><strong>Do\u00f1a Sara Isabel Garc\u00eda Mendoza<\/strong><\/p>\n<\/td>\n<\/tr>\n<\/tbody>\n<\/table>\n<\/dd>\n<\/dl>\n","protected":false},"excerpt":{"rendered":"<p>DEPARTAMENTO DE LENGUA CASTELLANA Y LITERATURA 2025-2026 &nbsp; &nbsp; &nbsp; La materia de Lengua Castellana y Literatura adquiere un papel fundamental en la formaci\u00f3n de los estudiantes, ya que los acompa\u00f1ar\u00e1 en todos los cursos de la ESO y, posteriormente, en el Bachillerato. La materia tiene por finalidad asentar los conocimientos adquiridos en el \u00e1mbito &hellip; <\/p>\n<p><a class=\"more-link btn\" href=\"https:\/\/blogsaverroes.juntadeandalucia.es\/iesbulyana\/?page_id=155\">Seguir leyendo<\/a><\/p>\n","protected":false},"author":1,"featured_media":0,"parent":0,"menu_order":6,"comment_status":"open","ping_status":"closed","template":"","meta":{"_exactmetrics_skip_tracking":false,"_exactmetrics_sitenote_active":false,"_exactmetrics_sitenote_note":"","_exactmetrics_sitenote_category":0,"ngg_post_thumbnail":0,"footnotes":"","_mc_calendar":[]},"aioseo_notices":[],"_links":{"self":[{"href":"https:\/\/blogsaverroes.juntadeandalucia.es\/iesbulyana\/index.php?rest_route=\/wp\/v2\/pages\/155"}],"collection":[{"href":"https:\/\/blogsaverroes.juntadeandalucia.es\/iesbulyana\/index.php?rest_route=\/wp\/v2\/pages"}],"about":[{"href":"https:\/\/blogsaverroes.juntadeandalucia.es\/iesbulyana\/index.php?rest_route=\/wp\/v2\/types\/page"}],"author":[{"embeddable":true,"href":"https:\/\/blogsaverroes.juntadeandalucia.es\/iesbulyana\/index.php?rest_route=\/wp\/v2\/users\/1"}],"replies":[{"embeddable":true,"href":"https:\/\/blogsaverroes.juntadeandalucia.es\/iesbulyana\/index.php?rest_route=%2Fwp%2Fv2%2Fcomments&post=155"}],"version-history":[{"count":12,"href":"https:\/\/blogsaverroes.juntadeandalucia.es\/iesbulyana\/index.php?rest_route=\/wp\/v2\/pages\/155\/revisions"}],"predecessor-version":[{"id":7825,"href":"https:\/\/blogsaverroes.juntadeandalucia.es\/iesbulyana\/index.php?rest_route=\/wp\/v2\/pages\/155\/revisions\/7825"}],"wp:attachment":[{"href":"https:\/\/blogsaverroes.juntadeandalucia.es\/iesbulyana\/index.php?rest_route=%2Fwp%2Fv2%2Fmedia&parent=155"}],"curies":[{"name":"wp","href":"https:\/\/api.w.org\/{rel}","templated":true}]}}

<h2 class="western" align="center"><u><span lang="en-US"><i><b>DEPARTAMENTO DE LENGUA CASTELLANA Y LITERATURA 2025-2026</b></i></span></u></h2>
<p align="center"><a href="https://blogsaverroes.juntadeandalucia.es/iesbulyana/files/2022/03/lengua1.png"><img loading="lazy" decoding="async" class="alignnone wp-image-6998" src="https://blogsaverroes.juntadeandalucia.es/iesbulyana/files/2022/03/lengua1-300x180.png" alt="" width="343" height="206" srcset="https://blogsaverroes.juntadeandalucia.es/iesbulyana/files/2022/03/lengua1-300x180.png 300w, https://blogsaverroes.juntadeandalucia.es/iesbulyana/files/2022/03/lengua1.png 500w" sizes="(max-width: 343px) 100vw, 343px" /></a> &nbsp; &nbsp; &nbsp;</p>
<p align="justify">La materia de Lengua Castellana y Literatura adquiere un papel fundamental en la formación de los estudiantes, ya que los acompañará en todos los cursos de la ESO y, posteriormente, en el Bachillerato. La materia tiene por finalidad asentar los conocimientos adquiridos en el ámbito lingüístico durante la educación primaria y adquirir nuevos conocimientos que contribuyan a la formación integral del alumnado.</p>
<p align="justify">El programa de la materia está organizado en cuatro grandes bloques:</p>
<ul>
<li><strong>Bloque de comunicación:</strong> Se estudian los tipos de texto, los elementos de la comunicación, textos descriptivos y narrativos, normas ortográficas básicas, derivación y formación de palabras, etc.</li>
<li><b>Bloque de leer y escribir: </b>Desde una actitud crítica y reflexiva, se incide tanto en la comprensión, interpretación y valoración de textos escritos, como en la producción de textos propios como forma de comunicar sentimientos, experiencias, conocimientos y emociones.</li>
<li><strong>Bloque de Morfología y Gramática:</strong> Se estudian los diferentes tipos y funciones de la palabra, las características de género y número, las funciones verbales, sintagmas nominales y verbales, así como los tipos de oraciones entre otros contenidos.</li>
<li><b>Bloque de Literatura: </b>Se estudian los diferentes tipos y géneros literarios así como las características, formas literarias y ejemplos más representativos de cada uno.</li>
</ul>
<p><a href="https://blogsaverroes.juntadeandalucia.es/iesbulyana/files/2022/03/lengua2.jpg"><img loading="lazy" decoding="async" class="size-medium wp-image-6999 aligncenter" src="https://blogsaverroes.juntadeandalucia.es/iesbulyana/files/2022/03/lengua2-225x300.jpg" alt="" width="225" height="300" srcset="https://blogsaverroes.juntadeandalucia.es/iesbulyana/files/2022/03/lengua2-225x300.jpg 225w, https://blogsaverroes.juntadeandalucia.es/iesbulyana/files/2022/03/lengua2.jpg 300w" sizes="(max-width: 225px) 100vw, 225px" /></a></p>
<p>Los docentes que integran este departamento durante el curso escolar 2025-2026 son los siguientes:</p>
<dl>
<dd>
<table style="border-collapse: collapse;width: 99.8667%;height: 50px">
<tbody>
<tr style="height: 50px">
<td style="width: 52.0693%;height: 50px">
<p lang="en-US" align="center"><strong>Don Antonio Valero Rodríguez</strong></p>
</td>
<td style="width: 49.1323%;height: 50px">
<p lang="en-US" align="center"><strong>Doña Sara Isabel García Mendoza</strong></p>
</td>
</tr>
</tbody>
</table>
</dd>
</dl>

<p>DEPARTAMENTO DE LENGUA CASTELLANA Y LITERATURA 2025-2026 &nbsp; &nbsp; &nbsp; La materia de Lengua Castellana y Literatura adquiere un papel fundamental en la formación de los estudiantes, ya que los acompañará en todos los cursos de la ESO y, posteriormente, en el Bachillerato. La materia tiene por finalidad asentar los conocimientos adquiridos en el ámbito &hellip; </p>
<p><a class="more-link btn" href="https://blogsaverroes.juntadeandalucia.es/iesbulyana/?page_id=155">Seguir leyendo</a></p>
