{"id":49,"date":"2015-03-13T08:47:05","date_gmt":"2015-03-13T08:47:05","guid":{"rendered":"http:\/\/blogsaverroes.juntadeandalucia.es\/pre\/ceip\/?page_id=49"},"modified":"2026-02-11T12:59:19","modified_gmt":"2026-02-11T11:59:19","slug":"plan-centro","status":"publish","type":"page","link":"https:\/\/blogsaverroes.juntadeandalucia.es\/iesbulyana\/?page_id=49","title":{"rendered":"Plan de Centro"},"content":{"rendered":"<p><img loading=\"lazy\" decoding=\"async\" class=\"size-medium wp-image-1662 aligncenter\" src=\"http:\/\/blogsaverroes.juntadeandalucia.es\/iesbulyana\/files\/2015\/03\/proyecto-300x266.png\" alt=\"proyecto\" width=\"300\" height=\"266\" srcset=\"https:\/\/blogsaverroes.juntadeandalucia.es\/iesbulyana\/files\/2015\/03\/proyecto-300x266.png 300w, https:\/\/blogsaverroes.juntadeandalucia.es\/iesbulyana\/files\/2015\/03\/proyecto.png 640w\" sizes=\"(max-width: 300px) 100vw, 300px\" \/><\/p>\n<p>Un centro se define en gran medida por su <strong>Plan de Centro<\/strong>. Este documento expresa nuestras se\u00f1as de identidad, es el aut\u00e9ntico referente del principio de autonom\u00eda pedag\u00f3gica de organizaci\u00f3n y de gesti\u00f3n. La Ley 17\/2007, de 10 de diciembre, de Educaci\u00f3n de Andaluc\u00eda, establece, en su Art.126, los documentos que integran el Plan de Centro. Son los siguientes:<\/p>\n<ol>\n<li><strong>Proyecto Educativo<\/strong>. En \u00e9l se plasma el modelo educativo y la concreci\u00f3n de la normativa que un centro realiza respecto a las ense\u00f1anzas que imparte. Aspectos tales como las finales educativas, objetivos, atenci\u00f3n a la diversidad, etc.<\/li>\n<li><strong>Reglamento de Organizaci\u00f3n y Funcionamiento<\/strong>. En \u00e9l se pueden encontrar los aspectos organizativos regulados por la normativa vigente as\u00ed como el desarrollo que el centro hace de estos, en virtud de su autonom\u00eda, para adaptar la normativa al contexto particular de cada centro.<\/li>\n<li><strong>Proyecto de Gesti\u00f3n<\/strong>. En \u00e9l se puede encontrar todo lo relativo a la gesti\u00f3n de los recursos materiales, humanos y econ\u00f3micos que se hace en el centro.<\/li>\n<\/ol>\n<p>Que la web de un centro informe de su Plan de Centro es una apuesta clara por la <strong>transparencia<\/strong>.<\/p>\n<p style=\"text-align: center\"><a href=\"https:\/\/drive.google.com\/file\/d\/1irtJzYDsEz0pGS2loc3PkAqtuuTZ4NuB\/view?usp=sharing\">Plan de Centro 2025-2026<\/a><\/p>\n","protected":false},"excerpt":{"rendered":"<p>Un centro se define en gran medida por su Plan de Centro. Este documento expresa nuestras se\u00f1as de identidad, es el aut\u00e9ntico referente del principio de autonom\u00eda pedag\u00f3gica de organizaci\u00f3n y de gesti\u00f3n. La Ley 17\/2007, de 10 de diciembre, de Educaci\u00f3n de Andaluc\u00eda, establece, en su Art.126, los documentos que integran el Plan de &hellip; <\/p>\n<p><a class=\"more-link btn\" href=\"https:\/\/blogsaverroes.juntadeandalucia.es\/iesbulyana\/?page_id=49\">Seguir leyendo<\/a><\/p>\n","protected":false},"author":1,"featured_media":0,"parent":0,"menu_order":0,"comment_status":"open","ping_status":"open","template":"","meta":{"_exactmetrics_skip_tracking":false,"_exactmetrics_sitenote_active":false,"_exactmetrics_sitenote_note":"","_exactmetrics_sitenote_category":0,"ngg_post_thumbnail":0,"footnotes":"","_mc_calendar":[]},"aioseo_notices":[],"_links":{"self":[{"href":"https:\/\/blogsaverroes.juntadeandalucia.es\/iesbulyana\/index.php?rest_route=\/wp\/v2\/pages\/49"}],"collection":[{"href":"https:\/\/blogsaverroes.juntadeandalucia.es\/iesbulyana\/index.php?rest_route=\/wp\/v2\/pages"}],"about":[{"href":"https:\/\/blogsaverroes.juntadeandalucia.es\/iesbulyana\/index.php?rest_route=\/wp\/v2\/types\/page"}],"author":[{"embeddable":true,"href":"https:\/\/blogsaverroes.juntadeandalucia.es\/iesbulyana\/index.php?rest_route=\/wp\/v2\/users\/1"}],"replies":[{"embeddable":true,"href":"https:\/\/blogsaverroes.juntadeandalucia.es\/iesbulyana\/index.php?rest_route=%2Fwp%2Fv2%2Fcomments&post=49"}],"version-history":[{"count":23,"href":"https:\/\/blogsaverroes.juntadeandalucia.es\/iesbulyana\/index.php?rest_route=\/wp\/v2\/pages\/49\/revisions"}],"predecessor-version":[{"id":7861,"href":"https:\/\/blogsaverroes.juntadeandalucia.es\/iesbulyana\/index.php?rest_route=\/wp\/v2\/pages\/49\/revisions\/7861"}],"wp:attachment":[{"href":"https:\/\/blogsaverroes.juntadeandalucia.es\/iesbulyana\/index.php?rest_route=%2Fwp%2Fv2%2Fmedia&parent=49"}],"curies":[{"name":"wp","href":"https:\/\/api.w.org\/{rel}","templated":true}]}}

<p><img loading="lazy" decoding="async" class="size-medium wp-image-1662 aligncenter" src="http://blogsaverroes.juntadeandalucia.es/iesbulyana/files/2015/03/proyecto-300x266.png" alt="proyecto" width="300" height="266" srcset="https://blogsaverroes.juntadeandalucia.es/iesbulyana/files/2015/03/proyecto-300x266.png 300w, https://blogsaverroes.juntadeandalucia.es/iesbulyana/files/2015/03/proyecto.png 640w" sizes="(max-width: 300px) 100vw, 300px" /></p>
<p>Un centro se define en gran medida por su <strong>Plan de Centro</strong>. Este documento expresa nuestras señas de identidad, es el auténtico referente del principio de autonomía pedagógica de organización y de gestión. La Ley 17/2007, de 10 de diciembre, de Educación de Andalucía, establece, en su Art.126, los documentos que integran el Plan de Centro. Son los siguientes:</p>
<ol>
<li><strong>Proyecto Educativo</strong>. En él se plasma el modelo educativo y la concreción de la normativa que un centro realiza respecto a las enseñanzas que imparte. Aspectos tales como las finales educativas, objetivos, atención a la diversidad, etc.</li>
<li><strong>Reglamento de Organización y Funcionamiento</strong>. En él se pueden encontrar los aspectos organizativos regulados por la normativa vigente así como el desarrollo que el centro hace de estos, en virtud de su autonomía, para adaptar la normativa al contexto particular de cada centro.</li>
<li><strong>Proyecto de Gestión</strong>. En él se puede encontrar todo lo relativo a la gestión de los recursos materiales, humanos y económicos que se hace en el centro.</li>
</ol>
<p>Que la web de un centro informe de su Plan de Centro es una apuesta clara por la <strong>transparencia</strong>.</p>
<p style="text-align: center"><a href="https://drive.google.com/file/d/1irtJzYDsEz0pGS2loc3PkAqtuuTZ4NuB/view?usp=sharing">Plan de Centro 2025-2026</a></p>

<p>Un centro se define en gran medida por su Plan de Centro. Este documento expresa nuestras señas de identidad, es el auténtico referente del principio de autonomía pedagógica de organización y de gestión. La Ley 17/2007, de 10 de diciembre, de Educación de Andalucía, establece, en su Art.126, los documentos que integran el Plan de &hellip; </p>
<p><a class="more-link btn" href="https://blogsaverroes.juntadeandalucia.es/iesbulyana/?page_id=49">Seguir leyendo</a></p>
