{"id":10015,"date":"2023-12-15T11:52:41","date_gmt":"2023-12-15T11:52:41","guid":{"rendered":"https:\/\/blogsaverroes.juntadeandalucia.es\/iesburguillos\/?page_id=10015"},"modified":"2024-11-14T09:25:56","modified_gmt":"2024-11-14T09:25:56","slug":"plan-de-centro-y-documentos-anexos","status":"publish","type":"page","link":"https:\/\/blogsaverroes.juntadeandalucia.es\/iesburguillos\/plan-de-centro-y-documentos-anexos\/","title":{"rendered":"Plan de Centro y Documentos anexos"},"content":{"rendered":"<p><a href=\"https:\/\/blogsaverroes.juntadeandalucia.es\/iesburguillos\/files\/2024\/11\/PROYECTO-EDUCATIVO-2024_2025.pdf\">PROYECTO EDUCATIVO 2024_2025<\/a><\/p>\n<p><a href=\"https:\/\/blogsaverroes.juntadeandalucia.es\/iesburguillos\/files\/2024\/11\/ROF-2024_2025.pdf\">ROF 2024_2025<\/a><\/p>\n<p><a href=\"https:\/\/blogsaverroes.juntadeandalucia.es\/iesburguillos\/files\/2024\/11\/PROYECTO-DE-GESTION-2024_2025.pdf\">PROYECTO DE GESTI\u00d3N 2024_2025<\/a><\/p>\n<p><a href=\"https:\/\/blogsaverroes.juntadeandalucia.es\/iesburguillos\/files\/2024\/11\/PLAN-DE-IGUALDAD-2024_2025.pdf\">PLAN DE IGUALDAD 2024_2025<\/a><\/p>\n<p><a href=\"https:\/\/blogsaverroes.juntadeandalucia.es\/iesburguillos\/files\/2024\/11\/PLAN-CONVIVENCIA-2024_2025.pdf\">PLAN CONVIVENCIA 2024_2025<\/a><\/p>\n<p><a href=\"https:\/\/blogsaverroes.juntadeandalucia.es\/iesburguillos\/files\/2024\/11\/PLAN-DE-FORMACION-2024_2025.pdf\">PLAN DE FORMACI\u00d3N 2024_2025<\/a><\/p>\n<p><a href=\"https:\/\/blogsaverroes.juntadeandalucia.es\/iesburguillos\/files\/2024\/11\/PLAN-AUTOPROTECCION-2024_2025.pdf\">PLAN AUTOPROTECCI\u00d3N 2024_2025<\/a><\/p>\n","protected":false},"excerpt":{"rendered":"<p>PROYECTO EDUCATIVO 2024_2025 ROF 2024_2025 PROYECTO DE GESTI\u00d3N 2024_2025 PLAN DE IGUALDAD 2024_2025 PLAN CONVIVENCIA 2024_2025 PLAN DE FORMACI\u00d3N 2024_2025 PLAN AUTOPROTECCI\u00d3N 2024_2025<\/p>\n","protected":false},"author":2616,"featured_media":0,"parent":0,"menu_order":0,"comment_status":"closed","ping_status":"closed","template":"","meta":{"ngg_post_thumbnail":0,"footnotes":"","_mc_calendar":[]},"aioseo_notices":[],"_links":{"self":[{"href":"https:\/\/blogsaverroes.juntadeandalucia.es\/iesburguillos\/wp-json\/wp\/v2\/pages\/10015"}],"collection":[{"href":"https:\/\/blogsaverroes.juntadeandalucia.es\/iesburguillos\/wp-json\/wp\/v2\/pages"}],"about":[{"href":"https:\/\/blogsaverroes.juntadeandalucia.es\/iesburguillos\/wp-json\/wp\/v2\/types\/page"}],"author":[{"embeddable":true,"href":"https:\/\/blogsaverroes.juntadeandalucia.es\/iesburguillos\/wp-json\/wp\/v2\/users\/2616"}],"replies":[{"embeddable":true,"href":"https:\/\/blogsaverroes.juntadeandalucia.es\/iesburguillos\/wp-json\/wp\/v2\/comments?post=10015"}],"version-history":[{"count":5,"href":"https:\/\/blogsaverroes.juntadeandalucia.es\/iesburguillos\/wp-json\/wp\/v2\/pages\/10015\/revisions"}],"predecessor-version":[{"id":10216,"href":"https:\/\/blogsaverroes.juntadeandalucia.es\/iesburguillos\/wp-json\/wp\/v2\/pages\/10015\/revisions\/10216"}],"wp:attachment":[{"href":"https:\/\/blogsaverroes.juntadeandalucia.es\/iesburguillos\/wp-json\/wp\/v2\/media?parent=10015"}],"curies":[{"name":"wp","href":"https:\/\/api.w.org\/{rel}","templated":true}]}}