{"id":9081,"date":"2023-01-10T18:14:56","date_gmt":"2023-01-10T18:14:56","guid":{"rendered":"https:\/\/blogsaverroes.juntadeandalucia.es\/iesburguillos\/?page_id=9081"},"modified":"2023-01-10T18:14:56","modified_gmt":"2023-01-10T18:14:56","slug":"que-es-el-ampa","status":"publish","type":"page","link":"https:\/\/blogsaverroes.juntadeandalucia.es\/iesburguillos\/que-es-el-ampa\/","title":{"rendered":"\u00bfQu\u00e9 es el AMPA?"},"content":{"rendered":"<p style=\"text-align: justify\">Las Asociaciones de Madres y Padres de Alumnos (AMPA) son entidades sin \u00e1nimo de lucro cuyo objetivo fundamental es velar por una educaci\u00f3n de calidad en los centros educativos de sus hijos y representar los intereses de los padres, madres o tutores legales en relaci\u00f3n al centro.<\/p>\n<p><a href=\"https:\/\/blogsaverroes.juntadeandalucia.es\/iesburguillos\/files\/2023\/01\/AMPA.jpg\"><img fetchpriority=\"high\" decoding=\"async\" class=\"wp-image-9082 alignright\" src=\"https:\/\/blogsaverroes.juntadeandalucia.es\/iesburguillos\/files\/2023\/01\/AMPA.jpg\" alt=\"\" width=\"268\" height=\"246\" srcset=\"https:\/\/blogsaverroes.juntadeandalucia.es\/iesburguillos\/files\/2023\/01\/AMPA.jpg 992w, https:\/\/blogsaverroes.juntadeandalucia.es\/iesburguillos\/files\/2023\/01\/AMPA-300x276.jpg 300w, https:\/\/blogsaverroes.juntadeandalucia.es\/iesburguillos\/files\/2023\/01\/AMPA-768x707.jpg 768w\" sizes=\"(max-width: 268px) 100vw, 268px\" \/><\/a><\/p>\n<p style=\"text-align: justify\">Las Asociaciones de Madres y Padres de Alumnos, como organizaci\u00f3n natural de los padres de cada centro, son fruto de la preocupaci\u00f3n de \u00e9stos por la educaci\u00f3n de sus hijos y de la necesidad de intervenir, como parte integrante de la comunidad educativa, en las decisiones que afectan a la ense\u00f1anza.<\/p>\n<h3>\u00bfC\u00f3mo puedes participar?<\/h3>\n<p style=\"text-align: justify\">Participar en el AMPA es muy f\u00e1cil y cada uno decide el nivel de implicaci\u00f3n.<\/p>\n<ul style=\"text-align: justify\">\n<li>Podemos asociarnos en cualquier momento, aunque se entrega a las familias una ficha de inscripci\u00f3n con la matr\u00edcula en la que se indica la cuota anual.<\/li>\n<li>Podemos tambi\u00e9n participar a trav\u00e9s de las asambleas, incorpor\u00e1ndote a las reuniones&nbsp;abiertas que se convoquen.<\/li>\n<li>Podemos colaborar en los diferentes grupos de trabajo o&nbsp;en actividades puntuales que se organizan desde el AMPA a lo largo del curso.<\/li>\n<li>Podemos proponer iniciativas, plantear temas de debate, organizar actividades, etc\u2026, &nbsp;dirigi\u00e9ndote a cualquier miembro de la junta directiva.<\/li>\n<\/ul>\n<p style=\"text-align: justify\">Como ves, hay muchas formas de participar y es muy importante que m\u00e1s padres y madres pasemos a la participa-ACCI\u00d3N, de forma activa y colectiva.<\/p>\n<h3 style=\"text-align: justify\">\u00bfPara qu\u00e9 sirve?<\/h3>\n<ul>\n<li style=\"text-align: justify\">Para defender y velar por el derecho a una educaci\u00f3n de calidad, democr\u00e1tica, atendiendo a las necesidades de todos los ni\u00f1os\/as &nbsp;y cr\u00edtica.<\/li>\n<li style=\"text-align: justify\">Para promover la participaci\u00f3n de padres y madres en la vida del centro, defendiendo los intereses del alumnado y de toda la comunidad educativa.<\/li>\n<li style=\"text-align: justify\">Para buscar soluciones de forma colectiva a temas relacionados con la ense\u00f1anza y educaci\u00f3n de nuestros hijos\/as.<\/li>\n<li style=\"text-align: justify\">Para crear espacios de encuentro y trabajo en el resto de la comunidad educativa y con el entorno.<\/li>\n<li style=\"text-align: justify\">Para crear espacios de reflexi\u00f3n y participaci\u00f3n compartida sobre la educaci\u00f3n de nuestros hijos\/as<br \/>\nPara participar en la gesti\u00f3n del instituto.<\/li>\n<\/ul>\n","protected":false},"excerpt":{"rendered":"<p>Las Asociaciones de Madres y Padres de Alumnos (AMPA) son entidades sin \u00e1nimo de lucro cuyo objetivo fundamental es velar por una educaci\u00f3n de calidad en los centros educativos de sus hijos y representar&#46;&#46;&#46;<\/p>\n","protected":false},"author":2616,"featured_media":0,"parent":0,"menu_order":0,"comment_status":"closed","ping_status":"closed","template":"","meta":{"ngg_post_thumbnail":0,"footnotes":"","_mc_calendar":[]},"aioseo_notices":[],"_links":{"self":[{"href":"https:\/\/blogsaverroes.juntadeandalucia.es\/iesburguillos\/wp-json\/wp\/v2\/pages\/9081"}],"collection":[{"href":"https:\/\/blogsaverroes.juntadeandalucia.es\/iesburguillos\/wp-json\/wp\/v2\/pages"}],"about":[{"href":"https:\/\/blogsaverroes.juntadeandalucia.es\/iesburguillos\/wp-json\/wp\/v2\/types\/page"}],"author":[{"embeddable":true,"href":"https:\/\/blogsaverroes.juntadeandalucia.es\/iesburguillos\/wp-json\/wp\/v2\/users\/2616"}],"replies":[{"embeddable":true,"href":"https:\/\/blogsaverroes.juntadeandalucia.es\/iesburguillos\/wp-json\/wp\/v2\/comments?post=9081"}],"version-history":[{"count":1,"href":"https:\/\/blogsaverroes.juntadeandalucia.es\/iesburguillos\/wp-json\/wp\/v2\/pages\/9081\/revisions"}],"predecessor-version":[{"id":9083,"href":"https:\/\/blogsaverroes.juntadeandalucia.es\/iesburguillos\/wp-json\/wp\/v2\/pages\/9081\/revisions\/9083"}],"wp:attachment":[{"href":"https:\/\/blogsaverroes.juntadeandalucia.es\/iesburguillos\/wp-json\/wp\/v2\/media?parent=9081"}],"curies":[{"name":"wp","href":"https:\/\/api.w.org\/{rel}","templated":true}]}}

¿Qué es el AMPA?

<p style="text-align: justify">Las Asociaciones de Madres y Padres de Alumnos (AMPA) son entidades sin ánimo de lucro cuyo objetivo fundamental es velar por una educación de calidad en los centros educativos de sus hijos y representar los intereses de los padres, madres o tutores legales en relación al centro.</p>
<p><a href="https://blogsaverroes.juntadeandalucia.es/iesburguillos/files/2023/01/AMPA.jpg"><img fetchpriority="high" decoding="async" class="wp-image-9082 alignright" src="https://blogsaverroes.juntadeandalucia.es/iesburguillos/files/2023/01/AMPA.jpg" alt="" width="268" height="246" srcset="https://blogsaverroes.juntadeandalucia.es/iesburguillos/files/2023/01/AMPA.jpg 992w, https://blogsaverroes.juntadeandalucia.es/iesburguillos/files/2023/01/AMPA-300x276.jpg 300w, https://blogsaverroes.juntadeandalucia.es/iesburguillos/files/2023/01/AMPA-768x707.jpg 768w" sizes="(max-width: 268px) 100vw, 268px" /></a></p>
<p style="text-align: justify">Las Asociaciones de Madres y Padres de Alumnos, como organización natural de los padres de cada centro, son fruto de la preocupación de éstos por la educación de sus hijos y de la necesidad de intervenir, como parte integrante de la comunidad educativa, en las decisiones que afectan a la enseñanza.</p>
<h3>¿Cómo puedes participar?</h3>
<p style="text-align: justify">Participar en el AMPA es muy fácil y cada uno decide el nivel de implicación.</p>
<ul style="text-align: justify">
<li>Podemos asociarnos en cualquier momento, aunque se entrega a las familias una ficha de inscripción con la matrícula en la que se indica la cuota anual.</li>
<li>Podemos también participar a través de las asambleas, incorporándote a las reuniones&nbsp;abiertas que se convoquen.</li>
<li>Podemos colaborar en los diferentes grupos de trabajo o&nbsp;en actividades puntuales que se organizan desde el AMPA a lo largo del curso.</li>
<li>Podemos proponer iniciativas, plantear temas de debate, organizar actividades, etc…, &nbsp;dirigiéndote a cualquier miembro de la junta directiva.</li>
</ul>
<p style="text-align: justify">Como ves, hay muchas formas de participar y es muy importante que más padres y madres pasemos a la participa-ACCIÓN, de forma activa y colectiva.</p>
<h3 style="text-align: justify">¿Para qué sirve?</h3>
<ul>
<li style="text-align: justify">Para defender y velar por el derecho a una educación de calidad, democrática, atendiendo a las necesidades de todos los niños/as &nbsp;y crítica.</li>
<li style="text-align: justify">Para promover la participación de padres y madres en la vida del centro, defendiendo los intereses del alumnado y de toda la comunidad educativa.</li>
<li style="text-align: justify">Para buscar soluciones de forma colectiva a temas relacionados con la enseñanza y educación de nuestros hijos/as.</li>
<li style="text-align: justify">Para crear espacios de encuentro y trabajo en el resto de la comunidad educativa y con el entorno.</li>
<li style="text-align: justify">Para crear espacios de reflexión y participación compartida sobre la educación de nuestros hijos/as<br />
Para participar en la gestión del instituto.</li>
</ul>

<p>Las Asociaciones de Madres y Padres de Alumnos (AMPA) son entidades sin ánimo de lucro cuyo objetivo fundamental es velar por una educación de calidad en los centros educativos de sus hijos y representar&#46;&#46;&#46;</p>
