{"id":9344,"date":"2023-03-01T22:31:35","date_gmt":"2023-03-01T22:31:35","guid":{"rendered":"https:\/\/blogsaverroes.juntadeandalucia.es\/iesburguillos\/?page_id=9344"},"modified":"2023-03-01T22:34:37","modified_gmt":"2023-03-01T22:34:37","slug":"ruta-literaria","status":"publish","type":"page","link":"https:\/\/blogsaverroes.juntadeandalucia.es\/iesburguillos\/ruta-literaria\/","title":{"rendered":"Ruta del Romanticismo"},"content":{"rendered":"<p>Ruta del Romanticismo en Sevilla de l@s alumn@s de 4\u00ba ESO junto a los profesores Jes\u00fas Lu\u00eds Mej\u00edas y Guillermo N\u00fa\u00f1ez.<\/p>\n<p><a href=\"https:\/\/blogsaverroes.juntadeandalucia.es\/iesburguillos\/files\/2023\/03\/IMG-2242.jpg\"><br \/>\n<img fetchpriority=\"high\" decoding=\"async\" class=\"aligncenter size-large wp-image-9348\" src=\"https:\/\/blogsaverroes.juntadeandalucia.es\/iesburguillos\/files\/2023\/03\/IMG-2242-1024x536.jpg\" alt=\"\" width=\"1024\" height=\"536\" srcset=\"https:\/\/blogsaverroes.juntadeandalucia.es\/iesburguillos\/files\/2023\/03\/IMG-2242-1024x536.jpg 1024w, https:\/\/blogsaverroes.juntadeandalucia.es\/iesburguillos\/files\/2023\/03\/IMG-2242-300x157.jpg 300w, https:\/\/blogsaverroes.juntadeandalucia.es\/iesburguillos\/files\/2023\/03\/IMG-2242-768x402.jpg 768w, https:\/\/blogsaverroes.juntadeandalucia.es\/iesburguillos\/files\/2023\/03\/IMG-2242.jpg 1055w\" sizes=\"(max-width: 1024px) 100vw, 1024px\" \/><\/a><\/p>\n","protected":false},"excerpt":{"rendered":"<p>Ruta del Romanticismo en Sevilla de l@s alumn@s de 4\u00ba ESO junto a los profesores Jes\u00fas Lu\u00eds Mej\u00edas y Guillermo N\u00fa\u00f1ez.<\/p>\n","protected":false},"author":2616,"featured_media":0,"parent":0,"menu_order":0,"comment_status":"closed","ping_status":"closed","template":"","meta":{"ngg_post_thumbnail":0,"footnotes":"","_mc_calendar":[]},"aioseo_notices":[],"_links":{"self":[{"href":"https:\/\/blogsaverroes.juntadeandalucia.es\/iesburguillos\/wp-json\/wp\/v2\/pages\/9344"}],"collection":[{"href":"https:\/\/blogsaverroes.juntadeandalucia.es\/iesburguillos\/wp-json\/wp\/v2\/pages"}],"about":[{"href":"https:\/\/blogsaverroes.juntadeandalucia.es\/iesburguillos\/wp-json\/wp\/v2\/types\/page"}],"author":[{"embeddable":true,"href":"https:\/\/blogsaverroes.juntadeandalucia.es\/iesburguillos\/wp-json\/wp\/v2\/users\/2616"}],"replies":[{"embeddable":true,"href":"https:\/\/blogsaverroes.juntadeandalucia.es\/iesburguillos\/wp-json\/wp\/v2\/comments?post=9344"}],"version-history":[{"count":3,"href":"https:\/\/blogsaverroes.juntadeandalucia.es\/iesburguillos\/wp-json\/wp\/v2\/pages\/9344\/revisions"}],"predecessor-version":[{"id":9350,"href":"https:\/\/blogsaverroes.juntadeandalucia.es\/iesburguillos\/wp-json\/wp\/v2\/pages\/9344\/revisions\/9350"}],"wp:attachment":[{"href":"https:\/\/blogsaverroes.juntadeandalucia.es\/iesburguillos\/wp-json\/wp\/v2\/media?parent=9344"}],"curies":[{"name":"wp","href":"https:\/\/api.w.org\/{rel}","templated":true}]}}

<p>Ruta del Romanticismo en Sevilla de l@s alumn@s de 4º ESO junto a los profesores Jesús Luís Mejías y Guillermo Núñez.</p>
<p><a href="https://blogsaverroes.juntadeandalucia.es/iesburguillos/files/2023/03/IMG-2242.jpg"><br />
<img fetchpriority="high" decoding="async" class="aligncenter size-large wp-image-9348" src="https://blogsaverroes.juntadeandalucia.es/iesburguillos/files/2023/03/IMG-2242-1024x536.jpg" alt="" width="1024" height="536" srcset="https://blogsaverroes.juntadeandalucia.es/iesburguillos/files/2023/03/IMG-2242-1024x536.jpg 1024w, https://blogsaverroes.juntadeandalucia.es/iesburguillos/files/2023/03/IMG-2242-300x157.jpg 300w, https://blogsaverroes.juntadeandalucia.es/iesburguillos/files/2023/03/IMG-2242-768x402.jpg 768w, https://blogsaverroes.juntadeandalucia.es/iesburguillos/files/2023/03/IMG-2242.jpg 1055w" sizes="(max-width: 1024px) 100vw, 1024px" /></a></p>

<p>Ruta del Romanticismo en Sevilla de l@s alumn@s de 4º ESO junto a los profesores Jesús Luís Mejías y Guillermo Núñez.</p>
