{"id":9960,"date":"2023-12-15T11:30:39","date_gmt":"2023-12-15T11:30:39","guid":{"rendered":"https:\/\/blogsaverroes.juntadeandalucia.es\/iesburguillos\/?page_id=9960"},"modified":"2026-02-23T07:29:53","modified_gmt":"2026-02-23T07:29:53","slug":"programaciones-2023-24","status":"publish","type":"page","link":"https:\/\/blogsaverroes.juntadeandalucia.es\/iesburguillos\/programaciones-2023-24\/","title":{"rendered":"Programaciones 2025-2026"},"content":{"rendered":"<p><a href=\"https:\/\/blogsaverroes.juntadeandalucia.es\/iesburguillos\/files\/2023\/11\/PD-Orientacion-23-24.pdf\">DPTO de ATT EDUCATIVA<\/a><\/p>\n<p><a href=\"https:\/\/blogsaverroes.juntadeandalucia.es\/iesburguillos\/files\/2023\/11\/PD-BIOLOGIA-Y-GEOLOGIA-2023-24.pdf\">DPTO de BIOLOGIA Y GEOLOGIA<\/a><\/p>\n<p><a href=\"https:\/\/blogsaverroes.juntadeandalucia.es\/iesburguillos\/files\/2023\/11\/PD-DPTO-CULTURA-CLASICA-23_24.pdf\">DPTO de CULTURA CLASICA<\/a><\/p>\n<p><a href=\"https:\/\/blogsaverroes.juntadeandalucia.es\/iesburguillos\/files\/2023\/11\/PD-DACE-2023_2024.pdf\">DACE 2023_2024<\/a><\/p>\n<p><a href=\"https:\/\/blogsaverroes.juntadeandalucia.es\/iesburguillos\/files\/2023\/11\/PD-DIBUJO-23_24.pdf\">DPTO de DIBUJO<\/a><\/p>\n<p><a href=\"https:\/\/blogsaverroes.juntadeandalucia.es\/iesburguillos\/files\/2023\/11\/PD-DPTO-ECONOMIA-23_24.pdf\">DPTO de ECONOMIA<\/a><\/p>\n<p><a href=\"https:\/\/blogsaverroes.juntadeandalucia.es\/iesburguillos\/files\/2023\/11\/PD-EDUCACI\u00d3N-F\u00cdSICA-2022_2023.pdf\">DPTO de EDUCACI\u00d3N F\u00cdSICA<\/a><\/p>\n<p><a href=\"https:\/\/blogsaverroes.juntadeandalucia.es\/iesburguillos\/files\/2023\/11\/PD-Educaci\u00f3n-para-la-Convivencia-Democr\u00e1tica-I-1\u00ba-BACH.pdf\">Educaci\u00f3n para la Convivencia Democr\u00e1tica I (1\u00ba BACH)<\/a><\/p>\n<p><a href=\"https:\/\/blogsaverroes.juntadeandalucia.es\/iesburguillos\/files\/2023\/11\/PD-FILOSOFIA-23_24.pdf\">DPTO de FILOSOFIA <\/a><\/p>\n<p><a href=\"https:\/\/blogsaverroes.juntadeandalucia.es\/iesburguillos\/files\/2023\/11\/PD-Religio\u0301n-Cato\u0301lica-2023_24.pdf\">DPTO de RELIGI\u00d3N CAT\u00d3LICA<\/a><\/p>\n<p><a href=\"https:\/\/blogsaverroes.juntadeandalucia.es\/iesburguillos\/files\/2023\/11\/PD-FyQ-2023_2024.pdf\">DPTO de F\u00cdSICA y QU\u00cdMICA<\/a><\/p>\n<p><a href=\"https:\/\/blogsaverroes.juntadeandalucia.es\/iesburguillos\/files\/2023\/11\/PD-FP-B\u00c1SICA-23-24.pdf\">FP B\u00c1SICA COCINA<\/a><\/p>\n<p><a href=\"https:\/\/blogsaverroes.juntadeandalucia.es\/iesburguillos\/files\/2023\/11\/PD-CICLO-COCINA-23-24.pdf\">FP CICLO COCINA<\/a><\/p>\n<p><a href=\"https:\/\/blogsaverroes.juntadeandalucia.es\/iesburguillos\/files\/2023\/11\/PD-FRANCES-23-24.pdf\">DPTO de FRANCES<\/a><\/p>\n<p><a href=\"https:\/\/blogsaverroes.juntadeandalucia.es\/iesburguillos\/files\/2023\/11\/PD-Geograf\u00eda-e-Historia-2023-2024.pdf\">DPTO de GEOGRAF\u00cdA e HISTORIA<\/a><\/p>\n<p><a href=\"https:\/\/blogsaverroes.juntadeandalucia.es\/iesburguillos\/files\/2023\/11\/PD-INGL\u00c9S-2023-24.pdf\">DPTO de INGL\u00c9S<\/a><\/p>\n<p><a href=\"https:\/\/blogsaverroes.juntadeandalucia.es\/iesburguillos\/files\/2023\/11\/PD-LENGUA-CASTELLANA-Y-LITERATURA-23-24.pdf\">DPTO de LENGUA CASTELLANA Y LITERATURA<\/a><\/p>\n<p><a href=\"https:\/\/blogsaverroes.juntadeandalucia.es\/iesburguillos\/files\/2023\/11\/PD-Matematicas-23_24.pdf\">DPTO de MATEM\u00c1TICAS<\/a><\/p>\n<p><a href=\"https:\/\/blogsaverroes.juntadeandalucia.es\/iesburguillos\/files\/2023\/11\/PD-M\u00daSICA-23-24.pdf\">DPTO de M\u00daSICA<\/a><\/p>\n<p><a href=\"https:\/\/blogsaverroes.juntadeandalucia.es\/iesburguillos\/files\/2023\/11\/PD-Orientacion-23-24.pdf\">DPTO de ORIENTACI\u00d3N EDUCATIVA<\/a><\/p>\n<p><a href=\"https:\/\/blogsaverroes.juntadeandalucia.es\/iesburguillos\/files\/2023\/11\/PD-TECNOLOG\u00cdA-23-24.pdf\">DPTO de TECNOLOG\u00cdA<\/a><\/p>\n<p>&nbsp;<\/p>\n","protected":false},"excerpt":{"rendered":"<p>DPTO de ATT EDUCATIVA DPTO de BIOLOGIA Y GEOLOGIA DPTO de CULTURA CLASICA DACE 2023_2024 DPTO de DIBUJO DPTO de ECONOMIA DPTO de EDUCACI\u00d3N F\u00cdSICA Educaci\u00f3n para la Convivencia Democr\u00e1tica I (1\u00ba BACH) DPTO&#46;&#46;&#46;<\/p>\n","protected":false},"author":2616,"featured_media":0,"parent":0,"menu_order":0,"comment_status":"closed","ping_status":"closed","template":"","meta":{"ngg_post_thumbnail":0,"footnotes":"","_mc_calendar":[]},"aioseo_notices":[],"_links":{"self":[{"href":"https:\/\/blogsaverroes.juntadeandalucia.es\/iesburguillos\/wp-json\/wp\/v2\/pages\/9960"}],"collection":[{"href":"https:\/\/blogsaverroes.juntadeandalucia.es\/iesburguillos\/wp-json\/wp\/v2\/pages"}],"about":[{"href":"https:\/\/blogsaverroes.juntadeandalucia.es\/iesburguillos\/wp-json\/wp\/v2\/types\/page"}],"author":[{"embeddable":true,"href":"https:\/\/blogsaverroes.juntadeandalucia.es\/iesburguillos\/wp-json\/wp\/v2\/users\/2616"}],"replies":[{"embeddable":true,"href":"https:\/\/blogsaverroes.juntadeandalucia.es\/iesburguillos\/wp-json\/wp\/v2\/comments?post=9960"}],"version-history":[{"count":9,"href":"https:\/\/blogsaverroes.juntadeandalucia.es\/iesburguillos\/wp-json\/wp\/v2\/pages\/9960\/revisions"}],"predecessor-version":[{"id":10268,"href":"https:\/\/blogsaverroes.juntadeandalucia.es\/iesburguillos\/wp-json\/wp\/v2\/pages\/9960\/revisions\/10268"}],"wp:attachment":[{"href":"https:\/\/blogsaverroes.juntadeandalucia.es\/iesburguillos\/wp-json\/wp\/v2\/media?parent=9960"}],"curies":[{"name":"wp","href":"https:\/\/api.w.org\/{rel}","templated":true}]}}