{"id":3668,"date":"2022-10-23T10:40:48","date_gmt":"2022-10-23T10:40:48","guid":{"rendered":"https:\/\/blogsaverroes.juntadeandalucia.es\/iesburyalhamma\/?page_id=3668"},"modified":"2022-10-23T10:41:43","modified_gmt":"2022-10-23T10:41:43","slug":"criterios-de-evaluacion-fisica-y-quimica-4o-e-s-o","status":"publish","type":"page","link":"https:\/\/blogsaverroes.juntadeandalucia.es\/iesburyalhamma\/criterios-de-evaluacion-fisica-y-quimica-4o-e-s-o\/","title":{"rendered":"Criterios de evaluaci\u00f3n F\u00edsica y Qu\u00edmica 4\u00ba E.S.O."},"content":{"rendered":"<p>Los criterios de evaluaci\u00f3n de la materia de F\u00edsica y Qu\u00edmica de 4\u00ba E.S.O. son los siguientes:<\/p>\n<table class=\" aligncenter\" style=\"width: 79.2058%;border-collapse: collapse\">\n<tbody>\n<tr>\n<td style=\"width: 10.5916%;text-align: center\"><strong>N\u00ba Criterio<\/strong><\/td>\n<td style=\"width: 74.859%;text-align: center\"><strong>Denominaci\u00f3n<\/strong><\/td>\n<td style=\"width: 15.9953%;text-align: center\"><strong>Ponderaci\u00f3n %<\/strong><\/td>\n<\/tr>\n<tr>\n<td style=\"width: 10.5916%;text-align: center\">FyQ1.1<\/td>\n<td style=\"width: 74.859%;text-align: justify\">Reconocer que la investigaci\u00f3n en ciencia es una labor colectiva e interdisciplinar en constante evoluci\u00f3n e influida por el contexto econ\u00f3mico y pol\u00edtico.<\/td>\n<td style=\"width: 15.9953%;text-align: center\">0,3<\/td>\n<\/tr>\n<tr>\n<td style=\"width: 10.5916%;text-align: center\">FyQ1.2<\/td>\n<td style=\"width: 74.859%;text-align: justify\">Analizar el proceso que debe seguir una hip\u00f3tesis desde que se formula hasta que es aprobada por la comunidad cient\u00edfica.<\/td>\n<td style=\"width: 15.9953%;text-align: center\">0,5<\/td>\n<\/tr>\n<tr>\n<td style=\"width: 10.5916%;text-align: center\">FyQ1.3<\/td>\n<td style=\"width: 74.859%;text-align: justify\">Comprobar la necesidad de usar vectores para la definici\u00f3n de determinadas magnitudes.<\/td>\n<td style=\"width: 15.9953%;text-align: center\">1,2<\/td>\n<\/tr>\n<tr>\n<td style=\"width: 10.5916%;text-align: center\">FyQ1.4<\/td>\n<td style=\"width: 74.859%;text-align: justify\">Relacionar las magnitudes fundamentales con las derivadas a trav\u00e9s de ecuaciones de magnitudes.<\/td>\n<td style=\"width: 15.9953%;text-align: center\">1,2<\/td>\n<\/tr>\n<tr>\n<td style=\"width: 10.5916%;text-align: center\">FyQ1.5<\/td>\n<td style=\"width: 74.859%;text-align: justify\">Comprender que no es posible realizar medidas sin cometer errores y distinguir entre error absoluto y relativo.<\/td>\n<td style=\"width: 15.9953%;text-align: center\">0,5<\/td>\n<\/tr>\n<tr>\n<td style=\"width: 10.5916%;text-align: center\">FyQ1.6<\/td>\n<td style=\"width: 74.859%;text-align: justify\">Expresar el valor de una medida usando el redondeo, el n\u00famero de cifras significativas correctas y las unidades adecuadas.<\/td>\n<td style=\"width: 15.9953%;text-align: center\">0,7<\/td>\n<\/tr>\n<tr>\n<td style=\"width: 10.5916%;text-align: center\">FyQ1.7<\/td>\n<td style=\"width: 74.859%;text-align: justify\">Realizar e interpretar representaciones gr\u00e1ficas de procesos f\u00edsicos o qu\u00edmicos a partir de tablas de datos y de las leyes o principios involucrados.<\/td>\n<td style=\"width: 15.9953%;text-align: center\">0,3<\/td>\n<\/tr>\n<tr>\n<td style=\"width: 10.5916%;text-align: center\">FyQ1.8<\/td>\n<td style=\"width: 74.859%;text-align: justify\">Elaborar y defender un proyecto de investigaci\u00f3n, aplicando las TIC.<\/td>\n<td style=\"width: 15.9953%;text-align: center\">0,3<\/td>\n<\/tr>\n<tr>\n<td style=\"width: 10.5916%;text-align: center\">FyQ2.1<\/td>\n<td style=\"width: 74.859%;text-align: justify\">Reconocer la necesidad de usar modelos para interpretar la estructura de la materia utilizando aplicaciones virtuales interactivas para su representaci\u00f3n e identificaci\u00f3n.<\/td>\n<td style=\"width: 15.9953%;text-align: center\">2<\/td>\n<\/tr>\n<tr>\n<td style=\"width: 10.5916%;text-align: center\">FyQ2.2<\/td>\n<td style=\"width: 74.859%;text-align: justify\">Relacionar las propiedades de un elemento con su posici\u00f3n en la Tabla Peri\u00f3dica y su configuraci\u00f3n electr\u00f3nica.<\/td>\n<td style=\"width: 15.9953%;text-align: center\">5,3<\/td>\n<\/tr>\n<tr>\n<td style=\"width: 10.5916%;text-align: center\">FyQ2.3<\/td>\n<td style=\"width: 74.859%;text-align: justify\">Agrupar por familias los elementos representativos y los elementos de transici\u00f3n seg\u00fan las recomendaciones de la IUPAC.<\/td>\n<td style=\"width: 15.9953%;text-align: center\">1,3<\/td>\n<\/tr>\n<tr>\n<td style=\"width: 10.5916%;text-align: center\">FyQ2.4<\/td>\n<td style=\"width: 74.859%;text-align: justify\">Interpretar los distintos tipos de enlace qu\u00edmico a partir de la configuraci\u00f3n electr\u00f3nica de los elementos implicados y su posici\u00f3n en la Tabla Peri\u00f3dica.<\/td>\n<td style=\"width: 15.9953%;text-align: center\">6<\/td>\n<\/tr>\n<tr>\n<td style=\"width: 10.5916%;text-align: center\">FyQ2.5<\/td>\n<td style=\"width: 74.859%;text-align: justify\">Justificar las propiedades de una sustancia a partir de la naturaleza de su enlace qu\u00edmico.<\/td>\n<td style=\"width: 15.9953%;text-align: center\">2<\/td>\n<\/tr>\n<tr>\n<td style=\"width: 10.5916%;text-align: center\">FyQ2.6<\/td>\n<td style=\"width: 74.859%;text-align: justify\">Nombrar y formular compuestos inorg\u00e1nicos ternarios seg\u00fan las normas IUPAC.<\/td>\n<td style=\"width: 15.9953%;text-align: center\">7<\/td>\n<\/tr>\n<tr>\n<td style=\"width: 10.5916%;text-align: center\">FyQ2.7<\/td>\n<td style=\"width: 74.859%;text-align: justify\">Reconocer la influencia de las fuerzas intermoleculares en el estado de agregaci\u00f3n y propiedades de sustancias de inter\u00e9s.<\/td>\n<td style=\"width: 15.9953%;text-align: center\">0,9<\/td>\n<\/tr>\n<tr>\n<td style=\"width: 10.5916%;text-align: center\">FyQ2.8<\/td>\n<td style=\"width: 74.859%;text-align: justify\">Establecer las razones de la singularidad del carbono y valorar su importancia en la constituci\u00f3n de un elevado n\u00famero de compuestos naturales y sint\u00e9ticos.<\/td>\n<td style=\"width: 15.9953%;text-align: center\">0,2<\/td>\n<\/tr>\n<tr>\n<td style=\"width: 10.5916%;text-align: center\">FyQ2.9<\/td>\n<td style=\"width: 74.859%;text-align: justify\">Identificar y representar hidrocarburos sencillos mediante las distintas f\u00f3rmulas, relacionarlas con modelos moleculares f\u00edsicos o generados por ordenador, y conocer algunas aplicaciones de especial inter\u00e9s.<\/td>\n<td style=\"width: 15.9953%;text-align: center\">4<\/td>\n<\/tr>\n<tr>\n<td style=\"width: 10.5916%;text-align: center\">FyQ2.10<\/td>\n<td style=\"width: 74.859%;text-align: justify\">Reconocer los grupos funcionales presentes en mol\u00e9culas de especial inter\u00e9s.<\/td>\n<td style=\"width: 15.9953%;text-align: center\">0,3<\/td>\n<\/tr>\n<tr>\n<td style=\"width: 10.5916%;text-align: center\">FyQ3.1<\/td>\n<td style=\"width: 74.859%;text-align: justify\">Comprender el mecanismo de una reacci\u00f3n qu\u00edmica y deducir la ley de conservaci\u00f3n de la masa a partir del concepto de la reorganizaci\u00f3n at\u00f3mica que tiene lugar.<\/td>\n<td style=\"width: 15.9953%;text-align: center\">2<\/td>\n<\/tr>\n<tr>\n<td style=\"width: 10.5916%;text-align: center\">FyQ3.2<\/td>\n<td style=\"width: 74.859%;text-align: justify\">Razonar c\u00f3mo se altera la velocidad de una reacci\u00f3n al modificar alguno de los factores que influyen sobre la misma, utilizando el modelo cin\u00e9tico-molecular y la teor\u00eda de colisiones para justificar esta predicci\u00f3n.<\/td>\n<td style=\"width: 15.9953%;text-align: center\">0,7<\/td>\n<\/tr>\n<tr>\n<td style=\"width: 10.5916%;text-align: center\">FyQ3.3<\/td>\n<td style=\"width: 74.859%;text-align: justify\">Interpretar ecuaciones termoqu\u00edmicas y distinguir entre reacciones endot\u00e9rmicas y exot\u00e9rmicas.<\/td>\n<td style=\"width: 15.9953%;text-align: center\">0,5<\/td>\n<\/tr>\n<tr>\n<td style=\"width: 10.5916%;text-align: center\">FyQ3.4<\/td>\n<td style=\"width: 74.859%;text-align: justify\">Reconocer la cantidad de sustancia como magnitud fundamental y el mol como su unidad en el Sistema Internacional de Unidades.<\/td>\n<td style=\"width: 15.9953%;text-align: center\">4<\/td>\n<\/tr>\n<tr>\n<td style=\"width: 10.5916%;text-align: center\">FyQ3.5<\/td>\n<td style=\"width: 74.859%;text-align: justify\">Realizar c\u00e1lculos estequiom\u00e9tricos con reactivos puros suponiendo un rendimiento completo de la reacci\u00f3n, partiendo del ajuste de la ecuaci\u00f3n qu\u00edmica correspondiente.<\/td>\n<td style=\"width: 15.9953%;text-align: center\">8,5<\/td>\n<\/tr>\n<tr>\n<td style=\"width: 10.5916%;text-align: center\">FyQ3.6<\/td>\n<td style=\"width: 74.859%;text-align: justify\">Identificar \u00e1cidos y bases, conocer su comportamiento qu\u00edmico y medir su fortaleza utilizando indicadores y el pH-metro digital.<\/td>\n<td style=\"width: 15.9953%;text-align: center\">0,3<\/td>\n<\/tr>\n<tr>\n<td style=\"width: 10.5916%;text-align: center\">FyQ3.7<\/td>\n<td style=\"width: 74.859%;text-align: justify\">Realizar experiencias de laboratorio en las que tengan lugar reacciones de s\u00edntesis, combusti\u00f3n y neutralizaci\u00f3n, interpretando los fen\u00f3menos observados.<\/td>\n<td style=\"width: 15.9953%;text-align: center\">4,8<\/td>\n<\/tr>\n<tr>\n<td style=\"width: 10.5916%;text-align: center\">FyQ3.8<\/td>\n<td style=\"width: 74.859%;text-align: justify\">Valorar la importancia de las reacciones de s\u00edntesis, combusti\u00f3n y neutralizaci\u00f3n en procesos biol\u00f3gicos, aplicaciones cotidianas y en la industria, as\u00ed como su repercusi\u00f3n medioambiental.<\/td>\n<td style=\"width: 15.9953%;text-align: center\">0,2<\/td>\n<\/tr>\n<tr>\n<td style=\"width: 10.5916%;text-align: center\">FyQ4.1<\/td>\n<td style=\"width: 74.859%;text-align: justify\">Justificar el car\u00e1cter relativo del movimiento y la necesidad de un sistema de referencia y de vectores para describirlo adecuadamente, aplicando lo anterior a la representaci\u00f3n de distintos tipos de desplazamiento.<\/td>\n<td style=\"width: 15.9953%;text-align: center\">1,2<\/td>\n<\/tr>\n<tr>\n<td style=\"width: 10.5916%;text-align: center\">FyQ4.2<\/td>\n<td style=\"width: 74.859%;text-align: justify\">Distinguir los conceptos de velocidad media y velocidad instant\u00e1nea justificando su necesidad seg\u00fan el tipo de movimiento.<\/td>\n<td style=\"width: 15.9953%;text-align: center\">1,5<\/td>\n<\/tr>\n<tr>\n<td style=\"width: 10.5916%;text-align: center\">FyQ4.3<\/td>\n<td style=\"width: 74.859%;text-align: justify\">Expresar correctamente las relaciones matem\u00e1ticas que existen entre las magnitudes que definen los movimientos rectil\u00edneos y circulares.<\/td>\n<td style=\"width: 15.9953%;text-align: center\">3,3<\/td>\n<\/tr>\n<tr>\n<td style=\"width: 10.5916%;text-align: center\">FyQ4.4<\/td>\n<td style=\"width: 74.859%;text-align: justify\">Resolver problemas de movimientos rectil\u00edneos y circulares, utilizando una representaci\u00f3n esquem\u00e1tica con las magnitudes vectoriales implicadas, expresando el resultado en las unidades del Sistema Internacional.<\/td>\n<td style=\"width: 15.9953%;text-align: center\">4,3<\/td>\n<\/tr>\n<tr>\n<td style=\"width: 10.5916%;text-align: center\">FyQ4.5<\/td>\n<td style=\"width: 74.859%;text-align: justify\">Elaborar e interpretar gr\u00e1ficas que relacionen las variables del movimiento partiendo de experiencias de laboratorio o de aplicaciones virtuales interactivas y relacionar los resultados obtenidos con las ecuaciones matem\u00e1ticas que vinculan estas variables.<\/td>\n<td style=\"width: 15.9953%;text-align: center\">2,1<\/td>\n<\/tr>\n<tr>\n<td style=\"width: 10.5916%;text-align: center\">FyQ4.6<\/td>\n<td style=\"width: 74.859%;text-align: justify\">Reconocer el papel de las fuerzas como causa de los cambios en la velocidad de los cuerpos y representarlas vectorialmente.<\/td>\n<td style=\"width: 15.9953%;text-align: center\">2<\/td>\n<\/tr>\n<tr>\n<td style=\"width: 10.5916%;text-align: center\">FyQ4.7<\/td>\n<td style=\"width: 74.859%;text-align: justify\">Utilizar el principio fundamental de la Din\u00e1mica en la resoluci\u00f3n de problemas en los que intervienen varias fuerzas.<\/td>\n<td style=\"width: 15.9953%;text-align: center\">7,5<\/td>\n<\/tr>\n<tr>\n<td style=\"width: 10.5916%;text-align: center\">FyQ4.8<\/td>\n<td style=\"width: 74.859%;text-align: justify\">Aplicar las leyes de Newton para la interpretaci\u00f3n de fen\u00f3menos cotidianos.<\/td>\n<td style=\"width: 15.9953%;text-align: center\">2,5<\/td>\n<\/tr>\n<tr>\n<td style=\"width: 10.5916%;text-align: center\">FyQ4.9<\/td>\n<td style=\"width: 74.859%;text-align: justify\">Valorar la relevancia hist\u00f3rica y cient\u00edfica que la ley de la gravitaci\u00f3n universal supuso para la unificaci\u00f3n de la mec\u00e1nica terrestre y celeste, e interpretar su expresi\u00f3n matem\u00e1tica.<\/td>\n<td style=\"width: 15.9953%;text-align: center\">2,9<\/td>\n<\/tr>\n<tr>\n<td style=\"width: 10.5916%;text-align: center\">FyQ4.10<\/td>\n<td style=\"width: 74.859%;text-align: justify\">Comprender que la ca\u00edda libre de los cuerpos y el movimiento orbital son dos manifestaciones de la ley de la gravitaci\u00f3n universal.<\/td>\n<td style=\"width: 15.9953%;text-align: center\">1<\/td>\n<\/tr>\n<tr>\n<td style=\"width: 10.5916%;text-align: center\">FyQ4.11<\/td>\n<td style=\"width: 74.859%;text-align: justify\">Identificar las aplicaciones pr\u00e1cticas de los sat\u00e9lites artificiales y la problem\u00e1tica planteada por la basura espacial que generan.<\/td>\n<td style=\"width: 15.9953%;text-align: center\">0,7<\/td>\n<\/tr>\n<tr>\n<td style=\"width: 10.5916%;text-align: center\">FyQ4.12<\/td>\n<td style=\"width: 74.859%;text-align: justify\">Reconocer que el efecto de una fuerza no solo depende de su intensidad sino tambi\u00e9n de la superficie sobre la que act\u00faa.<\/td>\n<td style=\"width: 15.9953%;text-align: center\">1<\/td>\n<\/tr>\n<tr>\n<td style=\"width: 10.5916%;text-align: center\">FyQ4.13<\/td>\n<td style=\"width: 74.859%;text-align: justify\">Interpretar fen\u00f3menos naturales y aplicaciones tecnol\u00f3gicas en relaci\u00f3n con los principios de la hidrost\u00e1tica, y resolver problemas aplicando las expresiones matem\u00e1ticas de los mismos.<\/td>\n<td style=\"width: 15.9953%;text-align: center\">3,8<\/td>\n<\/tr>\n<tr>\n<td style=\"width: 10.5916%;text-align: center\">FyQ4.14<\/td>\n<td style=\"width: 74.859%;text-align: justify\">Dise\u00f1ar y presentar experiencias o dispositivos que ilustren el comportamiento de los fluidos y que pongan de manifiesto los conocimientos adquiridos as\u00ed como la iniciativa y la imaginaci\u00f3n.<\/td>\n<td style=\"width: 15.9953%;text-align: center\">0,7<\/td>\n<\/tr>\n<tr>\n<td style=\"width: 10.5916%;text-align: center\">FyQ4.15<\/td>\n<td style=\"width: 74.859%;text-align: justify\">Aplicar los conocimientos sobre la presi\u00f3n atmosf\u00e9rica a la descripci\u00f3n de fen\u00f3menos meteorol\u00f3gicos y a la interpretaci\u00f3n de mapas del tiempo, reconociendo t\u00e9rminos y s\u00edmbolos espec\u00edficos de la meteorolog\u00eda.<\/td>\n<td style=\"width: 15.9953%;text-align: center\">0,5<\/td>\n<\/tr>\n<tr>\n<td style=\"width: 10.5916%;text-align: center\">FyQ5.1<\/td>\n<td style=\"width: 74.859%;text-align: justify\">Analizar las transformaciones entre energ\u00eda cin\u00e9tica y energ\u00eda potencial, aplicando el principio de conservaci\u00f3n de la energ\u00eda mec\u00e1nica cuando se desprecia la fuerza de rozamiento, y el principio general de conservaci\u00f3n de la energ\u00eda cuando existe disipaci\u00f3n de la misma debida al rozamiento.<\/td>\n<td style=\"width: 15.9953%;text-align: center\">3,5<\/td>\n<\/tr>\n<tr>\n<td style=\"width: 10.5916%;text-align: center\">FyQ5.2<\/td>\n<td style=\"width: 74.859%;text-align: justify\">Reconocer que el calor y el trabajo son dos formas de transferencia de energ\u00eda, identificando las situaciones en las que se producen.<\/td>\n<td style=\"width: 15.9953%;text-align: center\">1,5<\/td>\n<\/tr>\n<tr>\n<td style=\"width: 10.5916%;text-align: center\">FyQ5.3<\/td>\n<td style=\"width: 74.859%;text-align: justify\">Relacionar los conceptos de trabajo y potencia en la resoluci\u00f3n de problemas, expresando los resultados en unidades del Sistema Internacional as\u00ed como otras de uso com\u00fan.<\/td>\n<td style=\"width: 15.9953%;text-align: center\">3<\/td>\n<\/tr>\n<tr>\n<td style=\"width: 10.5916%;text-align: center\">FyQ5.4<\/td>\n<td style=\"width: 74.859%;text-align: justify\">Relacionar cualitativa y cuantitativamente el calor con los efectos que produce en los cuerpos: variaci\u00f3n de temperatura, cambios de estado y dilataci\u00f3n.<\/td>\n<td style=\"width: 15.9953%;text-align: center\">1<\/td>\n<\/tr>\n<tr>\n<td style=\"width: 10.5916%;text-align: center\">FyQ5.5<\/td>\n<td style=\"width: 74.859%;text-align: justify\">Valorar la relevancia hist\u00f3rica de las m\u00e1quinas t\u00e9rmicas como desencadenantes de la revoluci\u00f3n industrial, as\u00ed como su importancia actual en la industria y el transporte.<\/td>\n<td style=\"width: 15.9953%;text-align: center\">0,5<\/td>\n<\/tr>\n<tr>\n<td style=\"width: 10.5916%;text-align: center\">FyQ5.6<\/td>\n<td style=\"width: 74.859%;text-align: justify\">Comprender la limitaci\u00f3n que el fen\u00f3meno de la degradaci\u00f3n de la energ\u00eda supone para la optimizaci\u00f3n de los procesos de obtenci\u00f3n de energ\u00eda \u00fatil en las m\u00e1quinas t\u00e9rmicas, y el reto tecnol\u00f3gico que supone la mejora del rendimiento de estas para la investigaci\u00f3n, la innovaci\u00f3n y la empresa.<\/td>\n<td style=\"width: 15.9953%;text-align: center\">0,5<\/td>\n<\/tr>\n<\/tbody>\n<\/table>\n","protected":false},"excerpt":{"rendered":"<p>Los criterios de evaluaci\u00f3n de la materia de F\u00edsica y Qu\u00edmica de 4\u00ba E.S.O. son los siguientes: N\u00ba Criterio Denominaci\u00f3n Ponderaci\u00f3n % FyQ1.1 Reconocer que la investigaci\u00f3n en ciencia es una labor colectiva e&#46;&#46;&#46;<\/p>\n","protected":false},"author":10520,"featured_media":0,"parent":0,"menu_order":0,"comment_status":"closed","ping_status":"closed","template":"","meta":{"ngg_post_thumbnail":0,"footnotes":"","_mc_calendar":[]},"aioseo_notices":[],"_links":{"self":[{"href":"https:\/\/blogsaverroes.juntadeandalucia.es\/iesburyalhamma\/wp-json\/wp\/v2\/pages\/3668"}],"collection":[{"href":"https:\/\/blogsaverroes.juntadeandalucia.es\/iesburyalhamma\/wp-json\/wp\/v2\/pages"}],"about":[{"href":"https:\/\/blogsaverroes.juntadeandalucia.es\/iesburyalhamma\/wp-json\/wp\/v2\/types\/page"}],"author":[{"embeddable":true,"href":"https:\/\/blogsaverroes.juntadeandalucia.es\/iesburyalhamma\/wp-json\/wp\/v2\/users\/10520"}],"replies":[{"embeddable":true,"href":"https:\/\/blogsaverroes.juntadeandalucia.es\/iesburyalhamma\/wp-json\/wp\/v2\/comments?post=3668"}],"version-history":[{"count":2,"href":"https:\/\/blogsaverroes.juntadeandalucia.es\/iesburyalhamma\/wp-json\/wp\/v2\/pages\/3668\/revisions"}],"predecessor-version":[{"id":3671,"href":"https:\/\/blogsaverroes.juntadeandalucia.es\/iesburyalhamma\/wp-json\/wp\/v2\/pages\/3668\/revisions\/3671"}],"wp:attachment":[{"href":"https:\/\/blogsaverroes.juntadeandalucia.es\/iesburyalhamma\/wp-json\/wp\/v2\/media?parent=3668"}],"curies":[{"name":"wp","href":"https:\/\/api.w.org\/{rel}","templated":true}]}}