{"id":3789,"date":"2022-11-13T08:55:59","date_gmt":"2022-11-13T08:55:59","guid":{"rendered":"https:\/\/blogsaverroes.juntadeandalucia.es\/iesburyalhamma\/?page_id=3789"},"modified":"2022-11-13T08:55:59","modified_gmt":"2022-11-13T08:55:59","slug":"criterios-de-evaluacion-de-e-f-de-4o-e-s-o","status":"publish","type":"page","link":"https:\/\/blogsaverroes.juntadeandalucia.es\/iesburyalhamma\/criterios-de-evaluacion-de-e-f-de-4o-e-s-o\/","title":{"rendered":"Criterios de evaluaci\u00f3n de E.F. de 4\u00ba E.S.O."},"content":{"rendered":"<p>Los criterios de evaluaci\u00f3n de la materia de Educaci\u00f3n F\u00edsica de 4\u00ba E.S.O. son los siguientes:<\/p>\n<table class=\" aligncenter\" style=\"width: 79.3063%;border-collapse: collapse\">\n<tbody>\n<tr>\n<td style=\"width: 6.15496%;text-align: center\"><strong>N\u00ba Bloque<\/strong><\/td>\n<td style=\"width: 87.8349%;text-align: center\"><strong>Denominaci\u00f3n<\/strong><\/td>\n<td style=\"width: 5.93773%;text-align: center\"><strong>Ponderaci\u00f3n<\/strong><\/td>\n<\/tr>\n<tr>\n<td style=\"width: 6.15496%;text-align: center\">EF.1.1.<\/td>\n<td style=\"width: 87.8349%;text-align: justify\">Argumentar la relaci\u00f3n entre los h\u00e1bitos de vida y sus efectos sobre la condici\u00f3n f\u00edsica, aplicando los conocimientos sobre actividad f\u00edsica y salud.<\/td>\n<td style=\"width: 5.93773%;text-align: center\">6,25<\/td>\n<\/tr>\n<tr>\n<td style=\"width: 6.15496%;text-align: center\">EF.1.2.<\/td>\n<td style=\"width: 87.8349%;text-align: justify\">Asumir la responsabilidad de la propia seguridad en la pr\u00e1ctica de actividad f\u00edsica, teniendo en cuenta los factores inherentes a la actividad y previendo las consecuencias que pueden tener las actuaciones poco cuidadosas sobre la seguridad de los participantes.<\/td>\n<td style=\"width: 5.93773%;text-align: center\">6,25<\/td>\n<\/tr>\n<tr>\n<td style=\"width: 6.15496%;text-align: center\">EF.1.3.<\/td>\n<td style=\"width: 87.8349%;text-align: justify\">Utilizar eficazmente las tecnolog\u00edas de la informaci\u00f3n y la comunicaci\u00f3n en el proceso de aprendizaje, para buscar, seleccionar y valorar informaciones relacionadas con los contenidos del curso, comunicando los resultados y conclusiones en el soporte m\u00e1s adecuado.<\/td>\n<td style=\"width: 5.93773%;text-align: center\">6,25<\/td>\n<\/tr>\n<tr>\n<td style=\"width: 6.15496%;text-align: center\">EF.2.1.<\/td>\n<td style=\"width: 87.8349%;text-align: justify\">Componer y presentar montajes individuales o colectivos, seleccionando y ajustando los elementos de la motricidad expresiva.<\/td>\n<td style=\"width: 5.93773%;text-align: center\">6,25<\/td>\n<\/tr>\n<tr>\n<td style=\"width: 6.15496%;text-align: center\">EF.2.2.<\/td>\n<td style=\"width: 87.8349%;text-align: justify\">Resolver situaciones motrices de oposici\u00f3n, colaboraci\u00f3n o colaboraci\u00f3n-oposici\u00f3n, en las actividades f\u00edsico deportivas propuestas, tomando la decisi\u00f3n m\u00e1s eficaz en funci\u00f3n de los objetivos.<\/td>\n<td style=\"width: 5.93773%;text-align: center\">6,25<\/td>\n<\/tr>\n<tr>\n<td style=\"width: 6.15496%;text-align: center\">EF.2.3.<\/td>\n<td style=\"width: 87.8349%;text-align: justify\">Dise\u00f1ar y realizar las fases de activaci\u00f3n y recuperaci\u00f3n en la pr\u00e1ctica de actividad f\u00edsica considerando la intensidad de los esfuerzos.<\/td>\n<td style=\"width: 5.93773%;text-align: center\">6,25<\/td>\n<\/tr>\n<tr>\n<td style=\"width: 6.15496%;text-align: center\">EF.3.1.<\/td>\n<td style=\"width: 87.8349%;text-align: justify\">Colaborar en la planificaci\u00f3n y en la organizaci\u00f3n de campeonatos o torneos deportivos, previendo los medios y las actuaciones necesarias para la celebraci\u00f3n de los mismos y relacionando sus funciones con las del resto de implicados.<\/td>\n<td style=\"width: 5.93773%;text-align: center\">6,25<\/td>\n<\/tr>\n<tr>\n<td style=\"width: 6.15496%;text-align: center\">EF.3.2.<\/td>\n<td style=\"width: 87.8349%;text-align: justify\">Analizar cr\u00edticamente el fen\u00f3meno deportivo discriminando los aspectos culturales, educativos, integradores y saludables de los que fomentan la violencia, la discriminaci\u00f3n o la competitividad mal entendida.<\/td>\n<td style=\"width: 5.93773%;text-align: center\">6,25<\/td>\n<\/tr>\n<tr>\n<td style=\"width: 6.15496%;text-align: center\">EF.3.3.<\/td>\n<td style=\"width: 87.8349%;text-align: justify\">Demostrar actitudes personales inherentes al trabajo en equipo, superando las inseguridades y apoyando a los dem\u00e1s ante la resoluci\u00f3n de situaciones desconocidas.<\/td>\n<td style=\"width: 5.93773%;text-align: center\">6,25<\/td>\n<\/tr>\n<tr>\n<td style=\"width: 6.15496%;text-align: center\">EF.4.1.<\/td>\n<td style=\"width: 87.8349%;text-align: justify\">Resolver situaciones motrices aplicando fundamentos t\u00e9cnicos en las actividades f\u00edsico-deportivas propuestas, con eficacia y precisi\u00f3n.<\/td>\n<td style=\"width: 5.93773%;text-align: center\">6,25<\/td>\n<\/tr>\n<tr>\n<td style=\"width: 6.15496%;text-align: center\">EF.4.2.<\/td>\n<td style=\"width: 87.8349%;text-align: justify\">Componer y presentar montajes individuales o colectivos, seleccionando y ajustando los elementos de la motricidad expresiva.<\/td>\n<td style=\"width: 5.93773%;text-align: center\">6,25<\/td>\n<\/tr>\n<tr>\n<td style=\"width: 6.15496%;text-align: center\">EF.4.3.<\/td>\n<td style=\"width: 87.8349%;text-align: justify\">Demostrar actitudes personales inherentes al trabajo en equipo, superando las inseguridades y apoyando a los dem\u00e1s ante la resoluci\u00f3n de situaciones desconocidas.<\/td>\n<td style=\"width: 5.93773%;text-align: center\">6,25<\/td>\n<\/tr>\n<tr>\n<td style=\"width: 6.15496%;text-align: center\">EF.5.1.<\/td>\n<td style=\"width: 87.8349%;text-align: justify\">Resolver situaciones motrices aplicando fundamentos t\u00e9cnicos en las actividades f\u00edsico deportivas propuestas, con eficacia y precisi\u00f3n.<\/td>\n<td style=\"width: 5.93773%;text-align: center\">6,25<\/td>\n<\/tr>\n<tr>\n<td style=\"width: 6.15496%;text-align: center\">EF.5.2.<\/td>\n<td style=\"width: 87.8349%;text-align: justify\">Argumentar la relaci\u00f3n entre los h\u00e1bitos de vida y sus efectos sobre la condici\u00f3n f\u00edsica, aplicando los conocimientos sobre actividad f\u00edsica y salud.<\/td>\n<td style=\"width: 5.93773%;text-align: center\">6,25<\/td>\n<\/tr>\n<tr>\n<td style=\"width: 6.15496%;text-align: center\">EF.5.3.<\/td>\n<td style=\"width: 87.8349%;text-align: justify\">Mejorar o mantener los factores de la condici\u00f3n f\u00edsica, practicando actividades f\u00edsico-deportivas adecuadas a su nivel e identificando las adaptaciones org\u00e1nicas y su relaci\u00f3n con la salud.<\/td>\n<td style=\"width: 5.93773%;text-align: center\">6,25<\/td>\n<\/tr>\n<tr>\n<td style=\"width: 6.15496%;text-align: center\">EF.5.4.<\/td>\n<td style=\"width: 87.8349%;text-align: justify\">Reconocer el impacto ambiental, econ\u00f3mico y social de las actividades f\u00edsicas y deportivas reflexionando sobre su repercusi\u00f3n en la forma de vida en el entorno.<\/td>\n<td style=\"width: 5.93773%;text-align: center\">6,25<\/td>\n<\/tr>\n<\/tbody>\n<\/table>\n","protected":false},"excerpt":{"rendered":"<p>Los criterios de evaluaci\u00f3n de la materia de Educaci\u00f3n F\u00edsica de 4\u00ba E.S.O. son los siguientes: N\u00ba Bloque Denominaci\u00f3n Ponderaci\u00f3n EF.1.1. Argumentar la relaci\u00f3n entre los h\u00e1bitos de vida y sus efectos sobre la&#46;&#46;&#46;<\/p>\n","protected":false},"author":10520,"featured_media":0,"parent":0,"menu_order":0,"comment_status":"closed","ping_status":"closed","template":"","meta":{"ngg_post_thumbnail":0,"footnotes":"","_mc_calendar":[]},"aioseo_notices":[],"_links":{"self":[{"href":"https:\/\/blogsaverroes.juntadeandalucia.es\/iesburyalhamma\/wp-json\/wp\/v2\/pages\/3789"}],"collection":[{"href":"https:\/\/blogsaverroes.juntadeandalucia.es\/iesburyalhamma\/wp-json\/wp\/v2\/pages"}],"about":[{"href":"https:\/\/blogsaverroes.juntadeandalucia.es\/iesburyalhamma\/wp-json\/wp\/v2\/types\/page"}],"author":[{"embeddable":true,"href":"https:\/\/blogsaverroes.juntadeandalucia.es\/iesburyalhamma\/wp-json\/wp\/v2\/users\/10520"}],"replies":[{"embeddable":true,"href":"https:\/\/blogsaverroes.juntadeandalucia.es\/iesburyalhamma\/wp-json\/wp\/v2\/comments?post=3789"}],"version-history":[{"count":1,"href":"https:\/\/blogsaverroes.juntadeandalucia.es\/iesburyalhamma\/wp-json\/wp\/v2\/pages\/3789\/revisions"}],"predecessor-version":[{"id":3790,"href":"https:\/\/blogsaverroes.juntadeandalucia.es\/iesburyalhamma\/wp-json\/wp\/v2\/pages\/3789\/revisions\/3790"}],"wp:attachment":[{"href":"https:\/\/blogsaverroes.juntadeandalucia.es\/iesburyalhamma\/wp-json\/wp\/v2\/media?parent=3789"}],"curies":[{"name":"wp","href":"https:\/\/api.w.org\/{rel}","templated":true}]}}

Criterios de evaluación de E.F. de 4º E.S.O.

<p>Los criterios de evaluación de la materia de Educación Física de 4º E.S.O. son los siguientes:</p>
<table class=" aligncenter" style="width: 79.3063%;border-collapse: collapse">
<tbody>
<tr>
<td style="width: 6.15496%;text-align: center"><strong>Nº Bloque</strong></td>
<td style="width: 87.8349%;text-align: center"><strong>Denominación</strong></td>
<td style="width: 5.93773%;text-align: center"><strong>Ponderación</strong></td>
</tr>
<tr>
<td style="width: 6.15496%;text-align: center">EF.1.1.</td>
<td style="width: 87.8349%;text-align: justify">Argumentar la relación entre los hábitos de vida y sus efectos sobre la condición física, aplicando los conocimientos sobre actividad física y salud.</td>
<td style="width: 5.93773%;text-align: center">6,25</td>
</tr>
<tr>
<td style="width: 6.15496%;text-align: center">EF.1.2.</td>
<td style="width: 87.8349%;text-align: justify">Asumir la responsabilidad de la propia seguridad en la práctica de actividad física, teniendo en cuenta los factores inherentes a la actividad y previendo las consecuencias que pueden tener las actuaciones poco cuidadosas sobre la seguridad de los participantes.</td>
<td style="width: 5.93773%;text-align: center">6,25</td>
</tr>
<tr>
<td style="width: 6.15496%;text-align: center">EF.1.3.</td>
<td style="width: 87.8349%;text-align: justify">Utilizar eficazmente las tecnologías de la información y la comunicación en el proceso de aprendizaje, para buscar, seleccionar y valorar informaciones relacionadas con los contenidos del curso, comunicando los resultados y conclusiones en el soporte más adecuado.</td>
<td style="width: 5.93773%;text-align: center">6,25</td>
</tr>
<tr>
<td style="width: 6.15496%;text-align: center">EF.2.1.</td>
<td style="width: 87.8349%;text-align: justify">Componer y presentar montajes individuales o colectivos, seleccionando y ajustando los elementos de la motricidad expresiva.</td>
<td style="width: 5.93773%;text-align: center">6,25</td>
</tr>
<tr>
<td style="width: 6.15496%;text-align: center">EF.2.2.</td>
<td style="width: 87.8349%;text-align: justify">Resolver situaciones motrices de oposición, colaboración o colaboración-oposición, en las actividades físico deportivas propuestas, tomando la decisión más eficaz en función de los objetivos.</td>
<td style="width: 5.93773%;text-align: center">6,25</td>
</tr>
<tr>
<td style="width: 6.15496%;text-align: center">EF.2.3.</td>
<td style="width: 87.8349%;text-align: justify">Diseñar y realizar las fases de activación y recuperación en la práctica de actividad física considerando la intensidad de los esfuerzos.</td>
<td style="width: 5.93773%;text-align: center">6,25</td>
</tr>
<tr>
<td style="width: 6.15496%;text-align: center">EF.3.1.</td>
<td style="width: 87.8349%;text-align: justify">Colaborar en la planificación y en la organización de campeonatos o torneos deportivos, previendo los medios y las actuaciones necesarias para la celebración de los mismos y relacionando sus funciones con las del resto de implicados.</td>
<td style="width: 5.93773%;text-align: center">6,25</td>
</tr>
<tr>
<td style="width: 6.15496%;text-align: center">EF.3.2.</td>
<td style="width: 87.8349%;text-align: justify">Analizar críticamente el fenómeno deportivo discriminando los aspectos culturales, educativos, integradores y saludables de los que fomentan la violencia, la discriminación o la competitividad mal entendida.</td>
<td style="width: 5.93773%;text-align: center">6,25</td>
</tr>
<tr>
<td style="width: 6.15496%;text-align: center">EF.3.3.</td>
<td style="width: 87.8349%;text-align: justify">Demostrar actitudes personales inherentes al trabajo en equipo, superando las inseguridades y apoyando a los demás ante la resolución de situaciones desconocidas.</td>
<td style="width: 5.93773%;text-align: center">6,25</td>
</tr>
<tr>
<td style="width: 6.15496%;text-align: center">EF.4.1.</td>
<td style="width: 87.8349%;text-align: justify">Resolver situaciones motrices aplicando fundamentos técnicos en las actividades físico-deportivas propuestas, con eficacia y precisión.</td>
<td style="width: 5.93773%;text-align: center">6,25</td>
</tr>
<tr>
<td style="width: 6.15496%;text-align: center">EF.4.2.</td>
<td style="width: 87.8349%;text-align: justify">Componer y presentar montajes individuales o colectivos, seleccionando y ajustando los elementos de la motricidad expresiva.</td>
<td style="width: 5.93773%;text-align: center">6,25</td>
</tr>
<tr>
<td style="width: 6.15496%;text-align: center">EF.4.3.</td>
<td style="width: 87.8349%;text-align: justify">Demostrar actitudes personales inherentes al trabajo en equipo, superando las inseguridades y apoyando a los demás ante la resolución de situaciones desconocidas.</td>
<td style="width: 5.93773%;text-align: center">6,25</td>
</tr>
<tr>
<td style="width: 6.15496%;text-align: center">EF.5.1.</td>
<td style="width: 87.8349%;text-align: justify">Resolver situaciones motrices aplicando fundamentos técnicos en las actividades físico deportivas propuestas, con eficacia y precisión.</td>
<td style="width: 5.93773%;text-align: center">6,25</td>
</tr>
<tr>
<td style="width: 6.15496%;text-align: center">EF.5.2.</td>
<td style="width: 87.8349%;text-align: justify">Argumentar la relación entre los hábitos de vida y sus efectos sobre la condición física, aplicando los conocimientos sobre actividad física y salud.</td>
<td style="width: 5.93773%;text-align: center">6,25</td>
</tr>
<tr>
<td style="width: 6.15496%;text-align: center">EF.5.3.</td>
<td style="width: 87.8349%;text-align: justify">Mejorar o mantener los factores de la condición física, practicando actividades físico-deportivas adecuadas a su nivel e identificando las adaptaciones orgánicas y su relación con la salud.</td>
<td style="width: 5.93773%;text-align: center">6,25</td>
</tr>
<tr>
<td style="width: 6.15496%;text-align: center">EF.5.4.</td>
<td style="width: 87.8349%;text-align: justify">Reconocer el impacto ambiental, económico y social de las actividades físicas y deportivas reflexionando sobre su repercusión en la forma de vida en el entorno.</td>
<td style="width: 5.93773%;text-align: center">6,25</td>
</tr>
</tbody>
</table>

<p>Los criterios de evaluación de la materia de Educación Física de 4º E.S.O. son los siguientes: Nº Bloque Denominación Ponderación EF.1.1. Argumentar la relación entre los hábitos de vida y sus efectos sobre la&#46;&#46;&#46;</p>
