{"id":4165,"date":"2025-01-09T09:41:32","date_gmt":"2025-01-09T09:41:32","guid":{"rendered":"https:\/\/blogsaverroes.juntadeandalucia.es\/iesburyalhamma\/?page_id=4165"},"modified":"2025-01-09T10:07:07","modified_gmt":"2025-01-09T10:07:07","slug":"manuales","status":"publish","type":"page","link":"https:\/\/blogsaverroes.juntadeandalucia.es\/iesburyalhamma\/manuales\/","title":{"rendered":"Manuales"},"content":{"rendered":"<p><strong>S\u00c9NECA<\/strong><\/p>\n<ol>\n<li><a href=\"https:\/\/youtu.be\/yTdBnzuV6Wk?si=4S1K7d2gQdE6D4Ts\">Anexo 1: Licencias y permisos<\/a><\/li>\n<li><a href=\"https:\/\/youtu.be\/qCtS8YaEXOw?si=019zMurUgw8gHLYC\">Crear autorizaciones de actividades<\/a><\/li>\n<li><a href=\"https:\/\/youtu.be\/wu20z--ZkG0?si=ko7j7y1MWaRSUpI1\">Agenda personal de s\u00e9neca<\/a><\/li>\n<li><a href=\"https:\/\/youtu.be\/IglVo8Hx02Y?si=osHa5zEAFWXPi4er\">&nbsp;Grabar horario en s\u00e9neca<\/a><\/li>\n<li><a href=\"https:\/\/youtu.be\/lTuakwYZGp8?si=mIgqK5kN5cyNa2E4\">Crear aulas de Google Classroom desde s\u00e9neca<\/a><\/li>\n<li><a href=\"https:\/\/youtu.be\/2GrXLu2xKYY?si=xNW9YYUGg2LuRjnc\">Subir documento a s\u00e9neca, firmar y enviar al punto de recogida<\/a><\/li>\n<li><a href=\"https:\/\/youtu.be\/YDl2Bm61WAM?si=Zcz0QAoG8t9xnxHF\">Informe de Criterios de evaluaci\u00f3n de una materia<\/a><\/li>\n<li><a href=\"https:\/\/youtu.be\/PqX__bsnmGI?si=tfCgpUVjg8ZbCwRt\">Compartir observaciones del alumnado en una evaluaci\u00f3n<\/a><\/li>\n<li><a href=\"https:\/\/youtu.be\/1Zt6bygvgMo?si=YQuenCoSIWdi1uev\">Unificaci\u00f3n y c\u00e1lculo de calificaciones en cuaderno de s\u00e9neca<\/a><\/li>\n<li><a href=\"https:\/\/youtu.be\/Cbf7ywmIsRg?si=rvtH2Qrz4pJyCHYW\">Situaciones de Aprendizaje<\/a><\/li>\n<li><a href=\"https:\/\/youtu.be\/auM7IHWxUA4?si=1wuomHvLUnkUjh6c\">Trasladar SDA al cuaderno<\/a><\/li>\n<\/ol>\n","protected":false},"excerpt":{"rendered":"<p>S\u00c9NECA Anexo 1: Licencias y permisos Crear autorizaciones de actividades Agenda personal de s\u00e9neca &nbsp;Grabar horario en s\u00e9neca Crear aulas de Google Classroom desde s\u00e9neca Subir documento a s\u00e9neca, firmar y enviar al punto&#46;&#46;&#46;<\/p>\n","protected":false},"author":10520,"featured_media":0,"parent":0,"menu_order":0,"comment_status":"closed","ping_status":"closed","template":"","meta":{"ngg_post_thumbnail":0,"footnotes":"","_mc_calendar":[]},"aioseo_notices":[],"_links":{"self":[{"href":"https:\/\/blogsaverroes.juntadeandalucia.es\/iesburyalhamma\/wp-json\/wp\/v2\/pages\/4165"}],"collection":[{"href":"https:\/\/blogsaverroes.juntadeandalucia.es\/iesburyalhamma\/wp-json\/wp\/v2\/pages"}],"about":[{"href":"https:\/\/blogsaverroes.juntadeandalucia.es\/iesburyalhamma\/wp-json\/wp\/v2\/types\/page"}],"author":[{"embeddable":true,"href":"https:\/\/blogsaverroes.juntadeandalucia.es\/iesburyalhamma\/wp-json\/wp\/v2\/users\/10520"}],"replies":[{"embeddable":true,"href":"https:\/\/blogsaverroes.juntadeandalucia.es\/iesburyalhamma\/wp-json\/wp\/v2\/comments?post=4165"}],"version-history":[{"count":3,"href":"https:\/\/blogsaverroes.juntadeandalucia.es\/iesburyalhamma\/wp-json\/wp\/v2\/pages\/4165\/revisions"}],"predecessor-version":[{"id":4169,"href":"https:\/\/blogsaverroes.juntadeandalucia.es\/iesburyalhamma\/wp-json\/wp\/v2\/pages\/4165\/revisions\/4169"}],"wp:attachment":[{"href":"https:\/\/blogsaverroes.juntadeandalucia.es\/iesburyalhamma\/wp-json\/wp\/v2\/media?parent=4165"}],"curies":[{"name":"wp","href":"https:\/\/api.w.org\/{rel}","templated":true}]}}