{"id":44,"date":"2015-03-13T08:42:15","date_gmt":"2015-03-13T08:42:15","guid":{"rendered":"http:\/\/blogsaverroes.juntadeandalucia.es\/pre\/ceip\/?page_id=44"},"modified":"2020-11-26T11:31:51","modified_gmt":"2020-11-26T11:31:51","slug":"planes-y-proyectos","status":"publish","type":"page","link":"https:\/\/blogsaverroes.juntadeandalucia.es\/iesburyalhamma\/planes-y-proyectos\/","title":{"rendered":"Planes y Programas"},"content":{"rendered":"<p><img loading=\"lazy\" decoding=\"async\" class=\"alignnone size-medium wp-image-1667\" src=\"http:\/\/blogsaverroes.juntadeandalucia.es\/temafrontieries\/files\/2015\/03\/planes-300x150.png\" alt=\"planes\" width=\"300\" height=\"150\" srcset=\"https:\/\/blogsaverroes.juntadeandalucia.es\/iesburyalhamma\/files\/2015\/03\/planes-300x150.png 300w, https:\/\/blogsaverroes.juntadeandalucia.es\/iesburyalhamma\/files\/2015\/03\/planes.png 640w\" sizes=\"(max-width: 300px) 100vw, 300px\" \/><\/p>\n<p>Este centro personaliza y adapta su Proyecto Educativo adheriendose a diferentes <a href=\"https:\/\/portals.ced.junta-andalucia.es\/educacion\/portals\/web\/ced\/planesyprogramas\"><strong>Planes y Programas<\/strong><\/a> promovidos desde la Consejer\u00eda de Educaci\u00f3n, Cultura y Deporte.<\/p>\n<p><strong>Escuela, espacio de Paz<\/strong>, coordinado por Mercedes Ortega Guti\u00e9rrez. Promoci\u00f3n de valores de convivencia.<br \/>\n\u200b<strong>Coeducaci\u00f3n<\/strong>, coordinado por Cristina Fuentes Garc\u00eda. Promoci\u00f3n de la igualdad.<br \/>\n<strong>\u200bForma Joven<\/strong>, coordinado por M\u00aa Cruz M\u00e1rquez Joya. Promoci\u00f3n de la salud y h\u00e1bitos de vida saludable.<br \/>\n\u200b<strong>Proyecto Aldea<\/strong>, coordinado por Juana Garc\u00eda C\u00e1rdenas. Promoci\u00f3n de valores medio ambientales y de respeto a la naturaleza.<br \/>\n<strong>\u200bVivir y sentir el patrimonio<\/strong>, coordinado por Juan Antonio S\u00e1nchez Carrasco. Promoci\u00f3n del patrimonio hist\u00f3rico y cultural de la localidad.<br \/>\n\u200b<strong>Comunica<\/strong>, Coordinado por Javier Adan Nieto<br \/>\n<strong>Organizaci\u00f3n y Funcionamiento de la Biblioteca<\/strong>, coordinado por Jeanine Parrilla P\u00e9rez. Promoci\u00f3n de la lectura y escritura creativa.<br \/>\n<strong>Transformaci\u00f3n Digital Educativa<\/strong>, coordinado por Manuel Mart\u00edn Ontiveros.Responde a los retos planteados actualmente, con repercusiones inmediatas en el \u00e1mbito escolar para facilitar la adquisici\u00f3n y desarrollo de competencias y habilidades a quienes formar\u00e1n la ciudadan\u00eda en un futuro inmediato.<\/p>\n","protected":false},"excerpt":{"rendered":"<p>Este centro personaliza y adapta su Proyecto Educativo adheriendose a diferentes Planes y Programas promovidos desde la Consejer\u00eda de Educaci\u00f3n, Cultura y Deporte. Escuela, espacio de Paz, coordinado por Mercedes Ortega Guti\u00e9rrez. Promoci\u00f3n de&#46;&#46;&#46;<\/p>\n","protected":false},"author":1,"featured_media":0,"parent":0,"menu_order":0,"comment_status":"closed","ping_status":"closed","template":"page-cs.php","meta":{"ngg_post_thumbnail":0,"footnotes":"","_mc_calendar":[]},"aioseo_notices":[],"_links":{"self":[{"href":"https:\/\/blogsaverroes.juntadeandalucia.es\/iesburyalhamma\/wp-json\/wp\/v2\/pages\/44"}],"collection":[{"href":"https:\/\/blogsaverroes.juntadeandalucia.es\/iesburyalhamma\/wp-json\/wp\/v2\/pages"}],"about":[{"href":"https:\/\/blogsaverroes.juntadeandalucia.es\/iesburyalhamma\/wp-json\/wp\/v2\/types\/page"}],"author":[{"embeddable":true,"href":"https:\/\/blogsaverroes.juntadeandalucia.es\/iesburyalhamma\/wp-json\/wp\/v2\/users\/1"}],"replies":[{"embeddable":true,"href":"https:\/\/blogsaverroes.juntadeandalucia.es\/iesburyalhamma\/wp-json\/wp\/v2\/comments?post=44"}],"version-history":[{"count":28,"href":"https:\/\/blogsaverroes.juntadeandalucia.es\/iesburyalhamma\/wp-json\/wp\/v2\/pages\/44\/revisions"}],"predecessor-version":[{"id":2609,"href":"https:\/\/blogsaverroes.juntadeandalucia.es\/iesburyalhamma\/wp-json\/wp\/v2\/pages\/44\/revisions\/2609"}],"wp:attachment":[{"href":"https:\/\/blogsaverroes.juntadeandalucia.es\/iesburyalhamma\/wp-json\/wp\/v2\/media?parent=44"}],"curies":[{"name":"wp","href":"https:\/\/api.w.org\/{rel}","templated":true}]}}