{"id":113,"date":"2015-03-16T08:06:00","date_gmt":"2015-03-16T07:06:00","guid":{"rendered":"http:\/\/blogsaverroes.juntadeandalucia.es\/pre\/ceip\/?page_id=113"},"modified":"2023-01-17T20:10:39","modified_gmt":"2023-01-17T19:10:39","slug":"biblioteca","status":"publish","type":"page","link":"https:\/\/blogsaverroes.juntadeandalucia.es\/iescaballerobonald\/biblioteca\/","title":{"rendered":"Biblioteca"},"content":{"rendered":"<p><a href=\"https:\/\/blogsaverroes.juntadeandalucia.es\/iescaballerobonald\/files\/2023\/01\/IMG_20180425_111547-scaled.jpg\"><img loading=\"lazy\" decoding=\"async\" class=\"alignleft wp-image-8126 size-medium\" src=\"https:\/\/blogsaverroes.juntadeandalucia.es\/iescaballerobonald\/files\/2023\/01\/IMG_20180425_111547-300x225.jpg\" alt=\"\" width=\"300\" height=\"225\" srcset=\"https:\/\/blogsaverroes.juntadeandalucia.es\/iescaballerobonald\/files\/2023\/01\/IMG_20180425_111547-300x225.jpg 300w, https:\/\/blogsaverroes.juntadeandalucia.es\/iescaballerobonald\/files\/2023\/01\/IMG_20180425_111547-1024x768.jpg 1024w, https:\/\/blogsaverroes.juntadeandalucia.es\/iescaballerobonald\/files\/2023\/01\/IMG_20180425_111547-768x576.jpg 768w, https:\/\/blogsaverroes.juntadeandalucia.es\/iescaballerobonald\/files\/2023\/01\/IMG_20180425_111547-1536x1152.jpg 1536w, https:\/\/blogsaverroes.juntadeandalucia.es\/iescaballerobonald\/files\/2023\/01\/IMG_20180425_111547-2048x1536.jpg 2048w, https:\/\/blogsaverroes.juntadeandalucia.es\/iescaballerobonald\/files\/2023\/01\/IMG_20180425_111547-scaled.jpg 1600w\" sizes=\"(max-width: 300px) 100vw, 300px\" \/><\/a>La Biblioteca de nuestro centro aspira a ser un lugar cercano y pr\u00f3ximo a toda la comunidad educativa. Su objetivo principal es el fomento de la lectura, aunque tambi\u00e9n desea ser un centro de difusi\u00f3n cultural tomando como punto de partida el libro.<\/p>\n<p>En la actualidad, tiene m\u00e1s de 9000 vol\u00famenes catalogados en la aplicaci\u00f3n que la Junta de Andaluc\u00eda, con el programa S\u00e9neca, ha habilitado para ello. Alumnado, profesorado, padres y madres pueden acceder a este cat\u00e1logo a trav\u00e9s de la aplicaci\u00f3n S\u00e9neca.<a href=\"https:\/\/blogsaverroes.juntadeandalucia.es\/iescaballerobonald\/files\/2023\/01\/IMG_2303-scaled.jpg\"><img loading=\"lazy\" decoding=\"async\" class=\"alignright wp-image-8125 size-medium\" src=\"https:\/\/blogsaverroes.juntadeandalucia.es\/iescaballerobonald\/files\/2023\/01\/IMG_2303-225x300.jpg\" alt=\"\" width=\"225\" height=\"300\" srcset=\"https:\/\/blogsaverroes.juntadeandalucia.es\/iescaballerobonald\/files\/2023\/01\/IMG_2303-225x300.jpg 225w, https:\/\/blogsaverroes.juntadeandalucia.es\/iescaballerobonald\/files\/2023\/01\/IMG_2303-768x1024.jpg 768w, https:\/\/blogsaverroes.juntadeandalucia.es\/iescaballerobonald\/files\/2023\/01\/IMG_2303-1152x1536.jpg 1152w, https:\/\/blogsaverroes.juntadeandalucia.es\/iescaballerobonald\/files\/2023\/01\/IMG_2303-1536x2048.jpg 1536w, https:\/\/blogsaverroes.juntadeandalucia.es\/iescaballerobonald\/files\/2023\/01\/IMG_2303-scaled.jpg 1200w\" sizes=\"(max-width: 225px) 100vw, 225px\" \/><\/a><\/p>\n<p>Dentro del fondo de la biblioteca, cabe destacar una colecci\u00f3n variada y amplia de Literatura Juvenil apropiada para las edades de nuestro alumnado.<\/p>\n<p><a href=\"https:\/\/blogsaverroes.juntadeandalucia.es\/iescaballerobonald\/files\/2023\/01\/IMG_20211112_082315-scaled.jpg\"><img loading=\"lazy\" decoding=\"async\" class=\"alignleft wp-image-8124 size-medium\" src=\"https:\/\/blogsaverroes.juntadeandalucia.es\/iescaballerobonald\/files\/2023\/01\/IMG_20211112_082315-225x300.jpg\" alt=\"\" width=\"225\" height=\"300\" srcset=\"https:\/\/blogsaverroes.juntadeandalucia.es\/iescaballerobonald\/files\/2023\/01\/IMG_20211112_082315-225x300.jpg 225w, https:\/\/blogsaverroes.juntadeandalucia.es\/iescaballerobonald\/files\/2023\/01\/IMG_20211112_082315-768x1024.jpg 768w, https:\/\/blogsaverroes.juntadeandalucia.es\/iescaballerobonald\/files\/2023\/01\/IMG_20211112_082315-1152x1536.jpg 1152w, https:\/\/blogsaverroes.juntadeandalucia.es\/iescaballerobonald\/files\/2023\/01\/IMG_20211112_082315-1536x2048.jpg 1536w, https:\/\/blogsaverroes.juntadeandalucia.es\/iescaballerobonald\/files\/2023\/01\/IMG_20211112_082315-scaled.jpg 1200w\" sizes=\"(max-width: 225px) 100vw, 225px\" \/><\/a>Los servicios que presta la biblioteca son:<\/p>\n<p>-Pr\u00e9stamos de libros y DVD.<\/p>\n<p>-Uso de ordenadores para la realizaci\u00f3n de trabajos y acceso a Internet.<\/p>\n<p>-Impresi\u00f3n de trabajos.<\/p>\n<p>La biblioteca est\u00e1 abierta durante todo el horario escolar y el servicio de pr\u00e9stamos se realiza durante los recreos.<\/p>\n<p>Adem\u00e1s de los servicios descritos, la biblioteca coordina y realiza distintas actividades culturales: Feria del Libro, presentaci\u00f3n de libros, D\u00eda del libro, Celebraci\u00f3n de efem\u00e9rides, exposiciones\u2026.<\/p>\n<p><a href=\"https:\/\/blogsaverroes.juntadeandalucia.es\/iescaballerobonald\/files\/2023\/01\/IMG_20211112_082452-scaled.jpg\"><img loading=\"lazy\" decoding=\"async\" class=\"alignleft wp-image-8123 size-large\" src=\"https:\/\/blogsaverroes.juntadeandalucia.es\/iescaballerobonald\/files\/2023\/01\/IMG_20211112_082452-1024x768.jpg\" alt=\"\" width=\"1024\" height=\"768\" srcset=\"https:\/\/blogsaverroes.juntadeandalucia.es\/iescaballerobonald\/files\/2023\/01\/IMG_20211112_082452-1024x768.jpg 1024w, https:\/\/blogsaverroes.juntadeandalucia.es\/iescaballerobonald\/files\/2023\/01\/IMG_20211112_082452-300x225.jpg 300w, https:\/\/blogsaverroes.juntadeandalucia.es\/iescaballerobonald\/files\/2023\/01\/IMG_20211112_082452-768x576.jpg 768w, https:\/\/blogsaverroes.juntadeandalucia.es\/iescaballerobonald\/files\/2023\/01\/IMG_20211112_082452-1536x1152.jpg 1536w, https:\/\/blogsaverroes.juntadeandalucia.es\/iescaballerobonald\/files\/2023\/01\/IMG_20211112_082452-2048x1536.jpg 2048w, https:\/\/blogsaverroes.juntadeandalucia.es\/iescaballerobonald\/files\/2023\/01\/IMG_20211112_082452-scaled.jpg 1600w\" sizes=\"(max-width: 1024px) 100vw, 1024px\" \/><\/a> <a href=\"https:\/\/blogsaverroes.juntadeandalucia.es\/iescaballerobonald\/files\/2023\/01\/IMG_20211112_082302-scaled.jpg\"><img loading=\"lazy\" decoding=\"async\" class=\"aligncenter wp-image-8122 size-large\" src=\"https:\/\/blogsaverroes.juntadeandalucia.es\/iescaballerobonald\/files\/2023\/01\/IMG_20211112_082302-1024x768.jpg\" alt=\"\" width=\"1024\" height=\"768\" srcset=\"https:\/\/blogsaverroes.juntadeandalucia.es\/iescaballerobonald\/files\/2023\/01\/IMG_20211112_082302-1024x768.jpg 1024w, https:\/\/blogsaverroes.juntadeandalucia.es\/iescaballerobonald\/files\/2023\/01\/IMG_20211112_082302-300x225.jpg 300w, https:\/\/blogsaverroes.juntadeandalucia.es\/iescaballerobonald\/files\/2023\/01\/IMG_20211112_082302-768x576.jpg 768w, https:\/\/blogsaverroes.juntadeandalucia.es\/iescaballerobonald\/files\/2023\/01\/IMG_20211112_082302-1536x1152.jpg 1536w, https:\/\/blogsaverroes.juntadeandalucia.es\/iescaballerobonald\/files\/2023\/01\/IMG_20211112_082302-2048x1536.jpg 2048w, https:\/\/blogsaverroes.juntadeandalucia.es\/iescaballerobonald\/files\/2023\/01\/IMG_20211112_082302-scaled.jpg 1600w\" sizes=\"(max-width: 1024px) 100vw, 1024px\" \/><\/a><\/p>\n","protected":false},"excerpt":{"rendered":"<p>La Biblioteca de nuestro centro aspira a ser un lugar cercano y pr\u00f3ximo a toda la comunidad educativa. Su objetivo principal es el fomento de la lectura, aunque tambi\u00e9n desea&#46;&#46;&#46;<\/p>\n","protected":false},"author":1,"featured_media":0,"parent":0,"menu_order":0,"comment_status":"closed","ping_status":"closed","template":"","meta":{"ngg_post_thumbnail":0,"footnotes":"","_mc_calendar":[]},"aioseo_notices":[],"_links":{"self":[{"href":"https:\/\/blogsaverroes.juntadeandalucia.es\/iescaballerobonald\/wp-json\/wp\/v2\/pages\/113"}],"collection":[{"href":"https:\/\/blogsaverroes.juntadeandalucia.es\/iescaballerobonald\/wp-json\/wp\/v2\/pages"}],"about":[{"href":"https:\/\/blogsaverroes.juntadeandalucia.es\/iescaballerobonald\/wp-json\/wp\/v2\/types\/page"}],"author":[{"embeddable":true,"href":"https:\/\/blogsaverroes.juntadeandalucia.es\/iescaballerobonald\/wp-json\/wp\/v2\/users\/1"}],"replies":[{"embeddable":true,"href":"https:\/\/blogsaverroes.juntadeandalucia.es\/iescaballerobonald\/wp-json\/wp\/v2\/comments?post=113"}],"version-history":[{"count":23,"href":"https:\/\/blogsaverroes.juntadeandalucia.es\/iescaballerobonald\/wp-json\/wp\/v2\/pages\/113\/revisions"}],"predecessor-version":[{"id":8131,"href":"https:\/\/blogsaverroes.juntadeandalucia.es\/iescaballerobonald\/wp-json\/wp\/v2\/pages\/113\/revisions\/8131"}],"wp:attachment":[{"href":"https:\/\/blogsaverroes.juntadeandalucia.es\/iescaballerobonald\/wp-json\/wp\/v2\/media?parent=113"}],"curies":[{"name":"wp","href":"https:\/\/api.w.org\/{rel}","templated":true}]}}

<p><a href="https://blogsaverroes.juntadeandalucia.es/iescaballerobonald/files/2023/01/IMG_20180425_111547-scaled.jpg"><img loading="lazy" decoding="async" class="alignleft wp-image-8126 size-medium" src="https://blogsaverroes.juntadeandalucia.es/iescaballerobonald/files/2023/01/IMG_20180425_111547-300x225.jpg" alt="" width="300" height="225" srcset="https://blogsaverroes.juntadeandalucia.es/iescaballerobonald/files/2023/01/IMG_20180425_111547-300x225.jpg 300w, https://blogsaverroes.juntadeandalucia.es/iescaballerobonald/files/2023/01/IMG_20180425_111547-1024x768.jpg 1024w, https://blogsaverroes.juntadeandalucia.es/iescaballerobonald/files/2023/01/IMG_20180425_111547-768x576.jpg 768w, https://blogsaverroes.juntadeandalucia.es/iescaballerobonald/files/2023/01/IMG_20180425_111547-1536x1152.jpg 1536w, https://blogsaverroes.juntadeandalucia.es/iescaballerobonald/files/2023/01/IMG_20180425_111547-2048x1536.jpg 2048w, https://blogsaverroes.juntadeandalucia.es/iescaballerobonald/files/2023/01/IMG_20180425_111547-scaled.jpg 1600w" sizes="(max-width: 300px) 100vw, 300px" /></a>La Biblioteca de nuestro centro aspira a ser un lugar cercano y próximo a toda la comunidad educativa. Su objetivo principal es el fomento de la lectura, aunque también desea ser un centro de difusión cultural tomando como punto de partida el libro.</p>
<p>En la actualidad, tiene más de 9000 volúmenes catalogados en la aplicación que la Junta de Andalucía, con el programa Séneca, ha habilitado para ello. Alumnado, profesorado, padres y madres pueden acceder a este catálogo a través de la aplicación Séneca.<a href="https://blogsaverroes.juntadeandalucia.es/iescaballerobonald/files/2023/01/IMG_2303-scaled.jpg"><img loading="lazy" decoding="async" class="alignright wp-image-8125 size-medium" src="https://blogsaverroes.juntadeandalucia.es/iescaballerobonald/files/2023/01/IMG_2303-225x300.jpg" alt="" width="225" height="300" srcset="https://blogsaverroes.juntadeandalucia.es/iescaballerobonald/files/2023/01/IMG_2303-225x300.jpg 225w, https://blogsaverroes.juntadeandalucia.es/iescaballerobonald/files/2023/01/IMG_2303-768x1024.jpg 768w, https://blogsaverroes.juntadeandalucia.es/iescaballerobonald/files/2023/01/IMG_2303-1152x1536.jpg 1152w, https://blogsaverroes.juntadeandalucia.es/iescaballerobonald/files/2023/01/IMG_2303-1536x2048.jpg 1536w, https://blogsaverroes.juntadeandalucia.es/iescaballerobonald/files/2023/01/IMG_2303-scaled.jpg 1200w" sizes="(max-width: 225px) 100vw, 225px" /></a></p>
<p>Dentro del fondo de la biblioteca, cabe destacar una colección variada y amplia de Literatura Juvenil apropiada para las edades de nuestro alumnado.</p>
<p><a href="https://blogsaverroes.juntadeandalucia.es/iescaballerobonald/files/2023/01/IMG_20211112_082315-scaled.jpg"><img loading="lazy" decoding="async" class="alignleft wp-image-8124 size-medium" src="https://blogsaverroes.juntadeandalucia.es/iescaballerobonald/files/2023/01/IMG_20211112_082315-225x300.jpg" alt="" width="225" height="300" srcset="https://blogsaverroes.juntadeandalucia.es/iescaballerobonald/files/2023/01/IMG_20211112_082315-225x300.jpg 225w, https://blogsaverroes.juntadeandalucia.es/iescaballerobonald/files/2023/01/IMG_20211112_082315-768x1024.jpg 768w, https://blogsaverroes.juntadeandalucia.es/iescaballerobonald/files/2023/01/IMG_20211112_082315-1152x1536.jpg 1152w, https://blogsaverroes.juntadeandalucia.es/iescaballerobonald/files/2023/01/IMG_20211112_082315-1536x2048.jpg 1536w, https://blogsaverroes.juntadeandalucia.es/iescaballerobonald/files/2023/01/IMG_20211112_082315-scaled.jpg 1200w" sizes="(max-width: 225px) 100vw, 225px" /></a>Los servicios que presta la biblioteca son:</p>
<p>-Préstamos de libros y DVD.</p>
<p>-Uso de ordenadores para la realización de trabajos y acceso a Internet.</p>
<p>-Impresión de trabajos.</p>
<p>La biblioteca está abierta durante todo el horario escolar y el servicio de préstamos se realiza durante los recreos.</p>
<p>Además de los servicios descritos, la biblioteca coordina y realiza distintas actividades culturales: Feria del Libro, presentación de libros, Día del libro, Celebración de efemérides, exposiciones….</p>
<p><a href="https://blogsaverroes.juntadeandalucia.es/iescaballerobonald/files/2023/01/IMG_20211112_082452-scaled.jpg"><img loading="lazy" decoding="async" class="alignleft wp-image-8123 size-large" src="https://blogsaverroes.juntadeandalucia.es/iescaballerobonald/files/2023/01/IMG_20211112_082452-1024x768.jpg" alt="" width="1024" height="768" srcset="https://blogsaverroes.juntadeandalucia.es/iescaballerobonald/files/2023/01/IMG_20211112_082452-1024x768.jpg 1024w, https://blogsaverroes.juntadeandalucia.es/iescaballerobonald/files/2023/01/IMG_20211112_082452-300x225.jpg 300w, https://blogsaverroes.juntadeandalucia.es/iescaballerobonald/files/2023/01/IMG_20211112_082452-768x576.jpg 768w, https://blogsaverroes.juntadeandalucia.es/iescaballerobonald/files/2023/01/IMG_20211112_082452-1536x1152.jpg 1536w, https://blogsaverroes.juntadeandalucia.es/iescaballerobonald/files/2023/01/IMG_20211112_082452-2048x1536.jpg 2048w, https://blogsaverroes.juntadeandalucia.es/iescaballerobonald/files/2023/01/IMG_20211112_082452-scaled.jpg 1600w" sizes="(max-width: 1024px) 100vw, 1024px" /></a> <a href="https://blogsaverroes.juntadeandalucia.es/iescaballerobonald/files/2023/01/IMG_20211112_082302-scaled.jpg"><img loading="lazy" decoding="async" class="aligncenter wp-image-8122 size-large" src="https://blogsaverroes.juntadeandalucia.es/iescaballerobonald/files/2023/01/IMG_20211112_082302-1024x768.jpg" alt="" width="1024" height="768" srcset="https://blogsaverroes.juntadeandalucia.es/iescaballerobonald/files/2023/01/IMG_20211112_082302-1024x768.jpg 1024w, https://blogsaverroes.juntadeandalucia.es/iescaballerobonald/files/2023/01/IMG_20211112_082302-300x225.jpg 300w, https://blogsaverroes.juntadeandalucia.es/iescaballerobonald/files/2023/01/IMG_20211112_082302-768x576.jpg 768w, https://blogsaverroes.juntadeandalucia.es/iescaballerobonald/files/2023/01/IMG_20211112_082302-1536x1152.jpg 1536w, https://blogsaverroes.juntadeandalucia.es/iescaballerobonald/files/2023/01/IMG_20211112_082302-2048x1536.jpg 2048w, https://blogsaverroes.juntadeandalucia.es/iescaballerobonald/files/2023/01/IMG_20211112_082302-scaled.jpg 1600w" sizes="(max-width: 1024px) 100vw, 1024px" /></a></p>

<p>La Biblioteca de nuestro centro aspira a ser un lugar cercano y próximo a toda la comunidad educativa. Su objetivo principal es el fomento de la lectura, aunque también desea&#46;&#46;&#46;</p>
