{"id":12610,"date":"2025-10-26T18:47:44","date_gmt":"2025-10-26T17:47:44","guid":{"rendered":"https:\/\/blogsaverroes.juntadeandalucia.es\/iescaballerobonald\/?page_id=12610"},"modified":"2025-10-28T20:37:17","modified_gmt":"2025-10-28T19:37:17","slug":"escuela-codigo-4-0","status":"publish","type":"page","link":"https:\/\/blogsaverroes.juntadeandalucia.es\/iescaballerobonald\/escuela-codigo-4-0\/","title":{"rendered":"C\u00f3digo Escuela  4.0"},"content":{"rendered":"<p>\ud83e\udded Coordinador del Programa: C\u00e9sar G\u00f3mez S\u00e1nchez<a href=\"https:\/\/blogsaverroes.juntadeandalucia.es\/iescaballerobonald\/files\/2025\/10\/unnamed.jpg\"><img loading=\"lazy\" decoding=\"async\" class=\"wp-image-12695 size-thumbnail alignright\" src=\"https:\/\/blogsaverroes.juntadeandalucia.es\/iescaballerobonald\/files\/2025\/10\/unnamed-150x150.jpg\" alt=\"\" width=\"150\" height=\"150\" srcset=\"https:\/\/blogsaverroes.juntadeandalucia.es\/iescaballerobonald\/files\/2025\/10\/unnamed-150x150.jpg 150w, https:\/\/blogsaverroes.juntadeandalucia.es\/iescaballerobonald\/files\/2025\/10\/unnamed-300x300.jpg 300w, https:\/\/blogsaverroes.juntadeandalucia.es\/iescaballerobonald\/files\/2025\/10\/unnamed-80x80.jpg 80w, https:\/\/blogsaverroes.juntadeandalucia.es\/iescaballerobonald\/files\/2025\/10\/unnamed-320x320.jpg 320w, https:\/\/blogsaverroes.juntadeandalucia.es\/iescaballerobonald\/files\/2025\/10\/unnamed.jpg 432w\" sizes=\"(max-width: 150px) 100vw, 150px\" \/><\/a><\/p>\n<p><strong>\ud83d\udca1 \u00bfEn qu\u00e9 consiste <\/strong><strong>C\u00f3digo <\/strong><strong>Escuela&nbsp;<\/strong><strong>&nbsp;<\/strong><strong>&nbsp;4.0?<\/strong><\/p>\n<p data-start=\"532\" data-end=\"936\">El Programa C\u00f3digo Escuela 4.0 busca impulsar la competencia digital del alumnado desde una perspectiva pr\u00e1ctica e innovadora. A trav\u00e9s del pensamiento computacional, la programaci\u00f3n, la rob\u00f3tica educativa y el uso responsable de la inteligencia artificial, se pretende que el alumnado no sea solo consumidor de tecnolog\u00eda, sino tambi\u00e9n creador y analista cr\u00edtico de ella.<\/p>\n<h3 data-start=\"1062\" data-end=\"1099\">\ud83c\udfaf \u00bfQu\u00e9 objetivos nos proponemos?<\/h3>\n<ul data-start=\"1100\" data-end=\"1516\">\n<li data-start=\"1100\" data-end=\"1241\">\n<p data-start=\"1102\" data-end=\"1241\">\ud83d\udcaa <strong data-start=\"1105\" data-end=\"1140\">Impulsar la competencia digital<\/strong> de alumnado y profesorado, integrando el uso de la tecnolog\u00eda en todas las \u00e1reas del conocimiento.<\/p>\n<\/li>\n<li data-start=\"1242\" data-end=\"1407\">\n<p data-start=\"1244\" data-end=\"1407\">\ud83e\udde9 <strong data-start=\"1247\" data-end=\"1280\">Incorporar metodolog\u00edas STEAM<\/strong> (Ciencia, Tecnolog\u00eda, Ingenier\u00eda, Arte y Matem\u00e1ticas) para fomentar la creatividad, la cooperaci\u00f3n y el pensamiento cr\u00edtico.<\/p>\n<\/li>\n<li data-start=\"1408\" data-end=\"1516\">\n<p data-start=\"1410\" data-end=\"1516\">\ud83e\udd16 <strong data-start=\"1413\" data-end=\"1461\">Fomentar el uso \u00e9tico y responsable de la IA<\/strong>, entendiendo sus ventajas, l\u00edmites y retos educativos.<a href=\"https:\/\/blogsaverroes.juntadeandalucia.es\/iescaballerobonald\/files\/2025\/10\/ChatGPT-Image-28-oct-2025-05_58_14.png\"><img loading=\"lazy\" decoding=\"async\" class=\"wp-image-12747 size-thumbnail alignleft\" src=\"https:\/\/blogsaverroes.juntadeandalucia.es\/iescaballerobonald\/files\/2025\/10\/ChatGPT-Image-28-oct-2025-05_58_14-150x150.png\" alt=\"\" width=\"150\" height=\"150\" srcset=\"https:\/\/blogsaverroes.juntadeandalucia.es\/iescaballerobonald\/files\/2025\/10\/ChatGPT-Image-28-oct-2025-05_58_14-150x150.png 150w, https:\/\/blogsaverroes.juntadeandalucia.es\/iescaballerobonald\/files\/2025\/10\/ChatGPT-Image-28-oct-2025-05_58_14-300x300.png 300w, https:\/\/blogsaverroes.juntadeandalucia.es\/iescaballerobonald\/files\/2025\/10\/ChatGPT-Image-28-oct-2025-05_58_14-768x768.png 768w, https:\/\/blogsaverroes.juntadeandalucia.es\/iescaballerobonald\/files\/2025\/10\/ChatGPT-Image-28-oct-2025-05_58_14-80x80.png 80w, https:\/\/blogsaverroes.juntadeandalucia.es\/iescaballerobonald\/files\/2025\/10\/ChatGPT-Image-28-oct-2025-05_58_14-320x320.png 320w, https:\/\/blogsaverroes.juntadeandalucia.es\/iescaballerobonald\/files\/2025\/10\/ChatGPT-Image-28-oct-2025-05_58_14.png 1024w\" sizes=\"(max-width: 150px) 100vw, 150px\" \/><\/a><\/p>\n<\/li>\n<\/ul>\n<h3 data-start=\"1523\" data-end=\"1558\">\ud83d\udee0\ufe0f \u00bfC\u00f3mo lo vamos a conseguir?<\/h3>\n<h4 data-start=\"1560\" data-end=\"1593\">1\ufe0f\u20e3 Dotaci\u00f3n de equipamiento<\/h4>\n<p data-start=\"1594\" data-end=\"1945\">El IES Jos\u00e9 Manuel Caballero Bonald dispone de un amplio parque inform\u00e1tico plenamente operativo, lo que permite integrar la tecnolog\u00eda en la pr\u00e1ctica docente cotidiana.<br data-start=\"1771\" data-end=\"1774\"\/>Este curso, adem\u00e1s, se han incorporado 25 nuevas Pizarras Digitales Interactivas SMART BOARD V5, que facilitan una ense\u00f1anza m\u00e1s din\u00e1mica, participativa y conectada.<\/p>\n<h4 data-start=\"2067\" data-end=\"2110\">2\ufe0f\u20e3 Formaci\u00f3n continua del profesorado<\/h4>\n<p data-start=\"2111\" data-end=\"2550\">\ud83d\udc69\u200d\ud83c\udfeb Nuestro profesorado est\u00e1 en constante actualizaci\u00f3n digital. Participa tanto en formaci\u00f3n interna (a trav\u00e9s de grupos de trabajo y proyectos del propio centro) como en formaci\u00f3n externa, impulsada por los Centros del Profesorado (CEP).<a href=\"https:\/\/blogsaverroes.juntadeandalucia.es\/iescaballerobonald\/files\/2025\/10\/Coordinador-Escuela-4.0-formando-en-pizarras-digitales.jpeg\"><img loading=\"lazy\" decoding=\"async\" class=\"wp-image-12692 size-medium alignleft\" src=\"https:\/\/blogsaverroes.juntadeandalucia.es\/iescaballerobonald\/files\/2025\/10\/Coordinador-Escuela-4.0-formando-en-pizarras-digitales-300x157.jpeg\" alt=\"\" width=\"300\" height=\"157\" srcset=\"https:\/\/blogsaverroes.juntadeandalucia.es\/iescaballerobonald\/files\/2025\/10\/Coordinador-Escuela-4.0-formando-en-pizarras-digitales-300x157.jpeg 300w, https:\/\/blogsaverroes.juntadeandalucia.es\/iescaballerobonald\/files\/2025\/10\/Coordinador-Escuela-4.0-formando-en-pizarras-digitales-1024x536.jpeg 1024w, https:\/\/blogsaverroes.juntadeandalucia.es\/iescaballerobonald\/files\/2025\/10\/Coordinador-Escuela-4.0-formando-en-pizarras-digitales-768x402.jpeg 768w, https:\/\/blogsaverroes.juntadeandalucia.es\/iescaballerobonald\/files\/2025\/10\/Coordinador-Escuela-4.0-formando-en-pizarras-digitales.jpeg 1079w\" sizes=\"(max-width: 300px) 100vw, 300px\" \/><\/a> El objetivo es que cada docente pueda integrar las herramientas digitales y la rob\u00f3tica en su metodolog\u00eda, generando una experiencia de aprendizaje innovadora y significativa.<\/p>\n<p data-start=\"2672\" data-end=\"2886\">El Programa C\u00f3digo Escuela 4.0 representa un paso firme hacia una educaci\u00f3n digital, inclusiva y creativa, que prepara a nuestro alumnado para comprender y transformar el mundo tecnol\u00f3gico en el que vive.<\/p>\n<p data-start=\"2888\" data-end=\"2975\">\ud83d\udcac <em data-start=\"2891\" data-end=\"2975\">Aprender tecnolog\u00eda no es solo usarla, sino comprenderla para mejorar la realidad.<\/em><\/p>\n<p><a href=\"https:\/\/blogsaverroes.juntadeandalucia.es\/iescaballerobonald\/files\/2025\/10\/DOSIER-PLANES-Y-PROGRAMAS-25-26-7_page-0001.jpg\"><img loading=\"lazy\" decoding=\"async\" class=\"aligncenter size-full wp-image-12686\" src=\"https:\/\/blogsaverroes.juntadeandalucia.es\/iescaballerobonald\/files\/2025\/10\/DOSIER-PLANES-Y-PROGRAMAS-25-26-7_page-0001.jpg\" alt=\"\" width=\"1241\" height=\"1755\" srcset=\"https:\/\/blogsaverroes.juntadeandalucia.es\/iescaballerobonald\/files\/2025\/10\/DOSIER-PLANES-Y-PROGRAMAS-25-26-7_page-0001.jpg 1241w, https:\/\/blogsaverroes.juntadeandalucia.es\/iescaballerobonald\/files\/2025\/10\/DOSIER-PLANES-Y-PROGRAMAS-25-26-7_page-0001-212x300.jpg 212w, https:\/\/blogsaverroes.juntadeandalucia.es\/iescaballerobonald\/files\/2025\/10\/DOSIER-PLANES-Y-PROGRAMAS-25-26-7_page-0001-724x1024.jpg 724w, https:\/\/blogsaverroes.juntadeandalucia.es\/iescaballerobonald\/files\/2025\/10\/DOSIER-PLANES-Y-PROGRAMAS-25-26-7_page-0001-768x1086.jpg 768w, https:\/\/blogsaverroes.juntadeandalucia.es\/iescaballerobonald\/files\/2025\/10\/DOSIER-PLANES-Y-PROGRAMAS-25-26-7_page-0001-1086x1536.jpg 1086w\" sizes=\"(max-width: 1241px) 100vw, 1241px\" \/><\/a><\/p>\n","protected":false},"excerpt":{"rendered":"<p>\ud83e\udded Coordinador del Programa: C\u00e9sar G\u00f3mez S\u00e1nchez \ud83d\udca1 \u00bfEn qu\u00e9 consiste C\u00f3digo Escuela&nbsp;&nbsp;&nbsp;4.0? El Programa C\u00f3digo Escuela 4.0 busca impulsar la competencia digital del alumnado desde una perspectiva pr\u00e1ctica e&#46;&#46;&#46;<\/p>\n","protected":false},"author":15560,"featured_media":0,"parent":0,"menu_order":0,"comment_status":"closed","ping_status":"closed","template":"","meta":{"ngg_post_thumbnail":0,"footnotes":"","_mc_calendar":[]},"aioseo_notices":[],"_links":{"self":[{"href":"https:\/\/blogsaverroes.juntadeandalucia.es\/iescaballerobonald\/wp-json\/wp\/v2\/pages\/12610"}],"collection":[{"href":"https:\/\/blogsaverroes.juntadeandalucia.es\/iescaballerobonald\/wp-json\/wp\/v2\/pages"}],"about":[{"href":"https:\/\/blogsaverroes.juntadeandalucia.es\/iescaballerobonald\/wp-json\/wp\/v2\/types\/page"}],"author":[{"embeddable":true,"href":"https:\/\/blogsaverroes.juntadeandalucia.es\/iescaballerobonald\/wp-json\/wp\/v2\/users\/15560"}],"replies":[{"embeddable":true,"href":"https:\/\/blogsaverroes.juntadeandalucia.es\/iescaballerobonald\/wp-json\/wp\/v2\/comments?post=12610"}],"version-history":[{"count":15,"href":"https:\/\/blogsaverroes.juntadeandalucia.es\/iescaballerobonald\/wp-json\/wp\/v2\/pages\/12610\/revisions"}],"predecessor-version":[{"id":12687,"href":"https:\/\/blogsaverroes.juntadeandalucia.es\/iescaballerobonald\/wp-json\/wp\/v2\/pages\/12610\/revisions\/12687"}],"wp:attachment":[{"href":"https:\/\/blogsaverroes.juntadeandalucia.es\/iescaballerobonald\/wp-json\/wp\/v2\/media?parent=12610"}],"curies":[{"name":"wp","href":"https:\/\/api.w.org\/{rel}","templated":true}]}}