{"id":12809,"date":"2025-10-31T14:25:39","date_gmt":"2025-10-31T13:25:39","guid":{"rendered":"https:\/\/blogsaverroes.juntadeandalucia.es\/iescaballerobonald\/?page_id=12809"},"modified":"2025-11-01T08:25:13","modified_gmt":"2025-11-01T07:25:13","slug":"%f0%9f%a9%ba-nuestra-enfermera","status":"publish","type":"page","link":"https:\/\/blogsaverroes.juntadeandalucia.es\/iescaballerobonald\/%f0%9f%a9%ba-nuestra-enfermera\/","title":{"rendered":"\ud83e\ude7a Nuestra enfermera Eva"},"content":{"rendered":"<p data-start=\"248\" data-end=\"619\">El IES Jos\u00e9 Manuel Caballero Bonald cuenta con la inestimable colaboraci\u00f3n y el asesoramiento de Eva Cabezuelo, enfermera de referencia de nuestro centro. Su formaci\u00f3n termin\u00f3 en 1993 y desde entonces ha trabajado en multitud de servicios: hospital, urgencias, atenci\u00f3n primaria, etc.<\/p>\n<p data-start=\"248\" data-end=\"619\">Su principal inter\u00e9s, y se nota, es la atenci\u00f3n a lo escolar, la prevenci\u00f3n y promoci\u00f3n de la salud entre los m\u00e1s j\u00f3venes.&nbsp;Su presencia representa un apoyo fundamental para el bienestar de toda la comunidad educativa y un pilar esencial dentro del Programa de H\u00e1bitos de Vida Saludable que desarrollamos a lo largo del curso.<\/p>\n<p data-start=\"621\" data-end=\"976\">Bajo su orientaci\u00f3n, el alumnado participa en paneles, charlas y talleres interactivos que abordan temas clave para la formaci\u00f3n integral y la prevenci\u00f3n en salud:<a href=\"https:\/\/blogsaverroes.juntadeandalucia.es\/iescaballerobonald\/files\/2025\/10\/IMG_20251031_091206.jpg\"><img loading=\"lazy\" decoding=\"async\" class=\"alignleft wp-image-12813 size-medium\" src=\"https:\/\/blogsaverroes.juntadeandalucia.es\/iescaballerobonald\/files\/2025\/10\/IMG_20251031_091206-248x300.jpg\" alt=\"\" width=\"248\" height=\"300\" srcset=\"https:\/\/blogsaverroes.juntadeandalucia.es\/iescaballerobonald\/files\/2025\/10\/IMG_20251031_091206-248x300.jpg 248w, https:\/\/blogsaverroes.juntadeandalucia.es\/iescaballerobonald\/files\/2025\/10\/IMG_20251031_091206-846x1024.jpg 846w, https:\/\/blogsaverroes.juntadeandalucia.es\/iescaballerobonald\/files\/2025\/10\/IMG_20251031_091206-768x930.jpg 768w, https:\/\/blogsaverroes.juntadeandalucia.es\/iescaballerobonald\/files\/2025\/10\/IMG_20251031_091206.jpg 1201w\" sizes=\"(max-width: 248px) 100vw, 248px\" \/><\/a><br data-start=\"788\" data-end=\"791\"\/>\ud83e\udde0 educaci\u00f3n emocional<br data-start=\"813\" data-end=\"816\"\/>\ud83c\udf4e alimentaci\u00f3n equilibrada<br data-start=\"843\" data-end=\"846\"\/>\ud83d\udead riesgos del consumo de vapers<br data-start=\"878\" data-end=\"881\"\/>\ud83c\udd98 actuaciones b\u00e1sicas ante emergencias<br data-start=\"920\" data-end=\"923\"\/>\ud83d\udcac prevenci\u00f3n de enfermedades de transmisi\u00f3n sexual<\/p>\n<p data-start=\"978\" data-end=\"1194\">Estas actividades, siempre planteadas de forma din\u00e1mica y participativa, buscan no solo informar, sino tambi\u00e9n concienciar y capacitar al alumnado para adoptar estilos de vida m\u00e1s saludables y responsables.<\/p>\n<p data-start=\"1421\" data-end=\"1552\">Gracias, Eva, por acompa\u00f1arnos durante todo el curso y por tu entrega constante al servicio de nuestra comunidad educativa. \u2764\ufe0f\u200d\ud83e\ude79<\/p>\n<p>&nbsp;<\/p>\n<p><a href=\"https:\/\/blogsaverroes.juntadeandalucia.es\/iescaballerobonald\/files\/2025\/10\/IMG20251031115643.jpg\"><img loading=\"lazy\" decoding=\"async\" class=\"aligncenter wp-image-12818 size-large\" src=\"https:\/\/blogsaverroes.juntadeandalucia.es\/iescaballerobonald\/files\/2025\/10\/IMG20251031115643-1024x768.jpg\" alt=\"\" width=\"1024\" height=\"768\" srcset=\"https:\/\/blogsaverroes.juntadeandalucia.es\/iescaballerobonald\/files\/2025\/10\/IMG20251031115643-1024x768.jpg 1024w, https:\/\/blogsaverroes.juntadeandalucia.es\/iescaballerobonald\/files\/2025\/10\/IMG20251031115643-300x225.jpg 300w, https:\/\/blogsaverroes.juntadeandalucia.es\/iescaballerobonald\/files\/2025\/10\/IMG20251031115643-768x576.jpg 768w, https:\/\/blogsaverroes.juntadeandalucia.es\/iescaballerobonald\/files\/2025\/10\/IMG20251031115643-1536x1152.jpg 1536w, https:\/\/blogsaverroes.juntadeandalucia.es\/iescaballerobonald\/files\/2025\/10\/IMG20251031115643-2048x1536.jpg 2048w, https:\/\/blogsaverroes.juntadeandalucia.es\/iescaballerobonald\/files\/2025\/10\/IMG20251031115643.jpg 1600w\" sizes=\"(max-width: 1024px) 100vw, 1024px\" \/><\/a><\/p>\n","protected":false},"excerpt":{"rendered":"<p>El IES Jos\u00e9 Manuel Caballero Bonald cuenta con la inestimable colaboraci\u00f3n y el asesoramiento de Eva Cabezuelo, enfermera de referencia de nuestro centro. Su formaci\u00f3n termin\u00f3 en 1993 y desde&#46;&#46;&#46;<\/p>\n","protected":false},"author":15560,"featured_media":0,"parent":0,"menu_order":0,"comment_status":"closed","ping_status":"closed","template":"","meta":{"ngg_post_thumbnail":0,"footnotes":"","_mc_calendar":[]},"aioseo_notices":[],"_links":{"self":[{"href":"https:\/\/blogsaverroes.juntadeandalucia.es\/iescaballerobonald\/wp-json\/wp\/v2\/pages\/12809"}],"collection":[{"href":"https:\/\/blogsaverroes.juntadeandalucia.es\/iescaballerobonald\/wp-json\/wp\/v2\/pages"}],"about":[{"href":"https:\/\/blogsaverroes.juntadeandalucia.es\/iescaballerobonald\/wp-json\/wp\/v2\/types\/page"}],"author":[{"embeddable":true,"href":"https:\/\/blogsaverroes.juntadeandalucia.es\/iescaballerobonald\/wp-json\/wp\/v2\/users\/15560"}],"replies":[{"embeddable":true,"href":"https:\/\/blogsaverroes.juntadeandalucia.es\/iescaballerobonald\/wp-json\/wp\/v2\/comments?post=12809"}],"version-history":[{"count":7,"href":"https:\/\/blogsaverroes.juntadeandalucia.es\/iescaballerobonald\/wp-json\/wp\/v2\/pages\/12809\/revisions"}],"predecessor-version":[{"id":12839,"href":"https:\/\/blogsaverroes.juntadeandalucia.es\/iescaballerobonald\/wp-json\/wp\/v2\/pages\/12809\/revisions\/12839"}],"wp:attachment":[{"href":"https:\/\/blogsaverroes.juntadeandalucia.es\/iescaballerobonald\/wp-json\/wp\/v2\/media?parent=12809"}],"curies":[{"name":"wp","href":"https:\/\/api.w.org\/{rel}","templated":true}]}}

<p data-start="248" data-end="619">El IES José Manuel Caballero Bonald cuenta con la inestimable colaboración y el asesoramiento de Eva Cabezuelo, enfermera de referencia de nuestro centro. Su formación terminó en 1993 y desde entonces ha trabajado en multitud de servicios: hospital, urgencias, atención primaria, etc.</p>
<p data-start="248" data-end="619">Su principal interés, y se nota, es la atención a lo escolar, la prevención y promoción de la salud entre los más jóvenes.&nbsp;Su presencia representa un apoyo fundamental para el bienestar de toda la comunidad educativa y un pilar esencial dentro del Programa de Hábitos de Vida Saludable que desarrollamos a lo largo del curso.</p>
<p data-start="621" data-end="976">Bajo su orientación, el alumnado participa en paneles, charlas y talleres interactivos que abordan temas clave para la formación integral y la prevención en salud:<a href="https://blogsaverroes.juntadeandalucia.es/iescaballerobonald/files/2025/10/IMG_20251031_091206.jpg"><img loading="lazy" decoding="async" class="alignleft wp-image-12813 size-medium" src="https://blogsaverroes.juntadeandalucia.es/iescaballerobonald/files/2025/10/IMG_20251031_091206-248x300.jpg" alt="" width="248" height="300" srcset="https://blogsaverroes.juntadeandalucia.es/iescaballerobonald/files/2025/10/IMG_20251031_091206-248x300.jpg 248w, https://blogsaverroes.juntadeandalucia.es/iescaballerobonald/files/2025/10/IMG_20251031_091206-846x1024.jpg 846w, https://blogsaverroes.juntadeandalucia.es/iescaballerobonald/files/2025/10/IMG_20251031_091206-768x930.jpg 768w, https://blogsaverroes.juntadeandalucia.es/iescaballerobonald/files/2025/10/IMG_20251031_091206.jpg 1201w" sizes="(max-width: 248px) 100vw, 248px" /></a><br data-start="788" data-end="791"/>🧠 educación emocional<br data-start="813" data-end="816"/>🍎 alimentación equilibrada<br data-start="843" data-end="846"/>🚭 riesgos del consumo de vapers<br data-start="878" data-end="881"/>🆘 actuaciones básicas ante emergencias<br data-start="920" data-end="923"/>💬 prevención de enfermedades de transmisión sexual</p>
<p data-start="978" data-end="1194">Estas actividades, siempre planteadas de forma dinámica y participativa, buscan no solo informar, sino también concienciar y capacitar al alumnado para adoptar estilos de vida más saludables y responsables.</p>
<p data-start="1421" data-end="1552">Gracias, Eva, por acompañarnos durante todo el curso y por tu entrega constante al servicio de nuestra comunidad educativa. ❤️‍🩹</p>
<p>&nbsp;</p>
<p><a href="https://blogsaverroes.juntadeandalucia.es/iescaballerobonald/files/2025/10/IMG20251031115643.jpg"><img loading="lazy" decoding="async" class="aligncenter wp-image-12818 size-large" src="https://blogsaverroes.juntadeandalucia.es/iescaballerobonald/files/2025/10/IMG20251031115643-1024x768.jpg" alt="" width="1024" height="768" srcset="https://blogsaverroes.juntadeandalucia.es/iescaballerobonald/files/2025/10/IMG20251031115643-1024x768.jpg 1024w, https://blogsaverroes.juntadeandalucia.es/iescaballerobonald/files/2025/10/IMG20251031115643-300x225.jpg 300w, https://blogsaverroes.juntadeandalucia.es/iescaballerobonald/files/2025/10/IMG20251031115643-768x576.jpg 768w, https://blogsaverroes.juntadeandalucia.es/iescaballerobonald/files/2025/10/IMG20251031115643-1536x1152.jpg 1536w, https://blogsaverroes.juntadeandalucia.es/iescaballerobonald/files/2025/10/IMG20251031115643-2048x1536.jpg 2048w, https://blogsaverroes.juntadeandalucia.es/iescaballerobonald/files/2025/10/IMG20251031115643.jpg 1600w" sizes="(max-width: 1024px) 100vw, 1024px" /></a></p>

<p>El IES José Manuel Caballero Bonald cuenta con la inestimable colaboración y el asesoramiento de Eva Cabezuelo, enfermera de referencia de nuestro centro. Su formación terminó en 1993 y desde&#46;&#46;&#46;</p>
