{"id":162,"date":"2015-03-17T07:51:10","date_gmt":"2015-03-17T06:51:10","guid":{"rendered":"http:\/\/blogsaverroes.juntadeandalucia.es\/pre\/ceip\/?page_id=162"},"modified":"2025-11-12T12:39:54","modified_gmt":"2025-11-12T11:39:54","slug":"tecnologia","status":"publish","type":"page","link":"https:\/\/blogsaverroes.juntadeandalucia.es\/iescaballerobonald\/tecnologia\/","title":{"rendered":"Tecnolog\u00eda"},"content":{"rendered":"<p>Durante el curso 2025\/2026, el Departamento de Tecnolog\u00eda estar\u00e1 compuesto por:<\/p>\n<ul>\n<li>Lourdes Carrillo V\u00e1zquez (Jefa del departamento)<\/li>\n<li>David S\u00e1nchez Pe\u00f1a<\/li>\n<li>Mar\u00eda Zamora Cepas<\/li>\n<li>\u00c1ngel Madro\u00f1al Fern\u00e1ndez<\/li>\n<li>Alberto Conrado Jim\u00e9nez Herr\u00e1nz<a href=\"https:\/\/blogsaverroes.juntadeandalucia.es\/iescaballerobonald\/files\/2025\/11\/IMG20251112123700.jpg\"><img loading=\"lazy\" decoding=\"async\" class=\"aligncenter wp-image-12927 size-large\" src=\"https:\/\/blogsaverroes.juntadeandalucia.es\/iescaballerobonald\/files\/2025\/11\/IMG20251112123700-1024x768.jpg\" alt=\"\" width=\"1024\" height=\"768\" srcset=\"https:\/\/blogsaverroes.juntadeandalucia.es\/iescaballerobonald\/files\/2025\/11\/IMG20251112123700-1024x768.jpg 1024w, https:\/\/blogsaverroes.juntadeandalucia.es\/iescaballerobonald\/files\/2025\/11\/IMG20251112123700-300x225.jpg 300w, https:\/\/blogsaverroes.juntadeandalucia.es\/iescaballerobonald\/files\/2025\/11\/IMG20251112123700-768x576.jpg 768w, https:\/\/blogsaverroes.juntadeandalucia.es\/iescaballerobonald\/files\/2025\/11\/IMG20251112123700-1536x1152.jpg 1536w, https:\/\/blogsaverroes.juntadeandalucia.es\/iescaballerobonald\/files\/2025\/11\/IMG20251112123700-2048x1536.jpg 2048w\" sizes=\"(max-width: 1024px) 100vw, 1024px\" \/><\/a><\/li>\n<\/ul>\n<p><a href=\"https:\/\/blogsaverroes.juntadeandalucia.es\/iescaballerobonald\/files\/2025\/10\/ChatGPT-Image-13-oct-2025-08_14_37.png\"><img loading=\"lazy\" decoding=\"async\" class=\"aligncenter wp-image-12492 size-medium\" src=\"https:\/\/blogsaverroes.juntadeandalucia.es\/iescaballerobonald\/files\/2025\/10\/ChatGPT-Image-13-oct-2025-08_14_37-300x300.png\" alt=\"\" width=\"300\" height=\"300\" srcset=\"https:\/\/blogsaverroes.juntadeandalucia.es\/iescaballerobonald\/files\/2025\/10\/ChatGPT-Image-13-oct-2025-08_14_37-300x300.png 300w, https:\/\/blogsaverroes.juntadeandalucia.es\/iescaballerobonald\/files\/2025\/10\/ChatGPT-Image-13-oct-2025-08_14_37-150x150.png 150w, https:\/\/blogsaverroes.juntadeandalucia.es\/iescaballerobonald\/files\/2025\/10\/ChatGPT-Image-13-oct-2025-08_14_37-768x768.png 768w, https:\/\/blogsaverroes.juntadeandalucia.es\/iescaballerobonald\/files\/2025\/10\/ChatGPT-Image-13-oct-2025-08_14_37-80x80.png 80w, https:\/\/blogsaverroes.juntadeandalucia.es\/iescaballerobonald\/files\/2025\/10\/ChatGPT-Image-13-oct-2025-08_14_37-320x320.png 320w, https:\/\/blogsaverroes.juntadeandalucia.es\/iescaballerobonald\/files\/2025\/10\/ChatGPT-Image-13-oct-2025-08_14_37.png 1024w\" sizes=\"(max-width: 300px) 100vw, 300px\" \/><\/a><\/p>\n<p style=\"text-align: center\"><a href=\"https:\/\/docs.google.com\/document\/d\/1n4J8QxQI00lVO8l28s6RqZ9JDllyCD5O\/edit?usp=drive_link&amp;ouid=102350141973160184469&amp;rtpof=true&amp;sd=true\">Criterios Computaci\u00f3n y Rob\u00f3tica 1\u00ba ESO<\/a><\/p>\n<p style=\"text-align: center\"><a href=\"https:\/\/drive.google.com\/file\/d\/1al635zUY0FCmtuiSVgxkwiWRL3yJZbIi\/view?usp=drive_link\">Criterios Tecnolog\u00eda y Digitalizaci\u00f3n 2\u00ba ESO<\/a><\/p>\n<p style=\"text-align: center\"><a href=\"https:\/\/drive.google.com\/file\/d\/15d6-4qo3_7rL_15CFhwMCNZEW12GQIsm\/view?usp=drive_link\">Criterios Computaci\u00f3n y Rob\u00f3tica 2\u00ba ESO<\/a><\/p>\n<p style=\"text-align: center\"><a href=\"https:\/\/drive.google.com\/file\/d\/1M0yQd990Hy62dMHqcXsbu3r8_wj8E9zj\/view?usp=drive_link\">Criterios Tecnolog\u00eda y Digitalizaci\u00f3n 3\u00ba ESO<\/a><\/p>\n<p style=\"text-align: center\"><a href=\"https:\/\/drive.google.com\/file\/d\/1tXHVbP2mmdjswlMwPcaLZZFDgilzvss7\/view?usp=drive_link\">Criterios \u00c1mbito Pr\u00e1ctico 3\u00ba ESO<\/a><\/p>\n<p style=\"text-align: center\"><a href=\"https:\/\/drive.google.com\/file\/d\/1FMGSpGxp4Ma2vCUYZzzYcXpqtRRoje1U\/view?usp=drive_link\">Criterios Digitalizaci\u00f3n 4\u00ba ESO<\/a><\/p>\n<p style=\"text-align: center\"><a href=\"https:\/\/docs.google.com\/document\/d\/1p47AUx5E89JuuhVIMpVQHiOaHBK2FEFV\/edit?usp=drive_link&amp;ouid=102350141973160184469&amp;rtpof=true&amp;sd=true\">Criterios Tecnolog\u00eda 4\u00ba ESO<\/a><\/p>\n<p style=\"text-align: center\"><a href=\"https:\/\/drive.google.com\/file\/d\/1blUSgTGiJCKyBOk-v0SpfCbe08sE0s3d\/view?usp=drive_link\">Criterios \u00c1mbito Cient\u00edfico-Matem\u00e1tico 4\u00ba ESO<\/a><\/p>\n<p style=\"text-align: center\"><a href=\"https:\/\/drive.google.com\/file\/d\/16iLbVjiexeTMPwMtzOvDfzWZioluO8uG\/view?usp=drive_link\">Criterios Tecnolog\u00edas de la Informaci\u00f3n y la comunicaci\u00f3n 1\u00ba Bach<\/a><\/p>\n<p style=\"text-align: center\"><a href=\"https:\/\/drive.google.com\/file\/d\/15otwp0bvkXtI-1NoeWz8kkMeGxOk44ic\/view?usp=drive_link\">Criterios Tecnolog\u00eda e Ingenier\u00eda 1\u00ba Bach<\/a><\/p>\n<p style=\"text-align: center\"><a href=\"https:\/\/drive.google.com\/file\/d\/1w_S4iMrT-2lOniolrQC23NfeD4rQrcpS\/view?usp=drive_link\">Criterios Tecnolog\u00edas de la Informaci\u00f3n y la comunicaci\u00f3n 2\u00ba Bach<\/a><\/p>\n<p style=\"text-align: center\"><a href=\"https:\/\/drive.google.com\/file\/d\/1o5GPLJv5P8j4vBQh3jiz6CDzc4R89Yng\/view?usp=drive_link\">Criterios Tecnolog\u00eda e Ingenier\u00eda 2\u00ba Bach<\/a><\/p>\n<p style=\"text-align: center\"><a href=\"https:\/\/blogsaverroes.juntadeandalucia.es\/iescaballerobonald\/files\/2019\/12\/eines.png\"><br \/>\n<img loading=\"lazy\" decoding=\"async\" class=\"aligncenter size-full wp-image-5667\" src=\"https:\/\/blogsaverroes.juntadeandalucia.es\/iescaballerobonald\/files\/2019\/12\/eines.png\" alt=\"\" width=\"319\" height=\"238\" srcset=\"https:\/\/blogsaverroes.juntadeandalucia.es\/iescaballerobonald\/files\/2019\/12\/eines.png 319w, https:\/\/blogsaverroes.juntadeandalucia.es\/iescaballerobonald\/files\/2019\/12\/eines-300x224.png 300w, https:\/\/blogsaverroes.juntadeandalucia.es\/iescaballerobonald\/files\/2019\/12\/eines-24x18.png 24w, https:\/\/blogsaverroes.juntadeandalucia.es\/iescaballerobonald\/files\/2019\/12\/eines-36x27.png 36w, https:\/\/blogsaverroes.juntadeandalucia.es\/iescaballerobonald\/files\/2019\/12\/eines-48x36.png 48w\" sizes=\"(max-width: 319px) 100vw, 319px\" \/><\/a><\/p>\n<p style=\"font-weight: 400;text-align: justify\">En la ESO, la&nbsp;<strong>Tecnolog\u00eda<\/strong>&nbsp;tiene como objetivo que el alumnado adquiera una cultura tecnol\u00f3gica global que le permita&nbsp;comprender el mundo artificial que nos rodea, sus caracter\u00edsticas, procesos y su repercusi\u00f3n en el&nbsp;avance de la sociedad.<br \/>\nLa educaci\u00f3n tecnol\u00f3gica&nbsp;requiere una atenci\u00f3n espec\u00edfica a la adquisici\u00f3n de los&nbsp;conocimientos y destrezas necesarios para tomar decisiones sobre el uso de objetos y procesos tecnol\u00f3gicos,&nbsp;resolver problemas relacionados con ellos y, en definitiva, utilizar los distintos materiales, procesos y&nbsp;sistemas tecnol\u00f3gicos para aumentar la capacidad de actuar sobre el medio y mejorar la calidad de&nbsp;vida al&nbsp;manejarse en un&nbsp;entorno tecnol\u00f3gico desde una visi\u00f3n cr\u00edtica y formada.<\/p>\n<p style=\"font-weight: 400;text-align: justify\">Los estudiantes de Bachillerato ya conocen desde hace tiempo la asignatura de Tecnolog\u00eda, denominada ahora&nbsp;<strong>Tecnolog\u00eda Industrial<\/strong>; \u00e9stos deben reconocer que, hasta hoy, la asignatura ha sido una introducci\u00f3n a los conocimientos cient\u00edficos y t\u00e9cnicos desde un enfoque bastante pr\u00e1ctico. En este curso se sigue trabajado sobre conceptos usados en el mundo profesional, lo cual tambi\u00e9n es \u00fatil como orientaci\u00f3n a la hora de elegir carrera o incluso alg\u00fan ciclo formativo.<\/p>\n<p style=\"font-weight: 400;text-align: justify\">La materia de&nbsp;<strong>Tecnolog\u00edas de la Informaci\u00f3n y Comunicaci\u00f3n<\/strong>&nbsp;es una materia de opci\u00f3n del bloque de asignaturas espec\u00edficas para el alumnado de cuarto curso de la ESO Y BACHILLERATO. En el \u00e1mbito educativo, el alumnado deber\u00e1 adquirir una preparaci\u00f3n b\u00e1sica en el campo de las Tecnolog\u00edas de la Informaci\u00f3n y la Comunicaci\u00f3n. De manera aut\u00f3noma y segura, los estudiantes deben poder aplicar una combinaci\u00f3n de conocimientos, capacidades, destrezas y actitudes en el uso de herramientas inform\u00e1ticas y de comunicaciones que les permitan ser competentes en m\u00faltiples contextos de un entorno digital.<\/p>\n<p style=\"text-align: justify\"><strong>Ambas materias justifican una educaci\u00f3n tecnol\u00f3gica completa como instrumento esencial en la formaci\u00f3n de los futuros ciudadanos.<\/strong><\/p>\n","protected":false},"excerpt":{"rendered":"<p>Durante el curso 2025\/2026, el Departamento de Tecnolog\u00eda estar\u00e1 compuesto por: Lourdes Carrillo V\u00e1zquez (Jefa del departamento) David S\u00e1nchez Pe\u00f1a Mar\u00eda Zamora Cepas \u00c1ngel Madro\u00f1al Fern\u00e1ndez Alberto Conrado Jim\u00e9nez Herr\u00e1nz&#46;&#46;&#46;<\/p>\n","protected":false},"author":1,"featured_media":0,"parent":0,"menu_order":0,"comment_status":"closed","ping_status":"closed","template":"","meta":{"ngg_post_thumbnail":0,"footnotes":"","_mc_calendar":[]},"aioseo_notices":[],"_links":{"self":[{"href":"https:\/\/blogsaverroes.juntadeandalucia.es\/iescaballerobonald\/wp-json\/wp\/v2\/pages\/162"}],"collection":[{"href":"https:\/\/blogsaverroes.juntadeandalucia.es\/iescaballerobonald\/wp-json\/wp\/v2\/pages"}],"about":[{"href":"https:\/\/blogsaverroes.juntadeandalucia.es\/iescaballerobonald\/wp-json\/wp\/v2\/types\/page"}],"author":[{"embeddable":true,"href":"https:\/\/blogsaverroes.juntadeandalucia.es\/iescaballerobonald\/wp-json\/wp\/v2\/users\/1"}],"replies":[{"embeddable":true,"href":"https:\/\/blogsaverroes.juntadeandalucia.es\/iescaballerobonald\/wp-json\/wp\/v2\/comments?post=162"}],"version-history":[{"count":38,"href":"https:\/\/blogsaverroes.juntadeandalucia.es\/iescaballerobonald\/wp-json\/wp\/v2\/pages\/162\/revisions"}],"predecessor-version":[{"id":12928,"href":"https:\/\/blogsaverroes.juntadeandalucia.es\/iescaballerobonald\/wp-json\/wp\/v2\/pages\/162\/revisions\/12928"}],"wp:attachment":[{"href":"https:\/\/blogsaverroes.juntadeandalucia.es\/iescaballerobonald\/wp-json\/wp\/v2\/media?parent=162"}],"curies":[{"name":"wp","href":"https:\/\/api.w.org\/{rel}","templated":true}]}}

Tecnología

<p>Durante el curso 2025/2026, el Departamento de Tecnología estará compuesto por:</p>
<ul>
<li>Lourdes Carrillo Vázquez (Jefa del departamento)</li>
<li>David Sánchez Peña</li>
<li>María Zamora Cepas</li>
<li>Ángel Madroñal Fernández</li>
<li>Alberto Conrado Jiménez Herránz<a href="https://blogsaverroes.juntadeandalucia.es/iescaballerobonald/files/2025/11/IMG20251112123700.jpg"><img loading="lazy" decoding="async" class="aligncenter wp-image-12927 size-large" src="https://blogsaverroes.juntadeandalucia.es/iescaballerobonald/files/2025/11/IMG20251112123700-1024x768.jpg" alt="" width="1024" height="768" srcset="https://blogsaverroes.juntadeandalucia.es/iescaballerobonald/files/2025/11/IMG20251112123700-1024x768.jpg 1024w, https://blogsaverroes.juntadeandalucia.es/iescaballerobonald/files/2025/11/IMG20251112123700-300x225.jpg 300w, https://blogsaverroes.juntadeandalucia.es/iescaballerobonald/files/2025/11/IMG20251112123700-768x576.jpg 768w, https://blogsaverroes.juntadeandalucia.es/iescaballerobonald/files/2025/11/IMG20251112123700-1536x1152.jpg 1536w, https://blogsaverroes.juntadeandalucia.es/iescaballerobonald/files/2025/11/IMG20251112123700-2048x1536.jpg 2048w" sizes="(max-width: 1024px) 100vw, 1024px" /></a></li>
</ul>
<p><a href="https://blogsaverroes.juntadeandalucia.es/iescaballerobonald/files/2025/10/ChatGPT-Image-13-oct-2025-08_14_37.png"><img loading="lazy" decoding="async" class="aligncenter wp-image-12492 size-medium" src="https://blogsaverroes.juntadeandalucia.es/iescaballerobonald/files/2025/10/ChatGPT-Image-13-oct-2025-08_14_37-300x300.png" alt="" width="300" height="300" srcset="https://blogsaverroes.juntadeandalucia.es/iescaballerobonald/files/2025/10/ChatGPT-Image-13-oct-2025-08_14_37-300x300.png 300w, https://blogsaverroes.juntadeandalucia.es/iescaballerobonald/files/2025/10/ChatGPT-Image-13-oct-2025-08_14_37-150x150.png 150w, https://blogsaverroes.juntadeandalucia.es/iescaballerobonald/files/2025/10/ChatGPT-Image-13-oct-2025-08_14_37-768x768.png 768w, https://blogsaverroes.juntadeandalucia.es/iescaballerobonald/files/2025/10/ChatGPT-Image-13-oct-2025-08_14_37-80x80.png 80w, https://blogsaverroes.juntadeandalucia.es/iescaballerobonald/files/2025/10/ChatGPT-Image-13-oct-2025-08_14_37-320x320.png 320w, https://blogsaverroes.juntadeandalucia.es/iescaballerobonald/files/2025/10/ChatGPT-Image-13-oct-2025-08_14_37.png 1024w" sizes="(max-width: 300px) 100vw, 300px" /></a></p>
<p style="text-align: center"><a href="https://docs.google.com/document/d/1n4J8QxQI00lVO8l28s6RqZ9JDllyCD5O/edit?usp=drive_link&amp;ouid=102350141973160184469&amp;rtpof=true&amp;sd=true">Criterios Computación y Robótica 1º ESO</a></p>
<p style="text-align: center"><a href="https://drive.google.com/file/d/1al635zUY0FCmtuiSVgxkwiWRL3yJZbIi/view?usp=drive_link">Criterios Tecnología y Digitalización 2º ESO</a></p>
<p style="text-align: center"><a href="https://drive.google.com/file/d/15d6-4qo3_7rL_15CFhwMCNZEW12GQIsm/view?usp=drive_link">Criterios Computación y Robótica 2º ESO</a></p>
<p style="text-align: center"><a href="https://drive.google.com/file/d/1M0yQd990Hy62dMHqcXsbu3r8_wj8E9zj/view?usp=drive_link">Criterios Tecnología y Digitalización 3º ESO</a></p>
<p style="text-align: center"><a href="https://drive.google.com/file/d/1tXHVbP2mmdjswlMwPcaLZZFDgilzvss7/view?usp=drive_link">Criterios Ámbito Práctico 3º ESO</a></p>
<p style="text-align: center"><a href="https://drive.google.com/file/d/1FMGSpGxp4Ma2vCUYZzzYcXpqtRRoje1U/view?usp=drive_link">Criterios Digitalización 4º ESO</a></p>
<p style="text-align: center"><a href="https://docs.google.com/document/d/1p47AUx5E89JuuhVIMpVQHiOaHBK2FEFV/edit?usp=drive_link&amp;ouid=102350141973160184469&amp;rtpof=true&amp;sd=true">Criterios Tecnología 4º ESO</a></p>
<p style="text-align: center"><a href="https://drive.google.com/file/d/1blUSgTGiJCKyBOk-v0SpfCbe08sE0s3d/view?usp=drive_link">Criterios Ámbito Científico-Matemático 4º ESO</a></p>
<p style="text-align: center"><a href="https://drive.google.com/file/d/16iLbVjiexeTMPwMtzOvDfzWZioluO8uG/view?usp=drive_link">Criterios Tecnologías de la Información y la comunicación 1º Bach</a></p>
<p style="text-align: center"><a href="https://drive.google.com/file/d/15otwp0bvkXtI-1NoeWz8kkMeGxOk44ic/view?usp=drive_link">Criterios Tecnología e Ingeniería 1º Bach</a></p>
<p style="text-align: center"><a href="https://drive.google.com/file/d/1w_S4iMrT-2lOniolrQC23NfeD4rQrcpS/view?usp=drive_link">Criterios Tecnologías de la Información y la comunicación 2º Bach</a></p>
<p style="text-align: center"><a href="https://drive.google.com/file/d/1o5GPLJv5P8j4vBQh3jiz6CDzc4R89Yng/view?usp=drive_link">Criterios Tecnología e Ingeniería 2º Bach</a></p>
<p style="text-align: center"><a href="https://blogsaverroes.juntadeandalucia.es/iescaballerobonald/files/2019/12/eines.png"><br />
<img loading="lazy" decoding="async" class="aligncenter size-full wp-image-5667" src="https://blogsaverroes.juntadeandalucia.es/iescaballerobonald/files/2019/12/eines.png" alt="" width="319" height="238" srcset="https://blogsaverroes.juntadeandalucia.es/iescaballerobonald/files/2019/12/eines.png 319w, https://blogsaverroes.juntadeandalucia.es/iescaballerobonald/files/2019/12/eines-300x224.png 300w, https://blogsaverroes.juntadeandalucia.es/iescaballerobonald/files/2019/12/eines-24x18.png 24w, https://blogsaverroes.juntadeandalucia.es/iescaballerobonald/files/2019/12/eines-36x27.png 36w, https://blogsaverroes.juntadeandalucia.es/iescaballerobonald/files/2019/12/eines-48x36.png 48w" sizes="(max-width: 319px) 100vw, 319px" /></a></p>
<p style="font-weight: 400;text-align: justify">En la ESO, la&nbsp;<strong>Tecnología</strong>&nbsp;tiene como objetivo que el alumnado adquiera una cultura tecnológica global que le permita&nbsp;comprender el mundo artificial que nos rodea, sus características, procesos y su repercusión en el&nbsp;avance de la sociedad.<br />
La educación tecnológica&nbsp;requiere una atención específica a la adquisición de los&nbsp;conocimientos y destrezas necesarios para tomar decisiones sobre el uso de objetos y procesos tecnológicos,&nbsp;resolver problemas relacionados con ellos y, en definitiva, utilizar los distintos materiales, procesos y&nbsp;sistemas tecnológicos para aumentar la capacidad de actuar sobre el medio y mejorar la calidad de&nbsp;vida al&nbsp;manejarse en un&nbsp;entorno tecnológico desde una visión crítica y formada.</p>
<p style="font-weight: 400;text-align: justify">Los estudiantes de Bachillerato ya conocen desde hace tiempo la asignatura de Tecnología, denominada ahora&nbsp;<strong>Tecnología Industrial</strong>; éstos deben reconocer que, hasta hoy, la asignatura ha sido una introducción a los conocimientos científicos y técnicos desde un enfoque bastante práctico. En este curso se sigue trabajado sobre conceptos usados en el mundo profesional, lo cual también es útil como orientación a la hora de elegir carrera o incluso algún ciclo formativo.</p>
<p style="font-weight: 400;text-align: justify">La materia de&nbsp;<strong>Tecnologías de la Información y Comunicación</strong>&nbsp;es una materia de opción del bloque de asignaturas específicas para el alumnado de cuarto curso de la ESO Y BACHILLERATO. En el ámbito educativo, el alumnado deberá adquirir una preparación básica en el campo de las Tecnologías de la Información y la Comunicación. De manera autónoma y segura, los estudiantes deben poder aplicar una combinación de conocimientos, capacidades, destrezas y actitudes en el uso de herramientas informáticas y de comunicaciones que les permitan ser competentes en múltiples contextos de un entorno digital.</p>
<p style="text-align: justify"><strong>Ambas materias justifican una educación tecnológica completa como instrumento esencial en la formación de los futuros ciudadanos.</strong></p>

<p>Durante el curso 2025/2026, el Departamento de Tecnología estará compuesto por: Lourdes Carrillo Vázquez (Jefa del departamento) David Sánchez Peña María Zamora Cepas Ángel Madroñal Fernández Alberto Conrado Jiménez Herránz&#46;&#46;&#46;</p>
