{"id":164,"date":"2015-03-17T07:52:28","date_gmt":"2015-03-17T06:52:28","guid":{"rendered":"http:\/\/blogsaverroes.juntadeandalucia.es\/pre\/ceip\/?page_id=164"},"modified":"2025-11-06T07:46:55","modified_gmt":"2025-11-06T06:46:55","slug":"ingles-2","status":"publish","type":"page","link":"https:\/\/blogsaverroes.juntadeandalucia.es\/iescaballerobonald\/ingles-2\/","title":{"rendered":"Lengua extranjera: Ingl\u00e9s"},"content":{"rendered":"<p>Durante el presente curso 2025\/2026, el departamento de Ingl\u00e9s est\u00e1 compuesto por:<\/p>\n<ul>\n<li>Susana Milagros Izquierdo \u00c1lvarez (Jefa del Departamento)<\/li>\n<li>Elena M. del Valle Lobato&nbsp;<\/li>\n<li>Mercedes Abell\u00e1n Alem\u00e1n<\/li>\n<li>Rosa Monge Bellido (Coordinadora de biling\u00fc\u00edsmo)<\/li>\n<li>Magdalena Tinoco Dom\u00ednguez<\/li>\n<li>Luc\u00eda M\u00aa Ramos Palacio<\/li>\n<li>Manuel Jes\u00fas Pacheco Alvarado<\/li>\n<li>Sonia S\u00e1nchez Hierro<\/li>\n<li><a href=\"https:\/\/blogsaverroes.juntadeandalucia.es\/iescaballerobonald\/files\/2025\/10\/ChatGPT-Image-13-oct-2025-08_14_37.png\"><img loading=\"lazy\" decoding=\"async\" class=\"aligncenter wp-image-12492 size-medium\" src=\"https:\/\/blogsaverroes.juntadeandalucia.es\/iescaballerobonald\/files\/2025\/10\/ChatGPT-Image-13-oct-2025-08_14_37-300x300.png\" alt=\"\" width=\"300\" height=\"300\" srcset=\"https:\/\/blogsaverroes.juntadeandalucia.es\/iescaballerobonald\/files\/2025\/10\/ChatGPT-Image-13-oct-2025-08_14_37-300x300.png 300w, https:\/\/blogsaverroes.juntadeandalucia.es\/iescaballerobonald\/files\/2025\/10\/ChatGPT-Image-13-oct-2025-08_14_37-150x150.png 150w, https:\/\/blogsaverroes.juntadeandalucia.es\/iescaballerobonald\/files\/2025\/10\/ChatGPT-Image-13-oct-2025-08_14_37-768x768.png 768w, https:\/\/blogsaverroes.juntadeandalucia.es\/iescaballerobonald\/files\/2025\/10\/ChatGPT-Image-13-oct-2025-08_14_37-80x80.png 80w, https:\/\/blogsaverroes.juntadeandalucia.es\/iescaballerobonald\/files\/2025\/10\/ChatGPT-Image-13-oct-2025-08_14_37-320x320.png 320w, https:\/\/blogsaverroes.juntadeandalucia.es\/iescaballerobonald\/files\/2025\/10\/ChatGPT-Image-13-oct-2025-08_14_37.png 1024w\" sizes=\"(max-width: 300px) 100vw, 300px\" \/><\/a><\/li>\n<\/ul>\n<p style=\"text-align: center\"><a href=\"https:\/\/drive.google.com\/file\/d\/12FlI7EyFdSML_0nVK1smBUE00G4MsUer\/view?usp=drive_link\">Criterios INGL\u00c9S 1\u00ba ESO<\/a><\/p>\n<p style=\"text-align: center\"><a href=\"https:\/\/drive.google.com\/file\/d\/1OfueqXaFmLS6o6qLOSIX00VATmKxRqKV\/view?usp=drive_link\">CRITERIOS DE EVALUACI\u00d3N MATERIA LING\u00dc\u00cdSTICA DE CAR\u00c1CTER UNIVERSAL 1\u00ba ESO<\/a><\/p>\n<p style=\"text-align: center\"><a href=\"https:\/\/drive.google.com\/file\/d\/1ryntqX_clrxB32GTtQVUY80oV16MARim\/view?usp=drive_link\">Criterios INGL\u00c9S 2\u00ba ESO<\/a><\/p>\n<p style=\"text-align: center\"><a href=\"https:\/\/drive.google.com\/file\/d\/1sPfZWS767M6QKVi2WjLv9KUoNp_f6rLP\/view?usp=drive_link\">Criterios INGL\u00c9S 3\u00ba ESO<\/a><\/p>\n<p style=\"text-align: center\"><a href=\"https:\/\/drive.google.com\/file\/d\/1u3GbyqIiJrFhoutir2BUpuqR7hxqIBBf\/view?usp=drive_link\">Criterios \u00c1MBITO LING\u00dc\u00cdSTICO Y SOCIAL 3\u00ba DIVERSIFICACI\u00d3N<\/a><\/p>\n<p style=\"text-align: center\"><a href=\"https:\/\/drive.google.com\/file\/d\/1wx3fNZW98xagXvnsNivNwXRDRWoGceUy\/view?usp=drive_link\">Criterios INGL\u00c9S 4\u00ba ESO<\/a><\/p>\n<p style=\"text-align: center\"><a href=\"https:\/\/drive.google.com\/file\/d\/12ddtyXUez3NHsZwAYd-i3X2lqBiKTxRL\/view?usp=drive_link\">Criterios \u00c1MBITO LING\u00dc\u00cdSTICO Y SOCIAL 4\u00ba DIVERSIFICACI\u00d3N<\/a><\/p>\n<p style=\"text-align: center\"><a href=\"https:\/\/drive.google.com\/file\/d\/1ZSMDI0xs2IPWqpqbHMMN1x7Lrk8wFCjt\/view?usp=drive_link\">Criterios INGLES B1 4\u00ba ES<\/a><\/p>\n<p style=\"text-align: center\"><a href=\"https:\/\/drive.google.com\/file\/d\/10AwgDtGAtBFilL2sStPaXjTiHqHBff_4\/view?usp=drive_link\">Criterios INGL\u00c9S 1\u00ba BACHILLERATO<\/a><\/p>\n<p style=\"text-align: center\"><a href=\"https:\/\/drive.google.com\/file\/d\/1unq-4Lk6vqjRcboOvIr4_Yiuy-aHUVqj\/view?usp=drive_link\">Criterios INGL\u00c9S B2 1\u00ba BACHILLERATO<\/a><\/p>\n<p style=\"text-align: center\"><a href=\"https:\/\/drive.google.com\/file\/d\/15wn4-QI8sTtxYqqVgCIUosQ18nyVn-Z-\/view?usp=drive_link\">Criterios INGL\u00c9S 2\u00ba BACHILLERATO<\/a><\/p>\n<p style=\"text-align: center\"><a href=\"https:\/\/drive.google.com\/file\/d\/1CxdITJ8FQbTtyOqJdiL4cv39ykS1kd_w\/view?usp=drive_link\">Criterios INGL\u00c9S B2 2\u00ba BACHILLERATO<\/a><a href=\"https:\/\/blogsaverroes.juntadeandalucia.es\/iescaballerobonald\/files\/2025\/11\/IMG-20251106-WA0001.jpg\"><img loading=\"lazy\" decoding=\"async\" class=\"aligncenter wp-image-12856 size-large\" src=\"https:\/\/blogsaverroes.juntadeandalucia.es\/iescaballerobonald\/files\/2025\/11\/IMG-20251106-WA0001-768x1024.jpg\" alt=\"\" width=\"768\" height=\"1024\" srcset=\"https:\/\/blogsaverroes.juntadeandalucia.es\/iescaballerobonald\/files\/2025\/11\/IMG-20251106-WA0001-768x1024.jpg 768w, https:\/\/blogsaverroes.juntadeandalucia.es\/iescaballerobonald\/files\/2025\/11\/IMG-20251106-WA0001-225x300.jpg 225w, https:\/\/blogsaverroes.juntadeandalucia.es\/iescaballerobonald\/files\/2025\/11\/IMG-20251106-WA0001-1152x1536.jpg 1152w, https:\/\/blogsaverroes.juntadeandalucia.es\/iescaballerobonald\/files\/2025\/11\/IMG-20251106-WA0001-1536x2048.jpg 1536w, https:\/\/blogsaverroes.juntadeandalucia.es\/iescaballerobonald\/files\/2025\/11\/IMG-20251106-WA0001.jpg 1200w\" sizes=\"(max-width: 768px) 100vw, 768px\" \/><\/a><\/p>\n<p><a href=\"https:\/\/blogsaverroes.juntadeandalucia.es\/iescaballerobonald\/files\/2025\/10\/IMG20251031114458.jpg\"><img loading=\"lazy\" decoding=\"async\" class=\"aligncenter wp-image-12812 size-large\" src=\"https:\/\/blogsaverroes.juntadeandalucia.es\/iescaballerobonald\/files\/2025\/10\/IMG20251031114458-1024x768.jpg\" alt=\"\" width=\"1024\" height=\"768\" srcset=\"https:\/\/blogsaverroes.juntadeandalucia.es\/iescaballerobonald\/files\/2025\/10\/IMG20251031114458-1024x768.jpg 1024w, https:\/\/blogsaverroes.juntadeandalucia.es\/iescaballerobonald\/files\/2025\/10\/IMG20251031114458-300x225.jpg 300w, https:\/\/blogsaverroes.juntadeandalucia.es\/iescaballerobonald\/files\/2025\/10\/IMG20251031114458-768x576.jpg 768w, https:\/\/blogsaverroes.juntadeandalucia.es\/iescaballerobonald\/files\/2025\/10\/IMG20251031114458-1536x1152.jpg 1536w, https:\/\/blogsaverroes.juntadeandalucia.es\/iescaballerobonald\/files\/2025\/10\/IMG20251031114458-2048x1536.jpg 2048w\" sizes=\"(max-width: 1024px) 100vw, 1024px\" \/><\/a><\/p>\n<p>&nbsp;<\/p>\n<p>&nbsp;<\/p>\n<p><a href=\"https:\/\/blogsaverroes.juntadeandalucia.es\/iescaballerobonald\/files\/2023\/12\/IMG-20231219-WA0014.jpg\"><img loading=\"lazy\" decoding=\"async\" class=\"aligncenter size-full wp-image-10304\" src=\"https:\/\/blogsaverroes.juntadeandalucia.es\/iescaballerobonald\/files\/2023\/12\/IMG-20231219-WA0014.jpg\" alt=\"\" width=\"1024\" height=\"768\" srcset=\"https:\/\/blogsaverroes.juntadeandalucia.es\/iescaballerobonald\/files\/2023\/12\/IMG-20231219-WA0014.jpg 1024w, https:\/\/blogsaverroes.juntadeandalucia.es\/iescaballerobonald\/files\/2023\/12\/IMG-20231219-WA0014-300x225.jpg 300w, https:\/\/blogsaverroes.juntadeandalucia.es\/iescaballerobonald\/files\/2023\/12\/IMG-20231219-WA0014-768x576.jpg 768w\" sizes=\"(max-width: 1024px) 100vw, 1024px\" \/><\/a> <a href=\"https:\/\/blogsaverroes.juntadeandalucia.es\/iescaballerobonald\/files\/2023\/12\/IMG-20231219-WA0015.jpg\"><img loading=\"lazy\" decoding=\"async\" class=\"aligncenter size-full wp-image-10305\" src=\"https:\/\/blogsaverroes.juntadeandalucia.es\/iescaballerobonald\/files\/2023\/12\/IMG-20231219-WA0015.jpg\" alt=\"\" width=\"768\" height=\"1024\" srcset=\"https:\/\/blogsaverroes.juntadeandalucia.es\/iescaballerobonald\/files\/2023\/12\/IMG-20231219-WA0015.jpg 768w, https:\/\/blogsaverroes.juntadeandalucia.es\/iescaballerobonald\/files\/2023\/12\/IMG-20231219-WA0015-225x300.jpg 225w\" sizes=\"(max-width: 768px) 100vw, 768px\" \/><\/a><\/p>\n<p><a href=\"https:\/\/blogsaverroes.juntadeandalucia.es\/iescaballerobonald\/files\/2022\/11\/IMG20221121125918-scaled.jpg\"><img loading=\"lazy\" decoding=\"async\" class=\"aligncenter wp-image-7650 size-full\" src=\"https:\/\/blogsaverroes.juntadeandalucia.es\/iescaballerobonald\/files\/2022\/11\/IMG20221121125918-scaled.jpg\" alt=\"\" width=\"1600\" height=\"1200\" srcset=\"https:\/\/blogsaverroes.juntadeandalucia.es\/iescaballerobonald\/files\/2022\/11\/IMG20221121125918-scaled.jpg 1600w, https:\/\/blogsaverroes.juntadeandalucia.es\/iescaballerobonald\/files\/2022\/11\/IMG20221121125918-300x225.jpg 300w, https:\/\/blogsaverroes.juntadeandalucia.es\/iescaballerobonald\/files\/2022\/11\/IMG20221121125918-1024x768.jpg 1024w, https:\/\/blogsaverroes.juntadeandalucia.es\/iescaballerobonald\/files\/2022\/11\/IMG20221121125918-768x576.jpg 768w, https:\/\/blogsaverroes.juntadeandalucia.es\/iescaballerobonald\/files\/2022\/11\/IMG20221121125918-1536x1152.jpg 1536w, https:\/\/blogsaverroes.juntadeandalucia.es\/iescaballerobonald\/files\/2022\/11\/IMG20221121125918-2048x1536.jpg 2048w\" sizes=\"(max-width: 1600px) 100vw, 1600px\" \/><\/a><\/p>\n<p>&nbsp;<\/p>\n<p style=\"text-align: center\">&nbsp;<\/p>\n<p><strong><span style=\"font-family: sans-serif\"><span style=\"font-size: medium\">Primera Lengua Extranjera <\/span><\/span><\/strong><\/p>\n<p><span style=\"font-family: sans-serif\"><span style=\"font-size: medium\">La lengua es el instrumento por excelencia del aprendizaje y la comunicaci\u00f3n. Tanto las lenguas primeras como las lenguas extranjeras forman parte en la actualidad, y cada vez lo har\u00e1n m\u00e1s en el futuro, del bagaje vital de las personas en un mundo en continua expansi\u00f3n en el que, a la vez, las relaciones entre individuos, pa\u00edses, organismos y corporaciones se hacen m\u00e1s frecuentes y m\u00e1s estrechas. En la medida en que ese bagaje comprende diversos conocimientos, destrezas y actitudes en diversas lenguas, es decir un perfil pluriling\u00fce e intercultural, el individuo est\u00e1 mejor preparado para integrarse y participar en una variedad de contextos y de situaciones que suponen un est\u00edmulo para su desarrollo, y mejores oportunidades, en los \u00e1mbitos personal, p\u00fablico, educativo o acad\u00e9mico, ocupacional y profesional.<\/span><\/span><\/p>\n<p>&nbsp;<\/p>\n<p>&nbsp;<\/p>\n<p>&nbsp;<\/p>\n","protected":false},"excerpt":{"rendered":"<p>Durante el presente curso 2025\/2026, el departamento de Ingl\u00e9s est\u00e1 compuesto por: Susana Milagros Izquierdo \u00c1lvarez (Jefa del Departamento) Elena M. del Valle Lobato&nbsp; Mercedes Abell\u00e1n Alem\u00e1n Rosa Monge Bellido&#46;&#46;&#46;<\/p>\n","protected":false},"author":1,"featured_media":0,"parent":0,"menu_order":0,"comment_status":"closed","ping_status":"closed","template":"","meta":{"ngg_post_thumbnail":0,"footnotes":"","_mc_calendar":[]},"aioseo_notices":[],"_links":{"self":[{"href":"https:\/\/blogsaverroes.juntadeandalucia.es\/iescaballerobonald\/wp-json\/wp\/v2\/pages\/164"}],"collection":[{"href":"https:\/\/blogsaverroes.juntadeandalucia.es\/iescaballerobonald\/wp-json\/wp\/v2\/pages"}],"about":[{"href":"https:\/\/blogsaverroes.juntadeandalucia.es\/iescaballerobonald\/wp-json\/wp\/v2\/types\/page"}],"author":[{"embeddable":true,"href":"https:\/\/blogsaverroes.juntadeandalucia.es\/iescaballerobonald\/wp-json\/wp\/v2\/users\/1"}],"replies":[{"embeddable":true,"href":"https:\/\/blogsaverroes.juntadeandalucia.es\/iescaballerobonald\/wp-json\/wp\/v2\/comments?post=164"}],"version-history":[{"count":50,"href":"https:\/\/blogsaverroes.juntadeandalucia.es\/iescaballerobonald\/wp-json\/wp\/v2\/pages\/164\/revisions"}],"predecessor-version":[{"id":12857,"href":"https:\/\/blogsaverroes.juntadeandalucia.es\/iescaballerobonald\/wp-json\/wp\/v2\/pages\/164\/revisions\/12857"}],"wp:attachment":[{"href":"https:\/\/blogsaverroes.juntadeandalucia.es\/iescaballerobonald\/wp-json\/wp\/v2\/media?parent=164"}],"curies":[{"name":"wp","href":"https:\/\/api.w.org\/{rel}","templated":true}]}}

Lengua extranjera: Inglés

<p>Durante el presente curso 2025/2026, el departamento de Inglés está compuesto por:</p>
<ul>
<li>Susana Milagros Izquierdo Álvarez (Jefa del Departamento)</li>
<li>Elena M. del Valle Lobato&nbsp;</li>
<li>Mercedes Abellán Alemán</li>
<li>Rosa Monge Bellido (Coordinadora de bilingüísmo)</li>
<li>Magdalena Tinoco Domínguez</li>
<li>Lucía Mª Ramos Palacio</li>
<li>Manuel Jesús Pacheco Alvarado</li>
<li>Sonia Sánchez Hierro</li>
<li><a href="https://blogsaverroes.juntadeandalucia.es/iescaballerobonald/files/2025/10/ChatGPT-Image-13-oct-2025-08_14_37.png"><img loading="lazy" decoding="async" class="aligncenter wp-image-12492 size-medium" src="https://blogsaverroes.juntadeandalucia.es/iescaballerobonald/files/2025/10/ChatGPT-Image-13-oct-2025-08_14_37-300x300.png" alt="" width="300" height="300" srcset="https://blogsaverroes.juntadeandalucia.es/iescaballerobonald/files/2025/10/ChatGPT-Image-13-oct-2025-08_14_37-300x300.png 300w, https://blogsaverroes.juntadeandalucia.es/iescaballerobonald/files/2025/10/ChatGPT-Image-13-oct-2025-08_14_37-150x150.png 150w, https://blogsaverroes.juntadeandalucia.es/iescaballerobonald/files/2025/10/ChatGPT-Image-13-oct-2025-08_14_37-768x768.png 768w, https://blogsaverroes.juntadeandalucia.es/iescaballerobonald/files/2025/10/ChatGPT-Image-13-oct-2025-08_14_37-80x80.png 80w, https://blogsaverroes.juntadeandalucia.es/iescaballerobonald/files/2025/10/ChatGPT-Image-13-oct-2025-08_14_37-320x320.png 320w, https://blogsaverroes.juntadeandalucia.es/iescaballerobonald/files/2025/10/ChatGPT-Image-13-oct-2025-08_14_37.png 1024w" sizes="(max-width: 300px) 100vw, 300px" /></a></li>
</ul>
<p style="text-align: center"><a href="https://drive.google.com/file/d/12FlI7EyFdSML_0nVK1smBUE00G4MsUer/view?usp=drive_link">Criterios INGLÉS 1º ESO</a></p>
<p style="text-align: center"><a href="https://drive.google.com/file/d/1OfueqXaFmLS6o6qLOSIX00VATmKxRqKV/view?usp=drive_link">CRITERIOS DE EVALUACIÓN MATERIA LINGÜÍSTICA DE CARÁCTER UNIVERSAL 1º ESO</a></p>
<p style="text-align: center"><a href="https://drive.google.com/file/d/1ryntqX_clrxB32GTtQVUY80oV16MARim/view?usp=drive_link">Criterios INGLÉS 2º ESO</a></p>
<p style="text-align: center"><a href="https://drive.google.com/file/d/1sPfZWS767M6QKVi2WjLv9KUoNp_f6rLP/view?usp=drive_link">Criterios INGLÉS 3º ESO</a></p>
<p style="text-align: center"><a href="https://drive.google.com/file/d/1u3GbyqIiJrFhoutir2BUpuqR7hxqIBBf/view?usp=drive_link">Criterios ÁMBITO LINGÜÍSTICO Y SOCIAL 3º DIVERSIFICACIÓN</a></p>
<p style="text-align: center"><a href="https://drive.google.com/file/d/1wx3fNZW98xagXvnsNivNwXRDRWoGceUy/view?usp=drive_link">Criterios INGLÉS 4º ESO</a></p>
<p style="text-align: center"><a href="https://drive.google.com/file/d/12ddtyXUez3NHsZwAYd-i3X2lqBiKTxRL/view?usp=drive_link">Criterios ÁMBITO LINGÜÍSTICO Y SOCIAL 4º DIVERSIFICACIÓN</a></p>
<p style="text-align: center"><a href="https://drive.google.com/file/d/1ZSMDI0xs2IPWqpqbHMMN1x7Lrk8wFCjt/view?usp=drive_link">Criterios INGLES B1 4º ES</a></p>
<p style="text-align: center"><a href="https://drive.google.com/file/d/10AwgDtGAtBFilL2sStPaXjTiHqHBff_4/view?usp=drive_link">Criterios INGLÉS 1º BACHILLERATO</a></p>
<p style="text-align: center"><a href="https://drive.google.com/file/d/1unq-4Lk6vqjRcboOvIr4_Yiuy-aHUVqj/view?usp=drive_link">Criterios INGLÉS B2 1º BACHILLERATO</a></p>
<p style="text-align: center"><a href="https://drive.google.com/file/d/15wn4-QI8sTtxYqqVgCIUosQ18nyVn-Z-/view?usp=drive_link">Criterios INGLÉS 2º BACHILLERATO</a></p>
<p style="text-align: center"><a href="https://drive.google.com/file/d/1CxdITJ8FQbTtyOqJdiL4cv39ykS1kd_w/view?usp=drive_link">Criterios INGLÉS B2 2º BACHILLERATO</a><a href="https://blogsaverroes.juntadeandalucia.es/iescaballerobonald/files/2025/11/IMG-20251106-WA0001.jpg"><img loading="lazy" decoding="async" class="aligncenter wp-image-12856 size-large" src="https://blogsaverroes.juntadeandalucia.es/iescaballerobonald/files/2025/11/IMG-20251106-WA0001-768x1024.jpg" alt="" width="768" height="1024" srcset="https://blogsaverroes.juntadeandalucia.es/iescaballerobonald/files/2025/11/IMG-20251106-WA0001-768x1024.jpg 768w, https://blogsaverroes.juntadeandalucia.es/iescaballerobonald/files/2025/11/IMG-20251106-WA0001-225x300.jpg 225w, https://blogsaverroes.juntadeandalucia.es/iescaballerobonald/files/2025/11/IMG-20251106-WA0001-1152x1536.jpg 1152w, https://blogsaverroes.juntadeandalucia.es/iescaballerobonald/files/2025/11/IMG-20251106-WA0001-1536x2048.jpg 1536w, https://blogsaverroes.juntadeandalucia.es/iescaballerobonald/files/2025/11/IMG-20251106-WA0001.jpg 1200w" sizes="(max-width: 768px) 100vw, 768px" /></a></p>
<p><a href="https://blogsaverroes.juntadeandalucia.es/iescaballerobonald/files/2025/10/IMG20251031114458.jpg"><img loading="lazy" decoding="async" class="aligncenter wp-image-12812 size-large" src="https://blogsaverroes.juntadeandalucia.es/iescaballerobonald/files/2025/10/IMG20251031114458-1024x768.jpg" alt="" width="1024" height="768" srcset="https://blogsaverroes.juntadeandalucia.es/iescaballerobonald/files/2025/10/IMG20251031114458-1024x768.jpg 1024w, https://blogsaverroes.juntadeandalucia.es/iescaballerobonald/files/2025/10/IMG20251031114458-300x225.jpg 300w, https://blogsaverroes.juntadeandalucia.es/iescaballerobonald/files/2025/10/IMG20251031114458-768x576.jpg 768w, https://blogsaverroes.juntadeandalucia.es/iescaballerobonald/files/2025/10/IMG20251031114458-1536x1152.jpg 1536w, https://blogsaverroes.juntadeandalucia.es/iescaballerobonald/files/2025/10/IMG20251031114458-2048x1536.jpg 2048w" sizes="(max-width: 1024px) 100vw, 1024px" /></a></p>
<p>&nbsp;</p>
<p>&nbsp;</p>
<p><a href="https://blogsaverroes.juntadeandalucia.es/iescaballerobonald/files/2023/12/IMG-20231219-WA0014.jpg"><img loading="lazy" decoding="async" class="aligncenter size-full wp-image-10304" src="https://blogsaverroes.juntadeandalucia.es/iescaballerobonald/files/2023/12/IMG-20231219-WA0014.jpg" alt="" width="1024" height="768" srcset="https://blogsaverroes.juntadeandalucia.es/iescaballerobonald/files/2023/12/IMG-20231219-WA0014.jpg 1024w, https://blogsaverroes.juntadeandalucia.es/iescaballerobonald/files/2023/12/IMG-20231219-WA0014-300x225.jpg 300w, https://blogsaverroes.juntadeandalucia.es/iescaballerobonald/files/2023/12/IMG-20231219-WA0014-768x576.jpg 768w" sizes="(max-width: 1024px) 100vw, 1024px" /></a> <a href="https://blogsaverroes.juntadeandalucia.es/iescaballerobonald/files/2023/12/IMG-20231219-WA0015.jpg"><img loading="lazy" decoding="async" class="aligncenter size-full wp-image-10305" src="https://blogsaverroes.juntadeandalucia.es/iescaballerobonald/files/2023/12/IMG-20231219-WA0015.jpg" alt="" width="768" height="1024" srcset="https://blogsaverroes.juntadeandalucia.es/iescaballerobonald/files/2023/12/IMG-20231219-WA0015.jpg 768w, https://blogsaverroes.juntadeandalucia.es/iescaballerobonald/files/2023/12/IMG-20231219-WA0015-225x300.jpg 225w" sizes="(max-width: 768px) 100vw, 768px" /></a></p>
<p><a href="https://blogsaverroes.juntadeandalucia.es/iescaballerobonald/files/2022/11/IMG20221121125918-scaled.jpg"><img loading="lazy" decoding="async" class="aligncenter wp-image-7650 size-full" src="https://blogsaverroes.juntadeandalucia.es/iescaballerobonald/files/2022/11/IMG20221121125918-scaled.jpg" alt="" width="1600" height="1200" srcset="https://blogsaverroes.juntadeandalucia.es/iescaballerobonald/files/2022/11/IMG20221121125918-scaled.jpg 1600w, https://blogsaverroes.juntadeandalucia.es/iescaballerobonald/files/2022/11/IMG20221121125918-300x225.jpg 300w, https://blogsaverroes.juntadeandalucia.es/iescaballerobonald/files/2022/11/IMG20221121125918-1024x768.jpg 1024w, https://blogsaverroes.juntadeandalucia.es/iescaballerobonald/files/2022/11/IMG20221121125918-768x576.jpg 768w, https://blogsaverroes.juntadeandalucia.es/iescaballerobonald/files/2022/11/IMG20221121125918-1536x1152.jpg 1536w, https://blogsaverroes.juntadeandalucia.es/iescaballerobonald/files/2022/11/IMG20221121125918-2048x1536.jpg 2048w" sizes="(max-width: 1600px) 100vw, 1600px" /></a></p>
<p>&nbsp;</p>
<p style="text-align: center">&nbsp;</p>
<p><strong><span style="font-family: sans-serif"><span style="font-size: medium">Primera Lengua Extranjera </span></span></strong></p>
<p><span style="font-family: sans-serif"><span style="font-size: medium">La lengua es el instrumento por excelencia del aprendizaje y la comunicación. Tanto las lenguas primeras como las lenguas extranjeras forman parte en la actualidad, y cada vez lo harán más en el futuro, del bagaje vital de las personas en un mundo en continua expansión en el que, a la vez, las relaciones entre individuos, países, organismos y corporaciones se hacen más frecuentes y más estrechas. En la medida en que ese bagaje comprende diversos conocimientos, destrezas y actitudes en diversas lenguas, es decir un perfil plurilingüe e intercultural, el individuo está mejor preparado para integrarse y participar en una variedad de contextos y de situaciones que suponen un estímulo para su desarrollo, y mejores oportunidades, en los ámbitos personal, público, educativo o académico, ocupacional y profesional.</span></span></p>
<p>&nbsp;</p>
<p>&nbsp;</p>
<p>&nbsp;</p>

<p>Durante el presente curso 2025/2026, el departamento de Inglés está compuesto por: Susana Milagros Izquierdo Álvarez (Jefa del Departamento) Elena M. del Valle Lobato&nbsp; Mercedes Abellán Alemán Rosa Monge Bellido&#46;&#46;&#46;</p>
