{"id":168,"date":"2015-03-17T07:54:01","date_gmt":"2015-03-17T06:54:01","guid":{"rendered":"http:\/\/blogsaverroes.juntadeandalucia.es\/pre\/ceip\/?page_id=168"},"modified":"2025-10-31T14:33:34","modified_gmt":"2025-10-31T13:33:34","slug":"filosofia-2","status":"publish","type":"page","link":"https:\/\/blogsaverroes.juntadeandalucia.es\/iescaballerobonald\/filosofia-2\/","title":{"rendered":"Filosof\u00eda"},"content":{"rendered":"<p>Durante el curso acad\u00e9mico 2025\/2026, el Departamento de Filosof\u00eda est\u00e1 compuesto por:&nbsp;<\/p>\n<ul>\n<li>D. \u00c1ngel Molina Morant (Jefe de departamento)<\/li>\n<li>D. C\u00e9sar G\u00f3mez S\u00e1nchez<a href=\"https:\/\/blogsaverroes.juntadeandalucia.es\/iescaballerobonald\/files\/2025\/10\/ChatGPT-Image-13-oct-2025-08_14_37.png\"><img loading=\"lazy\" decoding=\"async\" class=\"aligncenter wp-image-12492 size-medium\" src=\"https:\/\/blogsaverroes.juntadeandalucia.es\/iescaballerobonald\/files\/2025\/10\/ChatGPT-Image-13-oct-2025-08_14_37-300x300.png\" alt=\"\" width=\"300\" height=\"300\" srcset=\"https:\/\/blogsaverroes.juntadeandalucia.es\/iescaballerobonald\/files\/2025\/10\/ChatGPT-Image-13-oct-2025-08_14_37-300x300.png 300w, https:\/\/blogsaverroes.juntadeandalucia.es\/iescaballerobonald\/files\/2025\/10\/ChatGPT-Image-13-oct-2025-08_14_37-150x150.png 150w, https:\/\/blogsaverroes.juntadeandalucia.es\/iescaballerobonald\/files\/2025\/10\/ChatGPT-Image-13-oct-2025-08_14_37-768x768.png 768w, https:\/\/blogsaverroes.juntadeandalucia.es\/iescaballerobonald\/files\/2025\/10\/ChatGPT-Image-13-oct-2025-08_14_37-80x80.png 80w, https:\/\/blogsaverroes.juntadeandalucia.es\/iescaballerobonald\/files\/2025\/10\/ChatGPT-Image-13-oct-2025-08_14_37-320x320.png 320w, https:\/\/blogsaverroes.juntadeandalucia.es\/iescaballerobonald\/files\/2025\/10\/ChatGPT-Image-13-oct-2025-08_14_37.png 1024w\" sizes=\"(max-width: 300px) 100vw, 300px\" \/><\/a><\/li>\n<\/ul>\n<p style=\"text-align: center\"><a href=\"https:\/\/docs.google.com\/document\/d\/1SMbKN0AxGVw_PL93QZX8c8C1vJtMQefJHhpBZB8Fpd0\/edit?usp=drive_link\">Criterios de evaluaci\u00f3n Oratoria 2\u00ba ESO<\/a><\/p>\n<p style=\"text-align: center\"><a href=\"https:\/\/docs.google.com\/document\/d\/1mJE7dmxDn16iE5HNhLJCygXMIil9Wg5WJUG1ZfpHlXE\/edit?usp=drive_link\">Criterios de evaluaci\u00f3n Oratoria 3\u00ba ESO<\/a><\/p>\n<p style=\"text-align: center\"><a href=\"https:\/\/docs.google.com\/document\/d\/1u3iWSKIVTRUrUfAO1SbJQRroG_oh9e-ViwIug7ESGFA\/edit?usp=drive_link\" rel=\"attachment wp-att-9948\">Criterios de evaluaci\u00f3n Filosof\u00eda 4\u00ba ESO<\/a><\/p>\n<p style=\"text-align: center\"><a href=\"https:\/\/docs.google.com\/document\/d\/1es221JT05jxJVNZVwc70DPx1ZBGkiKRzXq9RLEixnA4\/edit?usp=drive_link\">Criterios de evaluaci\u00f3n Filosof\u00eda 1\u00ba Bach.<\/a><\/p>\n<p style=\"text-align: center\"><a href=\"https:\/\/docs.google.com\/document\/d\/1UmOAthPa2VcUqU0gmznvmqsdO7ziuGmrU_emc2hBdOc\/edit?usp=drive_link\">Criterios de evaluaci\u00f3n Antropolog\u00eda y Sociolog\u00eda 1\u00ba BACH<\/a><\/p>\n<p style=\"text-align: center\"><a href=\"https:\/\/docs.google.com\/document\/d\/1xglKn5eVMWw1fU_EBII6m8p8llF7Nkw_LHFFI9mo5vI\/edit?usp=sharing\">Criterios de evaluaci\u00f3n Historia de la Filosof\u00eda. 2\u00ba BACH<\/a><\/p>\n<p style=\"text-align: center\"><a href=\"https:\/\/docs.google.com\/document\/d\/1X_NAFVkV3FctrZ0lZvdJWOHvQJWnP8krcdd_Ruv5pe8\/edit?usp=drive_link\">Criterios de evaluaci\u00f3n Psicolog\u00eda 2\u00ba BACH<\/a><\/p>\n<p><a href=\"https:\/\/blogsaverroes.juntadeandalucia.es\/iescaballerobonald\/files\/2025\/10\/IMG-20251031-WA0001-1.jpg\"><img loading=\"lazy\" decoding=\"async\" class=\"aligncenter wp-image-12816 size-medium\" src=\"https:\/\/blogsaverroes.juntadeandalucia.es\/iescaballerobonald\/files\/2025\/10\/IMG-20251031-WA0001-1-169x300.jpg\" alt=\"\" width=\"169\" height=\"300\" srcset=\"https:\/\/blogsaverroes.juntadeandalucia.es\/iescaballerobonald\/files\/2025\/10\/IMG-20251031-WA0001-1-169x300.jpg 169w, https:\/\/blogsaverroes.juntadeandalucia.es\/iescaballerobonald\/files\/2025\/10\/IMG-20251031-WA0001-1-576x1024.jpg 576w, https:\/\/blogsaverroes.juntadeandalucia.es\/iescaballerobonald\/files\/2025\/10\/IMG-20251031-WA0001-1-768x1365.jpg 768w, https:\/\/blogsaverroes.juntadeandalucia.es\/iescaballerobonald\/files\/2025\/10\/IMG-20251031-WA0001-1-864x1536.jpg 864w, https:\/\/blogsaverroes.juntadeandalucia.es\/iescaballerobonald\/files\/2025\/10\/IMG-20251031-WA0001-1.jpg 900w\" sizes=\"(max-width: 169px) 100vw, 169px\" \/><\/a><\/p>\n<p style=\"text-align: center\">10 de noviembre de 2023<\/p>\n<p>Presentamos un nuevo proyecto en el IES Caballero Bonald. Filosof\u00eda (1\u00baH) y TEA se unen en una iniciativa \u00abrica, rica\u00bb. Cada semana, cuatro alumnos\/as de 1\u00baH convivir\u00e1n y aprender\u00e1n cocina con Manuel, Roberto, Jos\u00e9 Antonio y Alejandro. Todos juntos y \u00abcon las manos en la masa\u00bb elaborar\u00e1n las mejores recetas que quedar\u00e1n reflejadas en nuestra singular revista. Y el libro de recetas est\u00e1 elaborado por el propio alumnado!!<\/p>\n<p>\u00bfTEApetece convertirte en un\/a cocinitas?&nbsp; S\u00edguenos aqu\u00ed cada semana.<\/p>\n<div class=\"padlet-embed\" style=\"border-radius: 2px;overflow: hidden;width: 100%;background: #F4F4F4\">\n<p style=\"padding: 0;margin: 0\"><iframe src=\"https:\/\/padlet.com\/embed\/9b4m1a1p54c24rsg\" frameborder=\"0\"><\/iframe><\/p>\n<div style=\"align-items: center;justify-content: end;margin: 0;height: 28px\">\n<p>&nbsp;<\/p>\n<div style=\"align-items: center\"><img loading=\"lazy\" decoding=\"async\" style=\"padding: 0;margin: 0;background: 0 0;border: none\" src=\"https:\/\/padlet.net\/embeds\/made_with_padlet_2022.png\" alt=\"Hecho con Padlet\" width=\"114\" height=\"28\"\/><\/div>\n<p>&nbsp;<\/p>\n<\/div>\n<\/div>\n<p>&nbsp;<\/p>\n<p><a href=\"https:\/\/blogsaverroes.juntadeandalucia.es\/iescaballerobonald\/files\/2023\/11\/1-1.png\"><img loading=\"lazy\" decoding=\"async\" class=\"aligncenter size-full wp-image-10130\" src=\"https:\/\/blogsaverroes.juntadeandalucia.es\/iescaballerobonald\/files\/2023\/11\/1-1.png\" alt=\"\" width=\"636\" height=\"744\" srcset=\"https:\/\/blogsaverroes.juntadeandalucia.es\/iescaballerobonald\/files\/2023\/11\/1-1.png 636w, https:\/\/blogsaverroes.juntadeandalucia.es\/iescaballerobonald\/files\/2023\/11\/1-1-256x300.png 256w\" sizes=\"(max-width: 636px) 100vw, 636px\" \/><\/a><a href=\"https:\/\/blogsaverroes.juntadeandalucia.es\/iescaballerobonald\/files\/2023\/12\/IMG20231215114742-scaled.jpg\"><img loading=\"lazy\" decoding=\"async\" class=\"aligncenter size-full wp-image-10289\" src=\"https:\/\/blogsaverroes.juntadeandalucia.es\/iescaballerobonald\/files\/2023\/12\/IMG20231215114742-scaled.jpg\" alt=\"\" width=\"1200\" height=\"1600\" srcset=\"https:\/\/blogsaverroes.juntadeandalucia.es\/iescaballerobonald\/files\/2023\/12\/IMG20231215114742-scaled.jpg 1200w, https:\/\/blogsaverroes.juntadeandalucia.es\/iescaballerobonald\/files\/2023\/12\/IMG20231215114742-225x300.jpg 225w, https:\/\/blogsaverroes.juntadeandalucia.es\/iescaballerobonald\/files\/2023\/12\/IMG20231215114742-768x1024.jpg 768w, https:\/\/blogsaverroes.juntadeandalucia.es\/iescaballerobonald\/files\/2023\/12\/IMG20231215114742-1152x1536.jpg 1152w, https:\/\/blogsaverroes.juntadeandalucia.es\/iescaballerobonald\/files\/2023\/12\/IMG20231215114742-1536x2048.jpg 1536w\" sizes=\"(max-width: 1200px) 100vw, 1200px\" \/><\/a><\/p>\n<div id=\"attachment_6944\" style=\"width: 1034px\" class=\"wp-caption alignnone\"><a href=\"https:\/\/blogsaverroes.juntadeandalucia.es\/iescaballerobonald\/files\/2022\/09\/Foto-definitiva.jpg\"><img loading=\"lazy\" decoding=\"async\" aria-describedby=\"caption-attachment-6944\" class=\"wp-image-6944 size-large\" src=\"https:\/\/blogsaverroes.juntadeandalucia.es\/iescaballerobonald\/files\/2022\/09\/Foto-definitiva-1024x704.jpg\" alt=\"\" width=\"1024\" height=\"704\" srcset=\"https:\/\/blogsaverroes.juntadeandalucia.es\/iescaballerobonald\/files\/2022\/09\/Foto-definitiva-1024x704.jpg 1024w, https:\/\/blogsaverroes.juntadeandalucia.es\/iescaballerobonald\/files\/2022\/09\/Foto-definitiva-300x206.jpg 300w, https:\/\/blogsaverroes.juntadeandalucia.es\/iescaballerobonald\/files\/2022\/09\/Foto-definitiva-768x528.jpg 768w, https:\/\/blogsaverroes.juntadeandalucia.es\/iescaballerobonald\/files\/2022\/09\/Foto-definitiva.jpg 1036w\" sizes=\"(max-width: 1024px) 100vw, 1024px\" \/><\/a><p id=\"caption-attachment-6944\" class=\"wp-caption-text\">Plat\u00f3n y Arist\u00f3teles en el Caballero Bonald<\/p><\/div>\n<p><a href=\"https:\/\/blogsaverroes.juntadeandalucia.es\/iescaballerobonald\/files\/2022\/12\/Navidad-filosof\u00eda-scaled.jpg\"><img loading=\"lazy\" decoding=\"async\" class=\"aligncenter size-large wp-image-7916\" src=\"https:\/\/blogsaverroes.juntadeandalucia.es\/iescaballerobonald\/files\/2022\/12\/Navidad-filosof\u00eda-1024x512.jpg\" alt=\"\" width=\"1024\" height=\"512\" srcset=\"https:\/\/blogsaverroes.juntadeandalucia.es\/iescaballerobonald\/files\/2022\/12\/Navidad-filosof\u00eda-1024x512.jpg 1024w, https:\/\/blogsaverroes.juntadeandalucia.es\/iescaballerobonald\/files\/2022\/12\/Navidad-filosof\u00eda-300x150.jpg 300w, https:\/\/blogsaverroes.juntadeandalucia.es\/iescaballerobonald\/files\/2022\/12\/Navidad-filosof\u00eda-768x384.jpg 768w, https:\/\/blogsaverroes.juntadeandalucia.es\/iescaballerobonald\/files\/2022\/12\/Navidad-filosof\u00eda-1536x767.jpg 1536w, https:\/\/blogsaverroes.juntadeandalucia.es\/iescaballerobonald\/files\/2022\/12\/Navidad-filosof\u00eda-2048x1023.jpg 2048w, https:\/\/blogsaverroes.juntadeandalucia.es\/iescaballerobonald\/files\/2022\/12\/Navidad-filosof\u00eda-scaled.jpg 1600w\" sizes=\"(max-width: 1024px) 100vw, 1024px\" \/><\/a><\/p>\n<p style=\"text-align: justify\"><span style=\"font-family: sans-serif\"><span style=\"font-size: medium\">Filosof\u00eda y reflexi\u00f3n est\u00e1n muy unidas. La filosof\u00eda es la actividad en la que el pensamiento retorna sobre lo vivido para pensarlo con conceptos. Y esos conceptos vinculan fen\u00f3menos otorgando un orden a lo que vivimos. Descubrir esa \u00abl\u00f3gica\u00bb del mundo es lo que, desde hace tiempo, pretendemos que haga nuestro alumnado del IES Caballero Bonald. Tarea complicada en un entorno de inmediatez, ex\u00e1menes, actividades, tareas&#8230;, que muchas veces distraen de esa b\u00fasqueda de las ra\u00edces tan t\u00edpica de la filosof\u00eda. <\/span><\/span><\/p>\n<p style=\"text-align: justify\"><span style=\"font-family: sans-serif\"><span style=\"font-size: medium\">Los profesores, \u00c1ngel y C\u00e9sar, intentaremos que siempre est\u00e9 presente en nuestras clases ese trabajo con el concepto propio de la filosof\u00eda.<\/span><\/span><\/p>\n<p><a style=\"text-align: center\" href=\"https:\/\/www.youtube.com\/channel\/UCNAWmbxJYOgB9w1jIx_puWA\">CANAL DE YOUTUBE: \u00abFILOSOF\u00cdA REPASA\u00bb<\/a><\/p>\n<p>&nbsp;<\/p>\n<p>&nbsp;<\/p>\n<p>&nbsp;<\/p>\n<p style=\"text-align: center\">&nbsp;<\/p>\n","protected":false},"excerpt":{"rendered":"<p>Durante el curso acad\u00e9mico 2025\/2026, el Departamento de Filosof\u00eda est\u00e1 compuesto por:&nbsp; D. \u00c1ngel Molina Morant (Jefe de departamento) D. C\u00e9sar G\u00f3mez S\u00e1nchez Criterios de evaluaci\u00f3n Oratoria 2\u00ba ESO Criterios&#46;&#46;&#46;<\/p>\n","protected":false},"author":1,"featured_media":6944,"parent":0,"menu_order":0,"comment_status":"closed","ping_status":"closed","template":"","meta":{"ngg_post_thumbnail":0,"footnotes":"","_mc_calendar":[]},"aioseo_notices":[],"_links":{"self":[{"href":"https:\/\/blogsaverroes.juntadeandalucia.es\/iescaballerobonald\/wp-json\/wp\/v2\/pages\/168"}],"collection":[{"href":"https:\/\/blogsaverroes.juntadeandalucia.es\/iescaballerobonald\/wp-json\/wp\/v2\/pages"}],"about":[{"href":"https:\/\/blogsaverroes.juntadeandalucia.es\/iescaballerobonald\/wp-json\/wp\/v2\/types\/page"}],"author":[{"embeddable":true,"href":"https:\/\/blogsaverroes.juntadeandalucia.es\/iescaballerobonald\/wp-json\/wp\/v2\/users\/1"}],"replies":[{"embeddable":true,"href":"https:\/\/blogsaverroes.juntadeandalucia.es\/iescaballerobonald\/wp-json\/wp\/v2\/comments?post=168"}],"version-history":[{"count":56,"href":"https:\/\/blogsaverroes.juntadeandalucia.es\/iescaballerobonald\/wp-json\/wp\/v2\/pages\/168\/revisions"}],"predecessor-version":[{"id":12826,"href":"https:\/\/blogsaverroes.juntadeandalucia.es\/iescaballerobonald\/wp-json\/wp\/v2\/pages\/168\/revisions\/12826"}],"wp:featuredmedia":[{"embeddable":true,"href":"https:\/\/blogsaverroes.juntadeandalucia.es\/iescaballerobonald\/wp-json\/wp\/v2\/media\/6944"}],"wp:attachment":[{"href":"https:\/\/blogsaverroes.juntadeandalucia.es\/iescaballerobonald\/wp-json\/wp\/v2\/media?parent=168"}],"curies":[{"name":"wp","href":"https:\/\/api.w.org\/{rel}","templated":true}]}}

Filosofía

<p>Durante el curso académico 2025/2026, el Departamento de Filosofía está compuesto por:&nbsp;</p>
<ul>
<li>D. Ángel Molina Morant (Jefe de departamento)</li>
<li>D. César Gómez Sánchez<a href="https://blogsaverroes.juntadeandalucia.es/iescaballerobonald/files/2025/10/ChatGPT-Image-13-oct-2025-08_14_37.png"><img loading="lazy" decoding="async" class="aligncenter wp-image-12492 size-medium" src="https://blogsaverroes.juntadeandalucia.es/iescaballerobonald/files/2025/10/ChatGPT-Image-13-oct-2025-08_14_37-300x300.png" alt="" width="300" height="300" srcset="https://blogsaverroes.juntadeandalucia.es/iescaballerobonald/files/2025/10/ChatGPT-Image-13-oct-2025-08_14_37-300x300.png 300w, https://blogsaverroes.juntadeandalucia.es/iescaballerobonald/files/2025/10/ChatGPT-Image-13-oct-2025-08_14_37-150x150.png 150w, https://blogsaverroes.juntadeandalucia.es/iescaballerobonald/files/2025/10/ChatGPT-Image-13-oct-2025-08_14_37-768x768.png 768w, https://blogsaverroes.juntadeandalucia.es/iescaballerobonald/files/2025/10/ChatGPT-Image-13-oct-2025-08_14_37-80x80.png 80w, https://blogsaverroes.juntadeandalucia.es/iescaballerobonald/files/2025/10/ChatGPT-Image-13-oct-2025-08_14_37-320x320.png 320w, https://blogsaverroes.juntadeandalucia.es/iescaballerobonald/files/2025/10/ChatGPT-Image-13-oct-2025-08_14_37.png 1024w" sizes="(max-width: 300px) 100vw, 300px" /></a></li>
</ul>
<p style="text-align: center"><a href="https://docs.google.com/document/d/1SMbKN0AxGVw_PL93QZX8c8C1vJtMQefJHhpBZB8Fpd0/edit?usp=drive_link">Criterios de evaluación Oratoria 2º ESO</a></p>
<p style="text-align: center"><a href="https://docs.google.com/document/d/1mJE7dmxDn16iE5HNhLJCygXMIil9Wg5WJUG1ZfpHlXE/edit?usp=drive_link">Criterios de evaluación Oratoria 3º ESO</a></p>
<p style="text-align: center"><a href="https://docs.google.com/document/d/1u3iWSKIVTRUrUfAO1SbJQRroG_oh9e-ViwIug7ESGFA/edit?usp=drive_link" rel="attachment wp-att-9948">Criterios de evaluación Filosofía 4º ESO</a></p>
<p style="text-align: center"><a href="https://docs.google.com/document/d/1es221JT05jxJVNZVwc70DPx1ZBGkiKRzXq9RLEixnA4/edit?usp=drive_link">Criterios de evaluación Filosofía 1º Bach.</a></p>
<p style="text-align: center"><a href="https://docs.google.com/document/d/1UmOAthPa2VcUqU0gmznvmqsdO7ziuGmrU_emc2hBdOc/edit?usp=drive_link">Criterios de evaluación Antropología y Sociología 1º BACH</a></p>
<p style="text-align: center"><a href="https://docs.google.com/document/d/1xglKn5eVMWw1fU_EBII6m8p8llF7Nkw_LHFFI9mo5vI/edit?usp=sharing">Criterios de evaluación Historia de la Filosofía. 2º BACH</a></p>
<p style="text-align: center"><a href="https://docs.google.com/document/d/1X_NAFVkV3FctrZ0lZvdJWOHvQJWnP8krcdd_Ruv5pe8/edit?usp=drive_link">Criterios de evaluación Psicología 2º BACH</a></p>
<p><a href="https://blogsaverroes.juntadeandalucia.es/iescaballerobonald/files/2025/10/IMG-20251031-WA0001-1.jpg"><img loading="lazy" decoding="async" class="aligncenter wp-image-12816 size-medium" src="https://blogsaverroes.juntadeandalucia.es/iescaballerobonald/files/2025/10/IMG-20251031-WA0001-1-169x300.jpg" alt="" width="169" height="300" srcset="https://blogsaverroes.juntadeandalucia.es/iescaballerobonald/files/2025/10/IMG-20251031-WA0001-1-169x300.jpg 169w, https://blogsaverroes.juntadeandalucia.es/iescaballerobonald/files/2025/10/IMG-20251031-WA0001-1-576x1024.jpg 576w, https://blogsaverroes.juntadeandalucia.es/iescaballerobonald/files/2025/10/IMG-20251031-WA0001-1-768x1365.jpg 768w, https://blogsaverroes.juntadeandalucia.es/iescaballerobonald/files/2025/10/IMG-20251031-WA0001-1-864x1536.jpg 864w, https://blogsaverroes.juntadeandalucia.es/iescaballerobonald/files/2025/10/IMG-20251031-WA0001-1.jpg 900w" sizes="(max-width: 169px) 100vw, 169px" /></a></p>
<p style="text-align: center">10 de noviembre de 2023</p>
<p>Presentamos un nuevo proyecto en el IES Caballero Bonald. Filosofía (1ºH) y TEA se unen en una iniciativa «rica, rica». Cada semana, cuatro alumnos/as de 1ºH convivirán y aprenderán cocina con Manuel, Roberto, José Antonio y Alejandro. Todos juntos y «con las manos en la masa» elaborarán las mejores recetas que quedarán reflejadas en nuestra singular revista. Y el libro de recetas está elaborado por el propio alumnado!!</p>
<p>¿TEApetece convertirte en un/a cocinitas?&nbsp; Síguenos aquí cada semana.</p>
<div class="padlet-embed" style="border-radius: 2px;overflow: hidden;width: 100%;background: #F4F4F4">
<p style="padding: 0;margin: 0"><iframe src="https://padlet.com/embed/9b4m1a1p54c24rsg" frameborder="0"></iframe></p>
<div style="align-items: center;justify-content: end;margin: 0;height: 28px">
<p>&nbsp;</p>
<div style="align-items: center"><img loading="lazy" decoding="async" style="padding: 0;margin: 0;background: 0 0;border: none" src="https://padlet.net/embeds/made_with_padlet_2022.png" alt="Hecho con Padlet" width="114" height="28"/></div>
<p>&nbsp;</p>
</div>
</div>
<p>&nbsp;</p>
<p><a href="https://blogsaverroes.juntadeandalucia.es/iescaballerobonald/files/2023/11/1-1.png"><img loading="lazy" decoding="async" class="aligncenter size-full wp-image-10130" src="https://blogsaverroes.juntadeandalucia.es/iescaballerobonald/files/2023/11/1-1.png" alt="" width="636" height="744" srcset="https://blogsaverroes.juntadeandalucia.es/iescaballerobonald/files/2023/11/1-1.png 636w, https://blogsaverroes.juntadeandalucia.es/iescaballerobonald/files/2023/11/1-1-256x300.png 256w" sizes="(max-width: 636px) 100vw, 636px" /></a><a href="https://blogsaverroes.juntadeandalucia.es/iescaballerobonald/files/2023/12/IMG20231215114742-scaled.jpg"><img loading="lazy" decoding="async" class="aligncenter size-full wp-image-10289" src="https://blogsaverroes.juntadeandalucia.es/iescaballerobonald/files/2023/12/IMG20231215114742-scaled.jpg" alt="" width="1200" height="1600" srcset="https://blogsaverroes.juntadeandalucia.es/iescaballerobonald/files/2023/12/IMG20231215114742-scaled.jpg 1200w, https://blogsaverroes.juntadeandalucia.es/iescaballerobonald/files/2023/12/IMG20231215114742-225x300.jpg 225w, https://blogsaverroes.juntadeandalucia.es/iescaballerobonald/files/2023/12/IMG20231215114742-768x1024.jpg 768w, https://blogsaverroes.juntadeandalucia.es/iescaballerobonald/files/2023/12/IMG20231215114742-1152x1536.jpg 1152w, https://blogsaverroes.juntadeandalucia.es/iescaballerobonald/files/2023/12/IMG20231215114742-1536x2048.jpg 1536w" sizes="(max-width: 1200px) 100vw, 1200px" /></a></p>
<div id="attachment_6944" style="width: 1034px" class="wp-caption alignnone"><a href="https://blogsaverroes.juntadeandalucia.es/iescaballerobonald/files/2022/09/Foto-definitiva.jpg"><img loading="lazy" decoding="async" aria-describedby="caption-attachment-6944" class="wp-image-6944 size-large" src="https://blogsaverroes.juntadeandalucia.es/iescaballerobonald/files/2022/09/Foto-definitiva-1024x704.jpg" alt="" width="1024" height="704" srcset="https://blogsaverroes.juntadeandalucia.es/iescaballerobonald/files/2022/09/Foto-definitiva-1024x704.jpg 1024w, https://blogsaverroes.juntadeandalucia.es/iescaballerobonald/files/2022/09/Foto-definitiva-300x206.jpg 300w, https://blogsaverroes.juntadeandalucia.es/iescaballerobonald/files/2022/09/Foto-definitiva-768x528.jpg 768w, https://blogsaverroes.juntadeandalucia.es/iescaballerobonald/files/2022/09/Foto-definitiva.jpg 1036w" sizes="(max-width: 1024px) 100vw, 1024px" /></a><p id="caption-attachment-6944" class="wp-caption-text">Platón y Aristóteles en el Caballero Bonald</p></div>
<p><a href="https://blogsaverroes.juntadeandalucia.es/iescaballerobonald/files/2022/12/Navidad-filosofía-scaled.jpg"><img loading="lazy" decoding="async" class="aligncenter size-large wp-image-7916" src="https://blogsaverroes.juntadeandalucia.es/iescaballerobonald/files/2022/12/Navidad-filosofía-1024x512.jpg" alt="" width="1024" height="512" srcset="https://blogsaverroes.juntadeandalucia.es/iescaballerobonald/files/2022/12/Navidad-filosofía-1024x512.jpg 1024w, https://blogsaverroes.juntadeandalucia.es/iescaballerobonald/files/2022/12/Navidad-filosofía-300x150.jpg 300w, https://blogsaverroes.juntadeandalucia.es/iescaballerobonald/files/2022/12/Navidad-filosofía-768x384.jpg 768w, https://blogsaverroes.juntadeandalucia.es/iescaballerobonald/files/2022/12/Navidad-filosofía-1536x767.jpg 1536w, https://blogsaverroes.juntadeandalucia.es/iescaballerobonald/files/2022/12/Navidad-filosofía-2048x1023.jpg 2048w, https://blogsaverroes.juntadeandalucia.es/iescaballerobonald/files/2022/12/Navidad-filosofía-scaled.jpg 1600w" sizes="(max-width: 1024px) 100vw, 1024px" /></a></p>
<p style="text-align: justify"><span style="font-family: sans-serif"><span style="font-size: medium">Filosofía y reflexión están muy unidas. La filosofía es la actividad en la que el pensamiento retorna sobre lo vivido para pensarlo con conceptos. Y esos conceptos vinculan fenómenos otorgando un orden a lo que vivimos. Descubrir esa «lógica» del mundo es lo que, desde hace tiempo, pretendemos que haga nuestro alumnado del IES Caballero Bonald. Tarea complicada en un entorno de inmediatez, exámenes, actividades, tareas&#8230;, que muchas veces distraen de esa búsqueda de las raíces tan típica de la filosofía. </span></span></p>
<p style="text-align: justify"><span style="font-family: sans-serif"><span style="font-size: medium">Los profesores, Ángel y César, intentaremos que siempre esté presente en nuestras clases ese trabajo con el concepto propio de la filosofía.</span></span></p>
<p><a style="text-align: center" href="https://www.youtube.com/channel/UCNAWmbxJYOgB9w1jIx_puWA">CANAL DE YOUTUBE: «FILOSOFÍA REPASA»</a></p>
<p>&nbsp;</p>
<p>&nbsp;</p>
<p>&nbsp;</p>
<p style="text-align: center">&nbsp;</p>

<p>Durante el curso académico 2025/2026, el Departamento de Filosofía está compuesto por:&nbsp; D. Ángel Molina Morant (Jefe de departamento) D. César Gómez Sánchez Criterios de evaluación Oratoria 2º ESO Criterios&#46;&#46;&#46;</p>
