{"id":170,"date":"2015-03-17T07:55:32","date_gmt":"2015-03-17T07:55:32","guid":{"rendered":"http:\/\/blogsaverroes.juntadeandalucia.es\/pre\/ceip\/?page_id=170"},"modified":"2025-10-23T08:55:31","modified_gmt":"2025-10-23T07:55:31","slug":"biologia-y-geologia-2","status":"publish","type":"page","link":"https:\/\/blogsaverroes.juntadeandalucia.es\/iescaballerobonald\/biologia-y-geologia-2\/","title":{"rendered":"Biolog\u00eda y Geolog\u00eda"},"content":{"rendered":"<p>En el presente curso 2025\/2026, el departamento de Biolog\u00eda y Geolog\u00eda estar\u00e1 compuesto por:<\/p>\n<ul>\n<li style=\"list-style-type: none\">\n<ul>\n<li>Juan Manuel S\u00e1nchez Ram\u00edrez (Jefe de Departamento)<\/li>\n<li>Paula Rosa Delgado&nbsp;<\/li>\n<li><a href=\"https:\/\/blogsaverroes.juntadeandalucia.es\/iescaballerobonald\/files\/2025\/10\/ChatGPT-Image-13-oct-2025-08_14_37.png\"><img loading=\"lazy\" decoding=\"async\" class=\"aligncenter wp-image-12492 size-medium\" src=\"https:\/\/blogsaverroes.juntadeandalucia.es\/iescaballerobonald\/files\/2025\/10\/ChatGPT-Image-13-oct-2025-08_14_37-300x300.png\" alt=\"\" width=\"300\" height=\"300\" srcset=\"https:\/\/blogsaverroes.juntadeandalucia.es\/iescaballerobonald\/files\/2025\/10\/ChatGPT-Image-13-oct-2025-08_14_37-300x300.png 300w, https:\/\/blogsaverroes.juntadeandalucia.es\/iescaballerobonald\/files\/2025\/10\/ChatGPT-Image-13-oct-2025-08_14_37-150x150.png 150w, https:\/\/blogsaverroes.juntadeandalucia.es\/iescaballerobonald\/files\/2025\/10\/ChatGPT-Image-13-oct-2025-08_14_37-768x768.png 768w, https:\/\/blogsaverroes.juntadeandalucia.es\/iescaballerobonald\/files\/2025\/10\/ChatGPT-Image-13-oct-2025-08_14_37-80x80.png 80w, https:\/\/blogsaverroes.juntadeandalucia.es\/iescaballerobonald\/files\/2025\/10\/ChatGPT-Image-13-oct-2025-08_14_37-320x320.png 320w, https:\/\/blogsaverroes.juntadeandalucia.es\/iescaballerobonald\/files\/2025\/10\/ChatGPT-Image-13-oct-2025-08_14_37.png 1024w\" sizes=\"(max-width: 300px) 100vw, 300px\" \/><\/a><\/li>\n<\/ul>\n<\/li>\n<\/ul>\n<p style=\"text-align: center\"><a href=\"https:\/\/drive.google.com\/file\/d\/1TWmj02ak-yTIX_AUbx1I5f2VcNsndKjb\/view?usp=drive_link\" target=\"_blank\" rel=\"noopener noreferrer\">Criterios 1\u00baESO Biolog\u00eda y Geolog\u00eda&nbsp;<\/a><\/p>\n<p style=\"text-align: center\"><a href=\"https:\/\/drive.google.com\/file\/d\/1O3OPjpWECFUDUcuIf1bmD-Bg3afiZmne\/view?usp=drive_link\" rel=\"attachment wp-att-9905\">Criterios 3\u00baESO Biolog\u00eda y Geolog\u00eda<\/a><\/p>\n<p style=\"text-align: center\"><a href=\"https:\/\/drive.google.com\/file\/d\/1PWTjGEe-O3vm40KfqMm33QiNywMJ-cAM\/view?usp=drive_link\" target=\"_blank\" rel=\"noopener noreferrer\">Criterios 4\u00baESO Biolog\u00eda y Geolog\u00eda&nbsp;<\/a><\/p>\n<p style=\"text-align: center\"><a href=\"https:\/\/drive.google.com\/file\/d\/1lbHWncBtkOP7ZM8aT8uuVn28sYVvd_x7\/view?usp=drive_link\" rel=\"attachment wp-att-9906\">Criterios 1\u00baBTO Biolog\u00eda, Geolog\u00eda y Ciencias Ambientales<\/a><\/p>\n<p style=\"text-align: center\"><a href=\"https:\/\/drive.google.com\/file\/d\/18ocEsbo1iTavAHS8eACZH6TOx47Vq6nb\/view?usp=drive_link\">Criterios Anatom\u00eda Aplicada 1\u00ba BTO<\/a><\/p>\n<p style=\"text-align: center\"><a href=\"https:\/\/drive.google.com\/file\/d\/1AxuHYqWksaW8GT9NFLmmg9DGSFmh8znC\/view?usp=drive_link\" rel=\"attachment wp-att-9908\">Criterios 2\u00baBTO Biolog\u00eda<\/a><\/p>\n<p>Departamento \u00abvintage\u00bb<span style=\"font-family: sans-serif\"><span style=\"font-size: medium\">La asignatura de Biolog\u00eda y Geolog\u00eda debe contribuir durante la Educaci\u00f3n Secundaria Obligatoria (ESO) a que el alumnado adquiera unos conocimientos y destrezas b\u00e1sicas que le permitan adquirir una cultura cient\u00edfica; los alumnos y alumnas debe identificarse como agentes activos, y reconocer que de sus actuaciones y conocimientos depender\u00e1 el desarrollo de su entorno. <\/span><\/span><\/p>\n<p><span style=\"font-family: sans-serif\"><span style=\"font-size: medium\">Durante esta etapa se persigue asentar los conocimientos ya adquiridos, para ir construyendo curso a curso conocimientos y destrezas que permitan a alumnos y alumnas ser ciudadanos respetuosos consigo mismos, con los dem\u00e1s y con el medio, con el material que utilizan o que est\u00e1 a su disposici\u00f3n, responsables, capaces de tener criterios propios y de no perder el inter\u00e9s que tienen desde el comienzo de su temprana actividad escolar por no dejar de aprender. <\/span><\/span><\/p>\n<p><span style=\"font-family: sans-serif\"><span style=\"font-size: medium\">En el Bachillerato, la materia de Biolog\u00eda y Geolog\u00eda profundiza en los conocimientos adquiridos en la ESO, analizando con mayor detalle la organizaci\u00f3n de los seres vivos, su biodiversidad, su distribuci\u00f3n y los factores que en ella influyen, as\u00ed como el comportamiento de la Tierra como un planeta en continua actividad.<\/span><\/span><\/p>\n<p>&nbsp;<\/p>\n<p style=\"text-align: center\">&nbsp;<\/p>\n<p style=\"text-align: center\">&nbsp;<\/p>\n<p>&nbsp;<\/p>\n","protected":false},"excerpt":{"rendered":"<p>En el presente curso 2025\/2026, el departamento de Biolog\u00eda y Geolog\u00eda estar\u00e1 compuesto por: Juan Manuel S\u00e1nchez Ram\u00edrez (Jefe de Departamento) Paula Rosa Delgado&nbsp; Criterios 1\u00baESO Biolog\u00eda y Geolog\u00eda&nbsp; Criterios&#46;&#46;&#46;<\/p>\n","protected":false},"author":1,"featured_media":0,"parent":0,"menu_order":0,"comment_status":"closed","ping_status":"open","template":"","meta":{"ngg_post_thumbnail":0,"footnotes":"","_mc_calendar":[]},"aioseo_notices":[],"_links":{"self":[{"href":"https:\/\/blogsaverroes.juntadeandalucia.es\/iescaballerobonald\/wp-json\/wp\/v2\/pages\/170"}],"collection":[{"href":"https:\/\/blogsaverroes.juntadeandalucia.es\/iescaballerobonald\/wp-json\/wp\/v2\/pages"}],"about":[{"href":"https:\/\/blogsaverroes.juntadeandalucia.es\/iescaballerobonald\/wp-json\/wp\/v2\/types\/page"}],"author":[{"embeddable":true,"href":"https:\/\/blogsaverroes.juntadeandalucia.es\/iescaballerobonald\/wp-json\/wp\/v2\/users\/1"}],"replies":[{"embeddable":true,"href":"https:\/\/blogsaverroes.juntadeandalucia.es\/iescaballerobonald\/wp-json\/wp\/v2\/comments?post=170"}],"version-history":[{"count":41,"href":"https:\/\/blogsaverroes.juntadeandalucia.es\/iescaballerobonald\/wp-json\/wp\/v2\/pages\/170\/revisions"}],"predecessor-version":[{"id":12580,"href":"https:\/\/blogsaverroes.juntadeandalucia.es\/iescaballerobonald\/wp-json\/wp\/v2\/pages\/170\/revisions\/12580"}],"wp:attachment":[{"href":"https:\/\/blogsaverroes.juntadeandalucia.es\/iescaballerobonald\/wp-json\/wp\/v2\/media?parent=170"}],"curies":[{"name":"wp","href":"https:\/\/api.w.org\/{rel}","templated":true}]}}

Biología y Geología

<p>En el presente curso 2025/2026, el departamento de Biología y Geología estará compuesto por:</p>
<ul>
<li style="list-style-type: none">
<ul>
<li>Juan Manuel Sánchez Ramírez (Jefe de Departamento)</li>
<li>Paula Rosa Delgado&nbsp;</li>
<li><a href="https://blogsaverroes.juntadeandalucia.es/iescaballerobonald/files/2025/10/ChatGPT-Image-13-oct-2025-08_14_37.png"><img loading="lazy" decoding="async" class="aligncenter wp-image-12492 size-medium" src="https://blogsaverroes.juntadeandalucia.es/iescaballerobonald/files/2025/10/ChatGPT-Image-13-oct-2025-08_14_37-300x300.png" alt="" width="300" height="300" srcset="https://blogsaverroes.juntadeandalucia.es/iescaballerobonald/files/2025/10/ChatGPT-Image-13-oct-2025-08_14_37-300x300.png 300w, https://blogsaverroes.juntadeandalucia.es/iescaballerobonald/files/2025/10/ChatGPT-Image-13-oct-2025-08_14_37-150x150.png 150w, https://blogsaverroes.juntadeandalucia.es/iescaballerobonald/files/2025/10/ChatGPT-Image-13-oct-2025-08_14_37-768x768.png 768w, https://blogsaverroes.juntadeandalucia.es/iescaballerobonald/files/2025/10/ChatGPT-Image-13-oct-2025-08_14_37-80x80.png 80w, https://blogsaverroes.juntadeandalucia.es/iescaballerobonald/files/2025/10/ChatGPT-Image-13-oct-2025-08_14_37-320x320.png 320w, https://blogsaverroes.juntadeandalucia.es/iescaballerobonald/files/2025/10/ChatGPT-Image-13-oct-2025-08_14_37.png 1024w" sizes="(max-width: 300px) 100vw, 300px" /></a></li>
</ul>
</li>
</ul>
<p style="text-align: center"><a href="https://drive.google.com/file/d/1TWmj02ak-yTIX_AUbx1I5f2VcNsndKjb/view?usp=drive_link" target="_blank" rel="noopener noreferrer">Criterios 1ºESO Biología y Geología&nbsp;</a></p>
<p style="text-align: center"><a href="https://drive.google.com/file/d/1O3OPjpWECFUDUcuIf1bmD-Bg3afiZmne/view?usp=drive_link" rel="attachment wp-att-9905">Criterios 3ºESO Biología y Geología</a></p>
<p style="text-align: center"><a href="https://drive.google.com/file/d/1PWTjGEe-O3vm40KfqMm33QiNywMJ-cAM/view?usp=drive_link" target="_blank" rel="noopener noreferrer">Criterios 4ºESO Biología y Geología&nbsp;</a></p>
<p style="text-align: center"><a href="https://drive.google.com/file/d/1lbHWncBtkOP7ZM8aT8uuVn28sYVvd_x7/view?usp=drive_link" rel="attachment wp-att-9906">Criterios 1ºBTO Biología, Geología y Ciencias Ambientales</a></p>
<p style="text-align: center"><a href="https://drive.google.com/file/d/18ocEsbo1iTavAHS8eACZH6TOx47Vq6nb/view?usp=drive_link">Criterios Anatomía Aplicada 1º BTO</a></p>
<p style="text-align: center"><a href="https://drive.google.com/file/d/1AxuHYqWksaW8GT9NFLmmg9DGSFmh8znC/view?usp=drive_link" rel="attachment wp-att-9908">Criterios 2ºBTO Biología</a></p>
<p>Departamento «vintage»<span style="font-family: sans-serif"><span style="font-size: medium">La asignatura de Biología y Geología debe contribuir durante la Educación Secundaria Obligatoria (ESO) a que el alumnado adquiera unos conocimientos y destrezas básicas que le permitan adquirir una cultura científica; los alumnos y alumnas debe identificarse como agentes activos, y reconocer que de sus actuaciones y conocimientos dependerá el desarrollo de su entorno. </span></span></p>
<p><span style="font-family: sans-serif"><span style="font-size: medium">Durante esta etapa se persigue asentar los conocimientos ya adquiridos, para ir construyendo curso a curso conocimientos y destrezas que permitan a alumnos y alumnas ser ciudadanos respetuosos consigo mismos, con los demás y con el medio, con el material que utilizan o que está a su disposición, responsables, capaces de tener criterios propios y de no perder el interés que tienen desde el comienzo de su temprana actividad escolar por no dejar de aprender. </span></span></p>
<p><span style="font-family: sans-serif"><span style="font-size: medium">En el Bachillerato, la materia de Biología y Geología profundiza en los conocimientos adquiridos en la ESO, analizando con mayor detalle la organización de los seres vivos, su biodiversidad, su distribución y los factores que en ella influyen, así como el comportamiento de la Tierra como un planeta en continua actividad.</span></span></p>
<p>&nbsp;</p>
<p style="text-align: center">&nbsp;</p>
<p style="text-align: center">&nbsp;</p>
<p>&nbsp;</p>

<p>En el presente curso 2025/2026, el departamento de Biología y Geología estará compuesto por: Juan Manuel Sánchez Ramírez (Jefe de Departamento) Paula Rosa Delgado&nbsp; Criterios 1ºESO Biología y Geología&nbsp; Criterios&#46;&#46;&#46;</p>
