{"id":172,"date":"2015-03-17T07:55:49","date_gmt":"2015-03-17T06:55:49","guid":{"rendered":"http:\/\/blogsaverroes.juntadeandalucia.es\/pre\/ceip\/?page_id=172"},"modified":"2025-10-23T08:55:53","modified_gmt":"2025-10-23T07:55:53","slug":"fisica-y-quimica","status":"publish","type":"page","link":"https:\/\/blogsaverroes.juntadeandalucia.es\/iescaballerobonald\/fisica-y-quimica\/","title":{"rendered":"F\u00edsica y Qu\u00edmica"},"content":{"rendered":"<p>Durante el presente curso 2025\/2026, el departamento de F\u00edsica y Qu\u00edmica estar\u00e1 compuesto por:<\/p>\n<ul>\n<li>Ana Isabel Massa Gallego (Jefa del departamento)<\/li>\n<li>Carmen Jim\u00e9nez Garc\u00eda<\/li>\n<li>Marcos Antonio Ramos Otero<\/li>\n<\/ul>\n<p><img loading=\"lazy\" decoding=\"async\" class=\"aligncenter size-medium wp-image-2082\" src=\"http:\/\/blogsaverroes.juntadeandalucia.es\/iescaballerobonald\/files\/2015\/03\/fisica_quimica-300x212.jpg\" alt=\"fisica_quimica\" width=\"300\" height=\"212\" srcset=\"https:\/\/blogsaverroes.juntadeandalucia.es\/iescaballerobonald\/files\/2015\/03\/fisica_quimica-300x212.jpg 300w, https:\/\/blogsaverroes.juntadeandalucia.es\/iescaballerobonald\/files\/2015\/03\/fisica_quimica.jpg 640w\" sizes=\"(max-width: 300px) 100vw, 300px\" \/><\/p>\n<p><span style=\"font-family: sans-serif\"><span style=\"font-size: medium\"><strong>F\u00edsica y Qu\u00edmica<\/strong> <\/span><\/span><\/p>\n<p style=\"text-align: justify\"><span style=\"font-family: sans-serif\"><span style=\"font-size: medium\">La ense\u00f1anza de la F\u00edsica y la Qu\u00edmica juega un papel central en el desarrollo intelectual de los alumnos y las alumnas, y comparte con el resto de las disciplinas la responsabilidad de promover en ellos la adquisici\u00f3n de las competencias necesarias para que puedan integrarse en la sociedad de forma activa. Como disciplina cient\u00edfica, tiene el compromiso a\u00f1adido de dotar al alumno de herramientas espec\u00edficas que le permitan afrontar el futuro con garant\u00edas, participando en el desarrollo econ\u00f3mico y social al que est\u00e1 ligada la capacidad cient\u00edfica, tecnol\u00f3gica e innovadora de la propia sociedad. Para que estas expectativas se concreten, la ense\u00f1anza de esta materia debe incentivar un aprendizaje contextualizado que relacione los principios en vigor con la evoluci\u00f3n hist\u00f3rica del conocimiento cient\u00edfico; que establezca la relaci\u00f3n entre ciencia, tecnolog\u00eda y sociedad; que potencie la argumentaci\u00f3n verbal, la capacidad de establecer relaciones cuantitativas y espaciales, as\u00ed como la de resolver problemas con precisi\u00f3n y rigor.<\/span><\/span><\/p>\n<p style=\"text-align: center\"><a href=\"https:\/\/blogsaverroes.juntadeandalucia.es\/iescaballerobonald\/files\/2025\/10\/ChatGPT-Image-13-oct-2025-08_14_37.png\"><img loading=\"lazy\" decoding=\"async\" class=\"aligncenter wp-image-12492 size-medium\" src=\"https:\/\/blogsaverroes.juntadeandalucia.es\/iescaballerobonald\/files\/2025\/10\/ChatGPT-Image-13-oct-2025-08_14_37-300x300.png\" alt=\"\" width=\"300\" height=\"300\" srcset=\"https:\/\/blogsaverroes.juntadeandalucia.es\/iescaballerobonald\/files\/2025\/10\/ChatGPT-Image-13-oct-2025-08_14_37-300x300.png 300w, https:\/\/blogsaverroes.juntadeandalucia.es\/iescaballerobonald\/files\/2025\/10\/ChatGPT-Image-13-oct-2025-08_14_37-150x150.png 150w, https:\/\/blogsaverroes.juntadeandalucia.es\/iescaballerobonald\/files\/2025\/10\/ChatGPT-Image-13-oct-2025-08_14_37-768x768.png 768w, https:\/\/blogsaverroes.juntadeandalucia.es\/iescaballerobonald\/files\/2025\/10\/ChatGPT-Image-13-oct-2025-08_14_37-80x80.png 80w, https:\/\/blogsaverroes.juntadeandalucia.es\/iescaballerobonald\/files\/2025\/10\/ChatGPT-Image-13-oct-2025-08_14_37-320x320.png 320w, https:\/\/blogsaverroes.juntadeandalucia.es\/iescaballerobonald\/files\/2025\/10\/ChatGPT-Image-13-oct-2025-08_14_37.png 1024w\" sizes=\"(max-width: 300px) 100vw, 300px\" \/><\/a><a href=\"https:\/\/drive.google.com\/file\/d\/1Ojsw8l0XR664hPb-gzooyn9Oip-UMCzt\/view?usp=drive_link\">Criterios de Evaluaci\u00f3n 2\u00ba ESO<\/a><\/p>\n<p style=\"text-align: center\"><a href=\"https:\/\/drive.google.com\/file\/d\/1t3Qn6hax6ouQzsKEpqCLIdLO2uwOYgY7\/view?usp=drive_link\">Criterios de Evaluaci\u00f3n 3\u00baESO<\/a><\/p>\n<p style=\"text-align: center\"><a href=\"https:\/\/drive.google.com\/file\/d\/1PiAOM-HWLmozI3knYvUupFPsZ_vWE7x9\/view?usp=drive_link\">Criterios de Evaluaci\u00f3n 4\u00baESO<\/a><\/p>\n<p style=\"text-align: center\"><a href=\"https:\/\/drive.google.com\/file\/d\/1-56lktKLs_Jg6CKLJYQs_L4QJPGkoHWY\/view?usp=drive_link\">Criterios de evaluaci\u00f3n 1\u00ba BACH<\/a><\/p>\n<p style=\"text-align: center\"><a href=\"https:\/\/drive.google.com\/file\/d\/1UqLPdLLnkoFRPYFU5T5Nf6NZHf2yiUyg\/view?usp=drive_link\">Criterios de evaluaci\u00f3n 2\u00ba BACH QU\u00cdMICA<\/a><\/p>\n<p style=\"text-align: center\"><a href=\"https:\/\/drive.google.com\/file\/d\/1BZBKRdzU8rHWLa-eM6l2nNFn5r0BFN-u\/view?usp=drive_link\">Criterios de Evaluaci\u00f3n 2\u00baBACH F\u00cdSICA<\/a><\/p>\n<p>&nbsp;<\/p>\n","protected":false},"excerpt":{"rendered":"<p>Durante el presente curso 2025\/2026, el departamento de F\u00edsica y Qu\u00edmica estar\u00e1 compuesto por: Ana Isabel Massa Gallego (Jefa del departamento) Carmen Jim\u00e9nez Garc\u00eda Marcos Antonio Ramos Otero F\u00edsica y&#46;&#46;&#46;<\/p>\n","protected":false},"author":1,"featured_media":0,"parent":0,"menu_order":0,"comment_status":"closed","ping_status":"closed","template":"","meta":{"ngg_post_thumbnail":0,"footnotes":"","_mc_calendar":[]},"aioseo_notices":[],"_links":{"self":[{"href":"https:\/\/blogsaverroes.juntadeandalucia.es\/iescaballerobonald\/wp-json\/wp\/v2\/pages\/172"}],"collection":[{"href":"https:\/\/blogsaverroes.juntadeandalucia.es\/iescaballerobonald\/wp-json\/wp\/v2\/pages"}],"about":[{"href":"https:\/\/blogsaverroes.juntadeandalucia.es\/iescaballerobonald\/wp-json\/wp\/v2\/types\/page"}],"author":[{"embeddable":true,"href":"https:\/\/blogsaverroes.juntadeandalucia.es\/iescaballerobonald\/wp-json\/wp\/v2\/users\/1"}],"replies":[{"embeddable":true,"href":"https:\/\/blogsaverroes.juntadeandalucia.es\/iescaballerobonald\/wp-json\/wp\/v2\/comments?post=172"}],"version-history":[{"count":26,"href":"https:\/\/blogsaverroes.juntadeandalucia.es\/iescaballerobonald\/wp-json\/wp\/v2\/pages\/172\/revisions"}],"predecessor-version":[{"id":12581,"href":"https:\/\/blogsaverroes.juntadeandalucia.es\/iescaballerobonald\/wp-json\/wp\/v2\/pages\/172\/revisions\/12581"}],"wp:attachment":[{"href":"https:\/\/blogsaverroes.juntadeandalucia.es\/iescaballerobonald\/wp-json\/wp\/v2\/media?parent=172"}],"curies":[{"name":"wp","href":"https:\/\/api.w.org\/{rel}","templated":true}]}}

Física y Química

<p>Durante el presente curso 2025/2026, el departamento de Física y Química estará compuesto por:</p>
<ul>
<li>Ana Isabel Massa Gallego (Jefa del departamento)</li>
<li>Carmen Jiménez García</li>
<li>Marcos Antonio Ramos Otero</li>
</ul>
<p><img loading="lazy" decoding="async" class="aligncenter size-medium wp-image-2082" src="http://blogsaverroes.juntadeandalucia.es/iescaballerobonald/files/2015/03/fisica_quimica-300x212.jpg" alt="fisica_quimica" width="300" height="212" srcset="https://blogsaverroes.juntadeandalucia.es/iescaballerobonald/files/2015/03/fisica_quimica-300x212.jpg 300w, https://blogsaverroes.juntadeandalucia.es/iescaballerobonald/files/2015/03/fisica_quimica.jpg 640w" sizes="(max-width: 300px) 100vw, 300px" /></p>
<p><span style="font-family: sans-serif"><span style="font-size: medium"><strong>Física y Química</strong> </span></span></p>
<p style="text-align: justify"><span style="font-family: sans-serif"><span style="font-size: medium">La enseñanza de la Física y la Química juega un papel central en el desarrollo intelectual de los alumnos y las alumnas, y comparte con el resto de las disciplinas la responsabilidad de promover en ellos la adquisición de las competencias necesarias para que puedan integrarse en la sociedad de forma activa. Como disciplina científica, tiene el compromiso añadido de dotar al alumno de herramientas específicas que le permitan afrontar el futuro con garantías, participando en el desarrollo económico y social al que está ligada la capacidad científica, tecnológica e innovadora de la propia sociedad. Para que estas expectativas se concreten, la enseñanza de esta materia debe incentivar un aprendizaje contextualizado que relacione los principios en vigor con la evolución histórica del conocimiento científico; que establezca la relación entre ciencia, tecnología y sociedad; que potencie la argumentación verbal, la capacidad de establecer relaciones cuantitativas y espaciales, así como la de resolver problemas con precisión y rigor.</span></span></p>
<p style="text-align: center"><a href="https://blogsaverroes.juntadeandalucia.es/iescaballerobonald/files/2025/10/ChatGPT-Image-13-oct-2025-08_14_37.png"><img loading="lazy" decoding="async" class="aligncenter wp-image-12492 size-medium" src="https://blogsaverroes.juntadeandalucia.es/iescaballerobonald/files/2025/10/ChatGPT-Image-13-oct-2025-08_14_37-300x300.png" alt="" width="300" height="300" srcset="https://blogsaverroes.juntadeandalucia.es/iescaballerobonald/files/2025/10/ChatGPT-Image-13-oct-2025-08_14_37-300x300.png 300w, https://blogsaverroes.juntadeandalucia.es/iescaballerobonald/files/2025/10/ChatGPT-Image-13-oct-2025-08_14_37-150x150.png 150w, https://blogsaverroes.juntadeandalucia.es/iescaballerobonald/files/2025/10/ChatGPT-Image-13-oct-2025-08_14_37-768x768.png 768w, https://blogsaverroes.juntadeandalucia.es/iescaballerobonald/files/2025/10/ChatGPT-Image-13-oct-2025-08_14_37-80x80.png 80w, https://blogsaverroes.juntadeandalucia.es/iescaballerobonald/files/2025/10/ChatGPT-Image-13-oct-2025-08_14_37-320x320.png 320w, https://blogsaverroes.juntadeandalucia.es/iescaballerobonald/files/2025/10/ChatGPT-Image-13-oct-2025-08_14_37.png 1024w" sizes="(max-width: 300px) 100vw, 300px" /></a><a href="https://drive.google.com/file/d/1Ojsw8l0XR664hPb-gzooyn9Oip-UMCzt/view?usp=drive_link">Criterios de Evaluación 2º ESO</a></p>
<p style="text-align: center"><a href="https://drive.google.com/file/d/1t3Qn6hax6ouQzsKEpqCLIdLO2uwOYgY7/view?usp=drive_link">Criterios de Evaluación 3ºESO</a></p>
<p style="text-align: center"><a href="https://drive.google.com/file/d/1PiAOM-HWLmozI3knYvUupFPsZ_vWE7x9/view?usp=drive_link">Criterios de Evaluación 4ºESO</a></p>
<p style="text-align: center"><a href="https://drive.google.com/file/d/1-56lktKLs_Jg6CKLJYQs_L4QJPGkoHWY/view?usp=drive_link">Criterios de evaluación 1º BACH</a></p>
<p style="text-align: center"><a href="https://drive.google.com/file/d/1UqLPdLLnkoFRPYFU5T5Nf6NZHf2yiUyg/view?usp=drive_link">Criterios de evaluación 2º BACH QUÍMICA</a></p>
<p style="text-align: center"><a href="https://drive.google.com/file/d/1BZBKRdzU8rHWLa-eM6l2nNFn5r0BFN-u/view?usp=drive_link">Criterios de Evaluación 2ºBACH FÍSICA</a></p>
<p>&nbsp;</p>

<p>Durante el presente curso 2025/2026, el departamento de Física y Química estará compuesto por: Ana Isabel Massa Gallego (Jefa del departamento) Carmen Jiménez García Marcos Antonio Ramos Otero Física y&#46;&#46;&#46;</p>
