{"id":176,"date":"2015-03-17T07:56:30","date_gmt":"2015-03-17T06:56:30","guid":{"rendered":"http:\/\/blogsaverroes.juntadeandalucia.es\/pre\/ceip\/?page_id=176"},"modified":"2025-11-03T20:50:32","modified_gmt":"2025-11-03T19:50:32","slug":"educacion-fisica","status":"publish","type":"page","link":"https:\/\/blogsaverroes.juntadeandalucia.es\/iescaballerobonald\/educacion-fisica\/","title":{"rendered":"Educaci\u00f3n F\u00edsica"},"content":{"rendered":"<p>Durante el curso 2025\/2026, el departamento de Educaci\u00f3n F\u00edsica estar\u00e1 compuesto por:&nbsp;<\/p>\n<ul>\n<li>Pedro Mart\u00ednez Rodr\u00edguez (Jefe de Departamento)<\/li>\n<li>David Benito S\u00e1nchez&nbsp;<\/li>\n<li>Laura \u00c1lvarez Cabrera<a href=\"https:\/\/blogsaverroes.juntadeandalucia.es\/iescaballerobonald\/files\/2025\/10\/ChatGPT-Image-13-oct-2025-08_14_37.png\"><img loading=\"lazy\" decoding=\"async\" class=\"aligncenter wp-image-12492 size-medium\" src=\"https:\/\/blogsaverroes.juntadeandalucia.es\/iescaballerobonald\/files\/2025\/10\/ChatGPT-Image-13-oct-2025-08_14_37-300x300.png\" alt=\"\" width=\"300\" height=\"300\" srcset=\"https:\/\/blogsaverroes.juntadeandalucia.es\/iescaballerobonald\/files\/2025\/10\/ChatGPT-Image-13-oct-2025-08_14_37-300x300.png 300w, https:\/\/blogsaverroes.juntadeandalucia.es\/iescaballerobonald\/files\/2025\/10\/ChatGPT-Image-13-oct-2025-08_14_37-150x150.png 150w, https:\/\/blogsaverroes.juntadeandalucia.es\/iescaballerobonald\/files\/2025\/10\/ChatGPT-Image-13-oct-2025-08_14_37-768x768.png 768w, https:\/\/blogsaverroes.juntadeandalucia.es\/iescaballerobonald\/files\/2025\/10\/ChatGPT-Image-13-oct-2025-08_14_37-80x80.png 80w, https:\/\/blogsaverroes.juntadeandalucia.es\/iescaballerobonald\/files\/2025\/10\/ChatGPT-Image-13-oct-2025-08_14_37-320x320.png 320w, https:\/\/blogsaverroes.juntadeandalucia.es\/iescaballerobonald\/files\/2025\/10\/ChatGPT-Image-13-oct-2025-08_14_37.png 1024w\" sizes=\"(max-width: 300px) 100vw, 300px\" \/><\/a><\/li>\n<\/ul>\n<p style=\"text-align: center\"><a href=\"https:\/\/docs.google.com\/document\/d\/12vbrZidFfGvkUfk3itoVwplinao8m8_m\/edit?usp=drive_link&amp;ouid=102350141973160184469&amp;rtpof=true&amp;sd=true\">Criterios de evaluaci\u00f3n 1\u00ba ESO Educaci\u00f3n F\u00edsica<\/a><\/p>\n<p style=\"text-align: center\"><a href=\"https:\/\/drive.google.com\/file\/d\/1t7SM6j0sj2y1He3HkQyB7C_oLp92L2j1\/view?usp=drive_link\">Educaci\u00f3n F\u00edsica 2\u00ba ESO<\/a><\/p>\n<p style=\"text-align: center\"><a href=\"https:\/\/drive.google.com\/file\/d\/1t7SM6j0sj2y1He3HkQyB7C_oLp92L2j1\/view?usp=drive_link\">Criterios de evaluaci\u00f3n 3\u00baESO Educaci\u00f3n F\u00edsica<\/a><\/p>\n<p style=\"text-align: center\"><a href=\"https:\/\/drive.google.com\/file\/d\/1oNvjXKy2iJpv7CxhIvmroibBrMGW_9oM\/view?usp=drive_link\">Educaci\u00f3n F\u00edsica 4\u00baESO<\/a><\/p>\n<p style=\"text-align: center\"><a href=\"https:\/\/drive.google.com\/file\/d\/1Yq-Ozz4cnbk8GzinnDPwT8zGyyvlzJxe\/view?usp=drive_link\">Criterios de evaluaci\u00f3n 1\u00babachillerato Educaci\u00f3n F\u00edsica<\/a><\/p>\n<p style=\"text-align: center\"><a href=\"https:\/\/docs.google.com\/document\/d\/1Xm_VxBVAMHnejRjfGbEMVa_1ROdUlF4_23wvunV-Yzs\/edit?usp=drive_link\">EDUCACI\u00d3N F\u00cdSICA-2\u00baBACHILLERATO<\/a><\/p>\n<p>&nbsp;<\/p>\n<p><a href=\"https:\/\/blogsaverroes.juntadeandalucia.es\/iescaballerobonald\/files\/2022\/10\/IMG20221014091818-scaled.jpg\"><img loading=\"lazy\" decoding=\"async\" class=\"alignnone wp-image-7206 size-large\" src=\"https:\/\/blogsaverroes.juntadeandalucia.es\/iescaballerobonald\/files\/2022\/10\/IMG20221014091818-1024x768.jpg\" alt=\"\" width=\"1024\" height=\"768\" srcset=\"https:\/\/blogsaverroes.juntadeandalucia.es\/iescaballerobonald\/files\/2022\/10\/IMG20221014091818-1024x768.jpg 1024w, https:\/\/blogsaverroes.juntadeandalucia.es\/iescaballerobonald\/files\/2022\/10\/IMG20221014091818-300x225.jpg 300w, https:\/\/blogsaverroes.juntadeandalucia.es\/iescaballerobonald\/files\/2022\/10\/IMG20221014091818-768x576.jpg 768w, https:\/\/blogsaverroes.juntadeandalucia.es\/iescaballerobonald\/files\/2022\/10\/IMG20221014091818-1536x1152.jpg 1536w, https:\/\/blogsaverroes.juntadeandalucia.es\/iescaballerobonald\/files\/2022\/10\/IMG20221014091818-2048x1536.jpg 2048w, https:\/\/blogsaverroes.juntadeandalucia.es\/iescaballerobonald\/files\/2022\/10\/IMG20221014091818-scaled.jpg 1600w\" sizes=\"(max-width: 1024px) 100vw, 1024px\" \/><\/a><\/p>\n<div style=\"width: 480px;\" class=\"wp-video\"><!--[if lt IE 9]><script>document.createElement('video');<\/script><![endif]-->\n<video class=\"wp-video-shortcode\" id=\"video-176-1\" width=\"480\" height=\"864\" loop=\"1\" autoplay=\"1\" preload=\"metadata\" controls=\"controls\"><source type=\"video\/mp4\" src=\"https:\/\/blogsaverroes.juntadeandalucia.es\/iescaballerobonald\/files\/2024\/02\/VID-20240206-WA0001.mp4?_=1\" \/><a href=\"https:\/\/blogsaverroes.juntadeandalucia.es\/iescaballerobonald\/files\/2024\/02\/VID-20240206-WA0001.mp4\">https:\/\/blogsaverroes.juntadeandalucia.es\/iescaballerobonald\/files\/2024\/02\/VID-20240206-WA0001.mp4<\/a><\/video><\/div>\n<div style=\"width: 576px;\" class=\"wp-video\"><video class=\"wp-video-shortcode\" id=\"video-176-2\" width=\"576\" height=\"1024\" preload=\"metadata\" controls=\"controls\"><source type=\"video\/mp4\" src=\"https:\/\/blogsaverroes.juntadeandalucia.es\/iescaballerobonald\/files\/2024\/02\/VID-20240206-WA0000.mp4?_=2\" \/><a href=\"https:\/\/blogsaverroes.juntadeandalucia.es\/iescaballerobonald\/files\/2024\/02\/VID-20240206-WA0000.mp4\">https:\/\/blogsaverroes.juntadeandalucia.es\/iescaballerobonald\/files\/2024\/02\/VID-20240206-WA0000.mp4<\/a><\/video><\/div>\n<p style=\"text-align: justify\"><strong>Educaci\u00f3n F\u00edsica<\/strong><br \/>\nLa educaci\u00f3n basada en competencias permite definir los resultados del aprendizaje esperados desde un planteamiento integrador, dirigido a la aplicaci\u00f3n de los saberes adquiridos para que los alumnos y las alumnas consigan un desarrollo personal satisfactorio, el ejercicio de la ciudadan\u00eda activa y la participaci\u00f3n en el aprendizaje permanente a lo largo de la vida.<br \/>\nLa materia Educaci\u00f3n F\u00edsica tiene como finalidad principal desarrollar en las personas su competencia motriz, entendida como la integraci\u00f3n de los conocimientos, los procedimientos, las actitudes y los sentimientos vinculados sobre todo a la conducta motora; para su consecuci\u00f3n no es suficiente con la mera pr\u00e1ctica, sino que es necesario el an\u00e1lisis cr\u00edtico que afiance actitudes, valores referenciados al cuerpo, al movimiento y a la relaci\u00f3n con el entorno: de este modo, el alumnado lograr\u00e1 controlar y dar sentido a las propias acciones motrices, comprender los aspectos perceptivos, emotivos y cognitivos relacionados con dichas acciones y gestionar los sentimientos vinculados a las mismas, adem\u00e1s de integrar conocimientos y habilidades transversales como el trabajo en equipo, el juego limpio, el respeto a las normas, y la seguridad entre otras. Asimismo, la Educaci\u00f3n F\u00edsica est\u00e1 vinculada a la adquisici\u00f3n de competencias relacionadas con la salud, a trav\u00e9s de acciones que ayuden a la adquisici\u00f3n y consolidaci\u00f3n de h\u00e1bitos responsables de actividad f\u00edsica regular y la adopci\u00f3n de actitudes cr\u00edticas ante pr\u00e1cticas individuales, grupales y sociales no saludables, fundamentalmente en lo relacionado con las enfermedades de origen cardiovascular.<\/p>\n<p>&nbsp;<\/p>\n<p>&nbsp;<\/p>\n","protected":false},"excerpt":{"rendered":"<p>Durante el curso 2025\/2026, el departamento de Educaci\u00f3n F\u00edsica estar\u00e1 compuesto por:&nbsp; Pedro Mart\u00ednez Rodr\u00edguez (Jefe de Departamento) David Benito S\u00e1nchez&nbsp; Laura \u00c1lvarez Cabrera Criterios de evaluaci\u00f3n 1\u00ba ESO Educaci\u00f3n&#46;&#46;&#46;<\/p>\n","protected":false},"author":1,"featured_media":0,"parent":0,"menu_order":0,"comment_status":"closed","ping_status":"closed","template":"","meta":{"ngg_post_thumbnail":0,"footnotes":"","_mc_calendar":[]},"aioseo_notices":[],"_links":{"self":[{"href":"https:\/\/blogsaverroes.juntadeandalucia.es\/iescaballerobonald\/wp-json\/wp\/v2\/pages\/176"}],"collection":[{"href":"https:\/\/blogsaverroes.juntadeandalucia.es\/iescaballerobonald\/wp-json\/wp\/v2\/pages"}],"about":[{"href":"https:\/\/blogsaverroes.juntadeandalucia.es\/iescaballerobonald\/wp-json\/wp\/v2\/types\/page"}],"author":[{"embeddable":true,"href":"https:\/\/blogsaverroes.juntadeandalucia.es\/iescaballerobonald\/wp-json\/wp\/v2\/users\/1"}],"replies":[{"embeddable":true,"href":"https:\/\/blogsaverroes.juntadeandalucia.es\/iescaballerobonald\/wp-json\/wp\/v2\/comments?post=176"}],"version-history":[{"count":32,"href":"https:\/\/blogsaverroes.juntadeandalucia.es\/iescaballerobonald\/wp-json\/wp\/v2\/pages\/176\/revisions"}],"predecessor-version":[{"id":12841,"href":"https:\/\/blogsaverroes.juntadeandalucia.es\/iescaballerobonald\/wp-json\/wp\/v2\/pages\/176\/revisions\/12841"}],"wp:attachment":[{"href":"https:\/\/blogsaverroes.juntadeandalucia.es\/iescaballerobonald\/wp-json\/wp\/v2\/media?parent=176"}],"curies":[{"name":"wp","href":"https:\/\/api.w.org\/{rel}","templated":true}]}}

Educación Física

<p>Durante el curso 2025/2026, el departamento de Educación Física estará compuesto por:&nbsp;</p>
<ul>
<li>Pedro Martínez Rodríguez (Jefe de Departamento)</li>
<li>David Benito Sánchez&nbsp;</li>
<li>Laura Álvarez Cabrera<a href="https://blogsaverroes.juntadeandalucia.es/iescaballerobonald/files/2025/10/ChatGPT-Image-13-oct-2025-08_14_37.png"><img loading="lazy" decoding="async" class="aligncenter wp-image-12492 size-medium" src="https://blogsaverroes.juntadeandalucia.es/iescaballerobonald/files/2025/10/ChatGPT-Image-13-oct-2025-08_14_37-300x300.png" alt="" width="300" height="300" srcset="https://blogsaverroes.juntadeandalucia.es/iescaballerobonald/files/2025/10/ChatGPT-Image-13-oct-2025-08_14_37-300x300.png 300w, https://blogsaverroes.juntadeandalucia.es/iescaballerobonald/files/2025/10/ChatGPT-Image-13-oct-2025-08_14_37-150x150.png 150w, https://blogsaverroes.juntadeandalucia.es/iescaballerobonald/files/2025/10/ChatGPT-Image-13-oct-2025-08_14_37-768x768.png 768w, https://blogsaverroes.juntadeandalucia.es/iescaballerobonald/files/2025/10/ChatGPT-Image-13-oct-2025-08_14_37-80x80.png 80w, https://blogsaverroes.juntadeandalucia.es/iescaballerobonald/files/2025/10/ChatGPT-Image-13-oct-2025-08_14_37-320x320.png 320w, https://blogsaverroes.juntadeandalucia.es/iescaballerobonald/files/2025/10/ChatGPT-Image-13-oct-2025-08_14_37.png 1024w" sizes="(max-width: 300px) 100vw, 300px" /></a></li>
</ul>
<p style="text-align: center"><a href="https://docs.google.com/document/d/12vbrZidFfGvkUfk3itoVwplinao8m8_m/edit?usp=drive_link&amp;ouid=102350141973160184469&amp;rtpof=true&amp;sd=true">Criterios de evaluación 1º ESO Educación Física</a></p>
<p style="text-align: center"><a href="https://drive.google.com/file/d/1t7SM6j0sj2y1He3HkQyB7C_oLp92L2j1/view?usp=drive_link">Educación Física 2º ESO</a></p>
<p style="text-align: center"><a href="https://drive.google.com/file/d/1t7SM6j0sj2y1He3HkQyB7C_oLp92L2j1/view?usp=drive_link">Criterios de evaluación 3ºESO Educación Física</a></p>
<p style="text-align: center"><a href="https://drive.google.com/file/d/1oNvjXKy2iJpv7CxhIvmroibBrMGW_9oM/view?usp=drive_link">Educación Física 4ºESO</a></p>
<p style="text-align: center"><a href="https://drive.google.com/file/d/1Yq-Ozz4cnbk8GzinnDPwT8zGyyvlzJxe/view?usp=drive_link">Criterios de evaluación 1ºbachillerato Educación Física</a></p>
<p style="text-align: center"><a href="https://docs.google.com/document/d/1Xm_VxBVAMHnejRjfGbEMVa_1ROdUlF4_23wvunV-Yzs/edit?usp=drive_link">EDUCACIÓN FÍSICA-2ºBACHILLERATO</a></p>
<p>&nbsp;</p>
<p><a href="https://blogsaverroes.juntadeandalucia.es/iescaballerobonald/files/2022/10/IMG20221014091818-scaled.jpg"><img loading="lazy" decoding="async" class="alignnone wp-image-7206 size-large" src="https://blogsaverroes.juntadeandalucia.es/iescaballerobonald/files/2022/10/IMG20221014091818-1024x768.jpg" alt="" width="1024" height="768" srcset="https://blogsaverroes.juntadeandalucia.es/iescaballerobonald/files/2022/10/IMG20221014091818-1024x768.jpg 1024w, https://blogsaverroes.juntadeandalucia.es/iescaballerobonald/files/2022/10/IMG20221014091818-300x225.jpg 300w, https://blogsaverroes.juntadeandalucia.es/iescaballerobonald/files/2022/10/IMG20221014091818-768x576.jpg 768w, https://blogsaverroes.juntadeandalucia.es/iescaballerobonald/files/2022/10/IMG20221014091818-1536x1152.jpg 1536w, https://blogsaverroes.juntadeandalucia.es/iescaballerobonald/files/2022/10/IMG20221014091818-2048x1536.jpg 2048w, https://blogsaverroes.juntadeandalucia.es/iescaballerobonald/files/2022/10/IMG20221014091818-scaled.jpg 1600w" sizes="(max-width: 1024px) 100vw, 1024px" /></a></p>
<div style="width: 480px;" class="wp-video"><!--[if lt IE 9]><script>document.createElement('video');</script><![endif]-->
<video class="wp-video-shortcode" id="video-176-1" width="480" height="864" loop="1" autoplay="1" preload="metadata" controls="controls"><source type="video/mp4" src="https://blogsaverroes.juntadeandalucia.es/iescaballerobonald/files/2024/02/VID-20240206-WA0001.mp4?_=1" /><a href="https://blogsaverroes.juntadeandalucia.es/iescaballerobonald/files/2024/02/VID-20240206-WA0001.mp4">https://blogsaverroes.juntadeandalucia.es/iescaballerobonald/files/2024/02/VID-20240206-WA0001.mp4</a></video></div>
<div style="width: 576px;" class="wp-video"><video class="wp-video-shortcode" id="video-176-2" width="576" height="1024" preload="metadata" controls="controls"><source type="video/mp4" src="https://blogsaverroes.juntadeandalucia.es/iescaballerobonald/files/2024/02/VID-20240206-WA0000.mp4?_=2" /><a href="https://blogsaverroes.juntadeandalucia.es/iescaballerobonald/files/2024/02/VID-20240206-WA0000.mp4">https://blogsaverroes.juntadeandalucia.es/iescaballerobonald/files/2024/02/VID-20240206-WA0000.mp4</a></video></div>
<p style="text-align: justify"><strong>Educación Física</strong><br />
La educación basada en competencias permite definir los resultados del aprendizaje esperados desde un planteamiento integrador, dirigido a la aplicación de los saberes adquiridos para que los alumnos y las alumnas consigan un desarrollo personal satisfactorio, el ejercicio de la ciudadanía activa y la participación en el aprendizaje permanente a lo largo de la vida.<br />
La materia Educación Física tiene como finalidad principal desarrollar en las personas su competencia motriz, entendida como la integración de los conocimientos, los procedimientos, las actitudes y los sentimientos vinculados sobre todo a la conducta motora; para su consecución no es suficiente con la mera práctica, sino que es necesario el análisis crítico que afiance actitudes, valores referenciados al cuerpo, al movimiento y a la relación con el entorno: de este modo, el alumnado logrará controlar y dar sentido a las propias acciones motrices, comprender los aspectos perceptivos, emotivos y cognitivos relacionados con dichas acciones y gestionar los sentimientos vinculados a las mismas, además de integrar conocimientos y habilidades transversales como el trabajo en equipo, el juego limpio, el respeto a las normas, y la seguridad entre otras. Asimismo, la Educación Física está vinculada a la adquisición de competencias relacionadas con la salud, a través de acciones que ayuden a la adquisición y consolidación de hábitos responsables de actividad física regular y la adopción de actitudes críticas ante prácticas individuales, grupales y sociales no saludables, fundamentalmente en lo relacionado con las enfermedades de origen cardiovascular.</p>
<p>&nbsp;</p>
<p>&nbsp;</p>

<p>Durante el curso 2025/2026, el departamento de Educación Física estará compuesto por:&nbsp; Pedro Martínez Rodríguez (Jefe de Departamento) David Benito Sánchez&nbsp; Laura Álvarez Cabrera Criterios de evaluación 1º ESO Educación&#46;&#46;&#46;</p>
