{"id":3182,"date":"2022-01-02T09:35:34","date_gmt":"2022-01-02T08:35:34","guid":{"rendered":"http:\/\/blogsaverroes.juntadeandalucia.es\/iescaballerobonald\/?page_id=3182"},"modified":"2025-10-29T19:42:07","modified_gmt":"2025-10-29T18:42:07","slug":"consejo-escolar","status":"publish","type":"page","link":"https:\/\/blogsaverroes.juntadeandalucia.es\/iescaballerobonald\/consejo-escolar\/","title":{"rendered":"Consejo Escolar"},"content":{"rendered":"<p><a href=\"https:\/\/blogsaverroes.juntadeandalucia.es\/iescaballerobonald\/files\/2025\/10\/IMG20251029193413.jpg\"><img loading=\"lazy\" decoding=\"async\" class=\"aligncenter wp-image-12798 size-large\" src=\"https:\/\/blogsaverroes.juntadeandalucia.es\/iescaballerobonald\/files\/2025\/10\/IMG20251029193413-1024x768.jpg\" alt=\"\" width=\"1024\" height=\"768\" srcset=\"https:\/\/blogsaverroes.juntadeandalucia.es\/iescaballerobonald\/files\/2025\/10\/IMG20251029193413-1024x768.jpg 1024w, https:\/\/blogsaverroes.juntadeandalucia.es\/iescaballerobonald\/files\/2025\/10\/IMG20251029193413-300x225.jpg 300w, https:\/\/blogsaverroes.juntadeandalucia.es\/iescaballerobonald\/files\/2025\/10\/IMG20251029193413-768x576.jpg 768w, https:\/\/blogsaverroes.juntadeandalucia.es\/iescaballerobonald\/files\/2025\/10\/IMG20251029193413-1536x1152.jpg 1536w, https:\/\/blogsaverroes.juntadeandalucia.es\/iescaballerobonald\/files\/2025\/10\/IMG20251029193413-2048x1536.jpg 2048w, https:\/\/blogsaverroes.juntadeandalucia.es\/iescaballerobonald\/files\/2025\/10\/IMG20251029193413.jpg 1600w\" sizes=\"(max-width: 1024px) 100vw, 1024px\" \/><\/a><\/p>\n<p>Concluido el proceso de elecciones al Consejo Escolar, los representantes electos para este \u00f3rgano del IES J.M. Caballero Bonald son:<\/p>\n<h3 style=\"text-align: center\">REPRESENTANTES DE DIRECCI\u00d3N DEL CENTRO<\/h3>\n<ul>\n<li>Alicia Rodr\u00edguez Jim\u00e9nez<\/li>\n<li>Gustavo Igl\u00e9sias \u00c1lvarez<\/li>\n<li>Raquel Pav\u00f3n Gonz\u00e1lez<\/li>\n<\/ul>\n<h3 style=\"text-align: center\">SECTOR PROFESORADO<\/h3>\n<ul>\n<li>David Benito S\u00e1nchez.<\/li>\n<li>Ignacio Miguel Rodr\u00edguez D\u00edaz<\/li>\n<li>Elena Margarita del Valle Lobato<\/li>\n<li>Jos\u00e9 Antonio Rodr\u00edguez Bellido<\/li>\n<li>Susana Romero Conejero<\/li>\n<li>Ruth Ester Blanco Cort\u00e9s.<\/li>\n<li>Manuel Rodr\u00edguez D\u00edaz<\/li>\n<li>Mar\u00eda del Carmen Figueroa Abrio<\/li>\n<\/ul>\n<h3 style=\"text-align: center\">SECTOR PADRES\/MADRES\/TUTOR LEGAL DEL ALUMNADO<\/h3>\n<ul>\n<li>Representante del AMPA: Eva M\u00aa Marcos Gal\u00e1n<\/li>\n<li>Francisco Javier G\u00f3mez Pedrosa<\/li>\n<li>Mois\u00e9s Gallego Herrerapicazo<\/li>\n<li>Elena Dorado Carvajal<\/li>\n<li>Patricia Herrera Moreno<\/li>\n<\/ul>\n<h3 style=\"text-align: center\">SECTOR ALUMNADO<\/h3>\n<ul>\n<li>Hellens Giselle Castro Anariba<\/li>\n<li>Ariadna Doce Marcos<\/li>\n<li>Mario Gir\u00f3n Gonz\u00e1lez<\/li>\n<li>Daniel G\u00f3mez Garc\u00eda<\/li>\n<li>Akemi Vel\u00e1zquez Barea<\/li>\n<\/ul>\n<h3 style=\"text-align: center\">REPRESENTANTE DEL AYUNTAMIENTO<\/h3>\n<ul>\n<li>\uf0b7 Violeta M\u00e1rquez Ruiz<\/li>\n<\/ul>\n<h2><a href=\"https:\/\/blogsaverroes.juntadeandalucia.es\/iescaballerobonald\/files\/2022\/12\/images-4.jpg\"><img loading=\"lazy\" decoding=\"async\" class=\"aligncenter size-full wp-image-8044\" src=\"https:\/\/blogsaverroes.juntadeandalucia.es\/iescaballerobonald\/files\/2022\/12\/images-4.jpg\" alt=\"\" width=\"327\" height=\"154\" srcset=\"https:\/\/blogsaverroes.juntadeandalucia.es\/iescaballerobonald\/files\/2022\/12\/images-4.jpg 327w, https:\/\/blogsaverroes.juntadeandalucia.es\/iescaballerobonald\/files\/2022\/12\/images-4-300x141.jpg 300w\" sizes=\"(max-width: 327px) 100vw, 327px\" \/><\/a><\/h2>\n<div style=\"text-align: justify\">&nbsp;<\/div>\n<div style=\"text-align: justify\">&nbsp;<\/div>\n","protected":false},"excerpt":{"rendered":"<p>Concluido el proceso de elecciones al Consejo Escolar, los representantes electos para este \u00f3rgano del IES J.M. Caballero Bonald son: REPRESENTANTES DE DIRECCI\u00d3N DEL CENTRO Alicia Rodr\u00edguez Jim\u00e9nez Gustavo Igl\u00e9sias&#46;&#46;&#46;<\/p>\n","protected":false},"author":3841,"featured_media":0,"parent":0,"menu_order":0,"comment_status":"closed","ping_status":"closed","template":"","meta":{"ngg_post_thumbnail":0,"footnotes":"","_mc_calendar":[]},"aioseo_notices":[],"_links":{"self":[{"href":"https:\/\/blogsaverroes.juntadeandalucia.es\/iescaballerobonald\/wp-json\/wp\/v2\/pages\/3182"}],"collection":[{"href":"https:\/\/blogsaverroes.juntadeandalucia.es\/iescaballerobonald\/wp-json\/wp\/v2\/pages"}],"about":[{"href":"https:\/\/blogsaverroes.juntadeandalucia.es\/iescaballerobonald\/wp-json\/wp\/v2\/types\/page"}],"author":[{"embeddable":true,"href":"https:\/\/blogsaverroes.juntadeandalucia.es\/iescaballerobonald\/wp-json\/wp\/v2\/users\/3841"}],"replies":[{"embeddable":true,"href":"https:\/\/blogsaverroes.juntadeandalucia.es\/iescaballerobonald\/wp-json\/wp\/v2\/comments?post=3182"}],"version-history":[{"count":52,"href":"https:\/\/blogsaverroes.juntadeandalucia.es\/iescaballerobonald\/wp-json\/wp\/v2\/pages\/3182\/revisions"}],"predecessor-version":[{"id":12799,"href":"https:\/\/blogsaverroes.juntadeandalucia.es\/iescaballerobonald\/wp-json\/wp\/v2\/pages\/3182\/revisions\/12799"}],"wp:attachment":[{"href":"https:\/\/blogsaverroes.juntadeandalucia.es\/iescaballerobonald\/wp-json\/wp\/v2\/media?parent=3182"}],"curies":[{"name":"wp","href":"https:\/\/api.w.org\/{rel}","templated":true}]}}

<p><a href="https://blogsaverroes.juntadeandalucia.es/iescaballerobonald/files/2025/10/IMG20251029193413.jpg"><img loading="lazy" decoding="async" class="aligncenter wp-image-12798 size-large" src="https://blogsaverroes.juntadeandalucia.es/iescaballerobonald/files/2025/10/IMG20251029193413-1024x768.jpg" alt="" width="1024" height="768" srcset="https://blogsaverroes.juntadeandalucia.es/iescaballerobonald/files/2025/10/IMG20251029193413-1024x768.jpg 1024w, https://blogsaverroes.juntadeandalucia.es/iescaballerobonald/files/2025/10/IMG20251029193413-300x225.jpg 300w, https://blogsaverroes.juntadeandalucia.es/iescaballerobonald/files/2025/10/IMG20251029193413-768x576.jpg 768w, https://blogsaverroes.juntadeandalucia.es/iescaballerobonald/files/2025/10/IMG20251029193413-1536x1152.jpg 1536w, https://blogsaverroes.juntadeandalucia.es/iescaballerobonald/files/2025/10/IMG20251029193413-2048x1536.jpg 2048w, https://blogsaverroes.juntadeandalucia.es/iescaballerobonald/files/2025/10/IMG20251029193413.jpg 1600w" sizes="(max-width: 1024px) 100vw, 1024px" /></a></p>
<p>Concluido el proceso de elecciones al Consejo Escolar, los representantes electos para este órgano del IES J.M. Caballero Bonald son:</p>
<h3 style="text-align: center">REPRESENTANTES DE DIRECCIÓN DEL CENTRO</h3>
<ul>
<li>Alicia Rodríguez Jiménez</li>
<li>Gustavo Iglésias Álvarez</li>
<li>Raquel Pavón González</li>
</ul>
<h3 style="text-align: center">SECTOR PROFESORADO</h3>
<ul>
<li>David Benito Sánchez.</li>
<li>Ignacio Miguel Rodríguez Díaz</li>
<li>Elena Margarita del Valle Lobato</li>
<li>José Antonio Rodríguez Bellido</li>
<li>Susana Romero Conejero</li>
<li>Ruth Ester Blanco Cortés.</li>
<li>Manuel Rodríguez Díaz</li>
<li>María del Carmen Figueroa Abrio</li>
</ul>
<h3 style="text-align: center">SECTOR PADRES/MADRES/TUTOR LEGAL DEL ALUMNADO</h3>
<ul>
<li>Representante del AMPA: Eva Mª Marcos Galán</li>
<li>Francisco Javier Gómez Pedrosa</li>
<li>Moisés Gallego Herrerapicazo</li>
<li>Elena Dorado Carvajal</li>
<li>Patricia Herrera Moreno</li>
</ul>
<h3 style="text-align: center">SECTOR ALUMNADO</h3>
<ul>
<li>Hellens Giselle Castro Anariba</li>
<li>Ariadna Doce Marcos</li>
<li>Mario Girón González</li>
<li>Daniel Gómez García</li>
<li>Akemi Velázquez Barea</li>
</ul>
<h3 style="text-align: center">REPRESENTANTE DEL AYUNTAMIENTO</h3>
<ul>
<li> Violeta Márquez Ruiz</li>
</ul>
<h2><a href="https://blogsaverroes.juntadeandalucia.es/iescaballerobonald/files/2022/12/images-4.jpg"><img loading="lazy" decoding="async" class="aligncenter size-full wp-image-8044" src="https://blogsaverroes.juntadeandalucia.es/iescaballerobonald/files/2022/12/images-4.jpg" alt="" width="327" height="154" srcset="https://blogsaverroes.juntadeandalucia.es/iescaballerobonald/files/2022/12/images-4.jpg 327w, https://blogsaverroes.juntadeandalucia.es/iescaballerobonald/files/2022/12/images-4-300x141.jpg 300w" sizes="(max-width: 327px) 100vw, 327px" /></a></h2>
<div style="text-align: justify">&nbsp;</div>
<div style="text-align: justify">&nbsp;</div>

<p>Concluido el proceso de elecciones al Consejo Escolar, los representantes electos para este órgano del IES J.M. Caballero Bonald son: REPRESENTANTES DE DIRECCIÓN DEL CENTRO Alicia Rodríguez Jiménez Gustavo Iglésias&#46;&#46;&#46;</p>
