{"id":3415,"date":"2016-11-04T13:15:47","date_gmt":"2016-11-04T12:15:47","guid":{"rendered":"http:\/\/blogsaverroes.juntadeandalucia.es\/iescaballerobonald\/?page_id=3415"},"modified":"2023-10-18T12:29:22","modified_gmt":"2023-10-18T11:29:22","slug":"proyecto-bilingue-2","status":"publish","type":"page","link":"https:\/\/blogsaverroes.juntadeandalucia.es\/iescaballerobonald\/proyecto-bilingue-2\/","title":{"rendered":"Programa Biling\u00fce"},"content":{"rendered":"<p><span style=\"font-weight: 400\">El Programa Biling\u00fce se inici\u00f3 en nuestro centro en el curso escolar 2010-2011, contando en la actualidad con la totalidad de los grupos de la ESO desarrollando este tipo de ense\u00f1anza.&nbsp;<\/span><\/p>\n<p><b>\u00bfCu\u00e1l es nuestro objetivo?&nbsp;<\/b><\/p>\n<p><span style=\"font-weight: 400\">El plan bili<a href=\"https:\/\/blogsaverroes.juntadeandalucia.es\/iescaballerobonald\/files\/2022\/12\/Presentaci\u00f3n2-2.jpg\"><img loading=\"lazy\" decoding=\"async\" class=\"wp-image-7936 size-medium alignleft\" src=\"https:\/\/blogsaverroes.juntadeandalucia.es\/iescaballerobonald\/files\/2022\/12\/Presentaci\u00f3n2-2-300x141.jpg\" alt=\"\" width=\"300\" height=\"141\" srcset=\"https:\/\/blogsaverroes.juntadeandalucia.es\/iescaballerobonald\/files\/2022\/12\/Presentaci\u00f3n2-2-300x141.jpg 300w, https:\/\/blogsaverroes.juntadeandalucia.es\/iescaballerobonald\/files\/2022\/12\/Presentaci\u00f3n2-2-768x360.jpg 768w, https:\/\/blogsaverroes.juntadeandalucia.es\/iescaballerobonald\/files\/2022\/12\/Presentaci\u00f3n2-2-520x245.jpg 520w, https:\/\/blogsaverroes.juntadeandalucia.es\/iescaballerobonald\/files\/2022\/12\/Presentaci\u00f3n2-2-720x340.jpg 720w, https:\/\/blogsaverroes.juntadeandalucia.es\/iescaballerobonald\/files\/2022\/12\/Presentaci\u00f3n2-2.jpg 787w\" sizes=\"(max-width: 300px) 100vw, 300px\" \/><\/a>ng\u00fce tiene como objetivo la mejora en la competencia en comunicaci\u00f3n ling\u00fc\u00edstica seg\u00fan el Marco Com\u00fan Europeo de Referencia de las lenguas.<\/span><\/p>\n<p><span style=\"font-weight: 400\">Como centro biling\u00fce, pretendemos promocionar la diversidad ling\u00fc\u00edstica entre nuestro alumnado creando una conciencia pluriling\u00fce que les ayude en su futuro personal y profesional a la hora de establecer lazos y comunicaci\u00f3n con otras culturas y personas.<\/span><\/p>\n<p><b>\u00bfQui\u00e9nes participan?&nbsp;<\/b><\/p>\n<p><span style=\"font-weight: 400\">Los departamentos integrados en el desarrollo de este plan son varios. Por un lado, los departamentos ling\u00fc\u00edsticos: Lengua Castellana, Ingl\u00e9s y Franc\u00e9s. Por otro lado, los departamentos no ling\u00fc\u00edsticos: Biolog\u00eda y Geolog\u00eda, Geograf\u00eda e Historia, Educaci\u00f3n F\u00edsica y Matem\u00e1ticas.<\/span><\/p>\n<p><a href=\"https:\/\/blogsaverroes.juntadeandalucia.es\/iescaballerobonald\/proyecto-bilingue-2\/img20231010121105\/\" rel=\"attachment wp-att-9843\"><img loading=\"lazy\" decoding=\"async\" class=\"aligncenter size-full wp-image-9843\" src=\"https:\/\/blogsaverroes.juntadeandalucia.es\/iescaballerobonald\/files\/2023\/10\/IMG20231010121105-scaled.jpg\" alt=\"\" width=\"1600\" height=\"1200\" srcset=\"https:\/\/blogsaverroes.juntadeandalucia.es\/iescaballerobonald\/files\/2023\/10\/IMG20231010121105-scaled.jpg 1600w, https:\/\/blogsaverroes.juntadeandalucia.es\/iescaballerobonald\/files\/2023\/10\/IMG20231010121105-300x225.jpg 300w, https:\/\/blogsaverroes.juntadeandalucia.es\/iescaballerobonald\/files\/2023\/10\/IMG20231010121105-1024x768.jpg 1024w, https:\/\/blogsaverroes.juntadeandalucia.es\/iescaballerobonald\/files\/2023\/10\/IMG20231010121105-768x576.jpg 768w, https:\/\/blogsaverroes.juntadeandalucia.es\/iescaballerobonald\/files\/2023\/10\/IMG20231010121105-1536x1152.jpg 1536w, https:\/\/blogsaverroes.juntadeandalucia.es\/iescaballerobonald\/files\/2023\/10\/IMG20231010121105-2048x1536.jpg 2048w\" sizes=\"(max-width: 1600px) 100vw, 1600px\" \/><\/a><\/p>\n<p style=\"text-align: center\"><strong>NUESTRAS AUXILIARES DE CONVERSACI\u00d3N: SOPHIA SAOUT Y GABRIELLE MILLER<\/strong><\/p>\n<p><span style=\"font-weight: 400\">Para llevar a cabo el programa, el profesorado implicado trabaja de manera integrada, con el fin de transmitir al alumnado una conexi\u00f3n entre contenidos y lenguas. Este objetivo se desarrolla a trav\u00e9s de la metodolog\u00eda AICLE<\/span><span style=\"font-weight: 400\"> que <\/span><span style=\"font-weight: 400\">permite implementar un enfoque transversal y m\u00e1s inclusivo de la ense\u00f1anza. De esta forma, el 50% de las \u00e1reas no ling\u00fc\u00edsticas se imparten en ingl\u00e9s.&nbsp;<\/span><\/p>\n<p><span style=\"font-weight: 400\">Uno de los recursos m\u00e1s interesantes para la puesta en pr\u00e1ctica de la L2, ingl\u00e9s en este caso, es la implicaci\u00f3n del auxiliar de conversaci\u00f3n en el aula. El programa biling\u00fce cuenta este curso con la participaci\u00f3n de Sophia Saout y Gabrielle Miller, que colaboran especialmente en las \u00e1reas no ling\u00fc\u00edsticas permitiendo el desarrollo de las destrezas comunicativas.&nbsp;<\/span><\/p>\n<div><a href=\"https:\/\/blogsaverroes.juntadeandalucia.es\/iescaballerobonald\/2023\/10\/18\/nuestras-auxiliares-de-conversacion\/unnamed-5\/\" rel=\"attachment wp-att-9839\"><img loading=\"lazy\" decoding=\"async\" class=\"aligncenter size-full wp-image-9839\" src=\"https:\/\/blogsaverroes.juntadeandalucia.es\/iescaballerobonald\/files\/2023\/10\/unnamed-scaled.jpg\" alt=\"\" width=\"1600\" height=\"1151\" srcset=\"https:\/\/blogsaverroes.juntadeandalucia.es\/iescaballerobonald\/files\/2023\/10\/unnamed-scaled.jpg 1600w, https:\/\/blogsaverroes.juntadeandalucia.es\/iescaballerobonald\/files\/2023\/10\/unnamed-300x216.jpg 300w, https:\/\/blogsaverroes.juntadeandalucia.es\/iescaballerobonald\/files\/2023\/10\/unnamed-1024x737.jpg 1024w, https:\/\/blogsaverroes.juntadeandalucia.es\/iescaballerobonald\/files\/2023\/10\/unnamed-768x553.jpg 768w, https:\/\/blogsaverroes.juntadeandalucia.es\/iescaballerobonald\/files\/2023\/10\/unnamed-1536x1105.jpg 1536w, https:\/\/blogsaverroes.juntadeandalucia.es\/iescaballerobonald\/files\/2023\/10\/unnamed-2048x1474.jpg 2048w\" sizes=\"(max-width: 1600px) 100vw, 1600px\" \/><\/a><\/div>\n<div>&nbsp;<\/div>\n<div style=\"text-align: center\"><strong>GABRIELLE MILLER<\/strong><\/div>\n<div>Hello!&nbsp;<\/p>\n<div>\n<div>My name is Gabrielle Miller and I am one of this years new English language assistants. I am from Biloxi, Mississippi U.S.A. I am a recent graduate of the University of Mississippi where I studied social work and Spanish. I am excited to spend this year living in Jerez. This is my first time living outside of my country and I am eager to learn more about the Spanish culture, explore the region of Cadiz, and improve my Spanish!<\/div>\n<div>I have experience working as a private tutor as well as teaching group lessons to students. I love working with kids because of their energy and new perspective that they bring to the class. I am very excited to be here and working with all of your students, I hope to learn from them just as much as they are learning from me.&nbsp;<\/div>\n<div>I have studied Spanish for 3 years and so I understand how much work goes into learning a new language and I am here to support and encourage the students in their language learning! If you have any questions or would like your student to have extra help with their English, I am here to offer help and private lessons as well.&nbsp;<\/div>\n<\/div>\n<\/div>\n<div><a href=\"https:\/\/blogsaverroes.juntadeandalucia.es\/iescaballerobonald\/proyecto-bilingue-2\/img20231010122302\/\" rel=\"attachment wp-att-9842\"><img loading=\"lazy\" decoding=\"async\" class=\"aligncenter size-full wp-image-9842\" src=\"https:\/\/blogsaverroes.juntadeandalucia.es\/iescaballerobonald\/files\/2023\/10\/IMG20231010122302-scaled.jpg\" alt=\"\" width=\"1600\" height=\"1200\" srcset=\"https:\/\/blogsaverroes.juntadeandalucia.es\/iescaballerobonald\/files\/2023\/10\/IMG20231010122302-scaled.jpg 1600w, https:\/\/blogsaverroes.juntadeandalucia.es\/iescaballerobonald\/files\/2023\/10\/IMG20231010122302-300x225.jpg 300w, https:\/\/blogsaverroes.juntadeandalucia.es\/iescaballerobonald\/files\/2023\/10\/IMG20231010122302-1024x768.jpg 1024w, https:\/\/blogsaverroes.juntadeandalucia.es\/iescaballerobonald\/files\/2023\/10\/IMG20231010122302-768x576.jpg 768w, https:\/\/blogsaverroes.juntadeandalucia.es\/iescaballerobonald\/files\/2023\/10\/IMG20231010122302-1536x1152.jpg 1536w, https:\/\/blogsaverroes.juntadeandalucia.es\/iescaballerobonald\/files\/2023\/10\/IMG20231010122302-2048x1536.jpg 2048w\" sizes=\"(max-width: 1600px) 100vw, 1600px\" \/><\/a><\/div>\n<div>&nbsp;<\/div>\n<div style=\"text-align: center\"><strong>SOPHIA SAOUT<\/strong><\/div>\n<div><a href=\"https:\/\/blogsaverroes.juntadeandalucia.es\/iescaballerobonald\/proyecto-bilingue-2\/img_8765\/\" rel=\"attachment wp-att-9844\"><img loading=\"lazy\" decoding=\"async\" class=\"aligncenter size-full wp-image-9844\" src=\"https:\/\/blogsaverroes.juntadeandalucia.es\/iescaballerobonald\/files\/2023\/10\/IMG_8765-scaled.jpg\" alt=\"\" width=\"1600\" height=\"1278\" srcset=\"https:\/\/blogsaverroes.juntadeandalucia.es\/iescaballerobonald\/files\/2023\/10\/IMG_8765-scaled.jpg 1600w, https:\/\/blogsaverroes.juntadeandalucia.es\/iescaballerobonald\/files\/2023\/10\/IMG_8765-300x240.jpg 300w, https:\/\/blogsaverroes.juntadeandalucia.es\/iescaballerobonald\/files\/2023\/10\/IMG_8765-1024x818.jpg 1024w, https:\/\/blogsaverroes.juntadeandalucia.es\/iescaballerobonald\/files\/2023\/10\/IMG_8765-768x613.jpg 768w, https:\/\/blogsaverroes.juntadeandalucia.es\/iescaballerobonald\/files\/2023\/10\/IMG_8765-1536x1227.jpg 1536w, https:\/\/blogsaverroes.juntadeandalucia.es\/iescaballerobonald\/files\/2023\/10\/IMG_8765-2048x1636.jpg 2048w\" sizes=\"(max-width: 1600px) 100vw, 1600px\" \/><\/a><\/div>\n<div class=\"entry themeform fittexted_for_entry\">\n<div class=\"entry-inner\">\n<p>Hola! I&#8217;m Sophia Saout, your new English Language Assistant. I am a Colorado native who has lived here my whole life. I just graduated from the University of Colorado in May with a degree in Biology and minors in Psychology and Business Administration. My long-term goal is to attend dental school and practice dentistry. However, I am taking this time to explore and embark on an adventure, connect with the community, and learn Spanish.&nbsp;<\/p>\n<p>I am incredibly eager to be a language assistant and excited to see what perspectives I can bring to your students. My mom is a Spanish and French teacher here in the States, so I have been around her teachings my whole life. Additionally, I worked as a tutor throughout college and love finding creative and helpful ways to assist individual students in their learning.&nbsp;<\/p>\n<div>Feel free to reach out to me if you have questions or if you&#8217;d like to inquire about private English&nbsp;lessons for your student.<\/div>\n<\/div>\n<\/div>\n<p style=\"text-align: center\"><a href=\"https:\/\/blogsaverroes.juntadeandalucia.es\/iescaballerobonald\/files\/2023\/06\/Information-sheet-for-language-assistants.pdf\"><b>Information sheet for language assistants<\/b><\/a><br \/>\n<a href=\"https:\/\/blogsaverroes.juntadeandalucia.es\/iescaballerobonald\/files\/2022\/04\/descarga-_10_.jpg\"><img loading=\"lazy\" decoding=\"async\" class=\"aligncenter size-full wp-image-6894\" src=\"https:\/\/blogsaverroes.juntadeandalucia.es\/iescaballerobonald\/files\/2022\/04\/descarga-_10_.jpg\" alt=\"\" width=\"306\" height=\"164\" srcset=\"https:\/\/blogsaverroes.juntadeandalucia.es\/iescaballerobonald\/files\/2022\/04\/descarga-_10_.jpg 306w, https:\/\/blogsaverroes.juntadeandalucia.es\/iescaballerobonald\/files\/2022\/04\/descarga-_10_-300x161.jpg 300w\" sizes=\"(max-width: 306px) 100vw, 306px\" \/><\/a><\/p>\n<p>&nbsp;<\/p>\n<p><a href=\"https:\/\/blogsaverroes.juntadeandalucia.es\/iescaballerobonald\/files\/2022\/10\/IMG-20221013-WA0001-1.jpg\"><img loading=\"lazy\" decoding=\"async\" class=\"aligncenter size-large wp-image-7244\" src=\"https:\/\/blogsaverroes.juntadeandalucia.es\/iescaballerobonald\/files\/2022\/10\/IMG-20221013-WA0001-1-1024x568.jpg\" alt=\"\" width=\"1024\" height=\"568\" srcset=\"https:\/\/blogsaverroes.juntadeandalucia.es\/iescaballerobonald\/files\/2022\/10\/IMG-20221013-WA0001-1-1024x568.jpg 1024w, https:\/\/blogsaverroes.juntadeandalucia.es\/iescaballerobonald\/files\/2022\/10\/IMG-20221013-WA0001-1-300x166.jpg 300w, https:\/\/blogsaverroes.juntadeandalucia.es\/iescaballerobonald\/files\/2022\/10\/IMG-20221013-WA0001-1-768x426.jpg 768w, https:\/\/blogsaverroes.juntadeandalucia.es\/iescaballerobonald\/files\/2022\/10\/IMG-20221013-WA0001-1-1536x851.jpg 1536w, https:\/\/blogsaverroes.juntadeandalucia.es\/iescaballerobonald\/files\/2022\/10\/IMG-20221013-WA0001-1.jpg 1600w\" sizes=\"(max-width: 1024px) 100vw, 1024px\" \/><\/a><\/p>\n","protected":false},"excerpt":{"rendered":"<p>El Programa Biling\u00fce se inici\u00f3 en nuestro centro en el curso escolar 2010-2011, contando en la actualidad con la totalidad de los grupos de la ESO desarrollando este tipo de&#46;&#46;&#46;<\/p>\n","protected":false},"author":2033,"featured_media":0,"parent":0,"menu_order":0,"comment_status":"closed","ping_status":"closed","template":"","meta":{"ngg_post_thumbnail":0,"footnotes":"","_mc_calendar":[]},"aioseo_notices":[],"_links":{"self":[{"href":"https:\/\/blogsaverroes.juntadeandalucia.es\/iescaballerobonald\/wp-json\/wp\/v2\/pages\/3415"}],"collection":[{"href":"https:\/\/blogsaverroes.juntadeandalucia.es\/iescaballerobonald\/wp-json\/wp\/v2\/pages"}],"about":[{"href":"https:\/\/blogsaverroes.juntadeandalucia.es\/iescaballerobonald\/wp-json\/wp\/v2\/types\/page"}],"author":[{"embeddable":true,"href":"https:\/\/blogsaverroes.juntadeandalucia.es\/iescaballerobonald\/wp-json\/wp\/v2\/users\/2033"}],"replies":[{"embeddable":true,"href":"https:\/\/blogsaverroes.juntadeandalucia.es\/iescaballerobonald\/wp-json\/wp\/v2\/comments?post=3415"}],"version-history":[{"count":30,"href":"https:\/\/blogsaverroes.juntadeandalucia.es\/iescaballerobonald\/wp-json\/wp\/v2\/pages\/3415\/revisions"}],"predecessor-version":[{"id":9867,"href":"https:\/\/blogsaverroes.juntadeandalucia.es\/iescaballerobonald\/wp-json\/wp\/v2\/pages\/3415\/revisions\/9867"}],"wp:attachment":[{"href":"https:\/\/blogsaverroes.juntadeandalucia.es\/iescaballerobonald\/wp-json\/wp\/v2\/media?parent=3415"}],"curies":[{"name":"wp","href":"https:\/\/api.w.org\/{rel}","templated":true}]}}

Programa Bilingüe

<p><span style="font-weight: 400">El Programa Bilingüe se inició en nuestro centro en el curso escolar 2010-2011, contando en la actualidad con la totalidad de los grupos de la ESO desarrollando este tipo de enseñanza.&nbsp;</span></p>
<p><b>¿Cuál es nuestro objetivo?&nbsp;</b></p>
<p><span style="font-weight: 400">El plan bili<a href="https://blogsaverroes.juntadeandalucia.es/iescaballerobonald/files/2022/12/Presentación2-2.jpg"><img loading="lazy" decoding="async" class="wp-image-7936 size-medium alignleft" src="https://blogsaverroes.juntadeandalucia.es/iescaballerobonald/files/2022/12/Presentación2-2-300x141.jpg" alt="" width="300" height="141" srcset="https://blogsaverroes.juntadeandalucia.es/iescaballerobonald/files/2022/12/Presentación2-2-300x141.jpg 300w, https://blogsaverroes.juntadeandalucia.es/iescaballerobonald/files/2022/12/Presentación2-2-768x360.jpg 768w, https://blogsaverroes.juntadeandalucia.es/iescaballerobonald/files/2022/12/Presentación2-2-520x245.jpg 520w, https://blogsaverroes.juntadeandalucia.es/iescaballerobonald/files/2022/12/Presentación2-2-720x340.jpg 720w, https://blogsaverroes.juntadeandalucia.es/iescaballerobonald/files/2022/12/Presentación2-2.jpg 787w" sizes="(max-width: 300px) 100vw, 300px" /></a>ngüe tiene como objetivo la mejora en la competencia en comunicación lingüística según el Marco Común Europeo de Referencia de las lenguas.</span></p>
<p><span style="font-weight: 400">Como centro bilingüe, pretendemos promocionar la diversidad lingüística entre nuestro alumnado creando una conciencia plurilingüe que les ayude en su futuro personal y profesional a la hora de establecer lazos y comunicación con otras culturas y personas.</span></p>
<p><b>¿Quiénes participan?&nbsp;</b></p>
<p><span style="font-weight: 400">Los departamentos integrados en el desarrollo de este plan son varios. Por un lado, los departamentos lingüísticos: Lengua Castellana, Inglés y Francés. Por otro lado, los departamentos no lingüísticos: Biología y Geología, Geografía e Historia, Educación Física y Matemáticas.</span></p>
<p><a href="https://blogsaverroes.juntadeandalucia.es/iescaballerobonald/proyecto-bilingue-2/img20231010121105/" rel="attachment wp-att-9843"><img loading="lazy" decoding="async" class="aligncenter size-full wp-image-9843" src="https://blogsaverroes.juntadeandalucia.es/iescaballerobonald/files/2023/10/IMG20231010121105-scaled.jpg" alt="" width="1600" height="1200" srcset="https://blogsaverroes.juntadeandalucia.es/iescaballerobonald/files/2023/10/IMG20231010121105-scaled.jpg 1600w, https://blogsaverroes.juntadeandalucia.es/iescaballerobonald/files/2023/10/IMG20231010121105-300x225.jpg 300w, https://blogsaverroes.juntadeandalucia.es/iescaballerobonald/files/2023/10/IMG20231010121105-1024x768.jpg 1024w, https://blogsaverroes.juntadeandalucia.es/iescaballerobonald/files/2023/10/IMG20231010121105-768x576.jpg 768w, https://blogsaverroes.juntadeandalucia.es/iescaballerobonald/files/2023/10/IMG20231010121105-1536x1152.jpg 1536w, https://blogsaverroes.juntadeandalucia.es/iescaballerobonald/files/2023/10/IMG20231010121105-2048x1536.jpg 2048w" sizes="(max-width: 1600px) 100vw, 1600px" /></a></p>
<p style="text-align: center"><strong>NUESTRAS AUXILIARES DE CONVERSACIÓN: SOPHIA SAOUT Y GABRIELLE MILLER</strong></p>
<p><span style="font-weight: 400">Para llevar a cabo el programa, el profesorado implicado trabaja de manera integrada, con el fin de transmitir al alumnado una conexión entre contenidos y lenguas. Este objetivo se desarrolla a través de la metodología AICLE</span><span style="font-weight: 400"> que </span><span style="font-weight: 400">permite implementar un enfoque transversal y más inclusivo de la enseñanza. De esta forma, el 50% de las áreas no lingüísticas se imparten en inglés.&nbsp;</span></p>
<p><span style="font-weight: 400">Uno de los recursos más interesantes para la puesta en práctica de la L2, inglés en este caso, es la implicación del auxiliar de conversación en el aula. El programa bilingüe cuenta este curso con la participación de Sophia Saout y Gabrielle Miller, que colaboran especialmente en las áreas no lingüísticas permitiendo el desarrollo de las destrezas comunicativas.&nbsp;</span></p>
<div><a href="https://blogsaverroes.juntadeandalucia.es/iescaballerobonald/2023/10/18/nuestras-auxiliares-de-conversacion/unnamed-5/" rel="attachment wp-att-9839"><img loading="lazy" decoding="async" class="aligncenter size-full wp-image-9839" src="https://blogsaverroes.juntadeandalucia.es/iescaballerobonald/files/2023/10/unnamed-scaled.jpg" alt="" width="1600" height="1151" srcset="https://blogsaverroes.juntadeandalucia.es/iescaballerobonald/files/2023/10/unnamed-scaled.jpg 1600w, https://blogsaverroes.juntadeandalucia.es/iescaballerobonald/files/2023/10/unnamed-300x216.jpg 300w, https://blogsaverroes.juntadeandalucia.es/iescaballerobonald/files/2023/10/unnamed-1024x737.jpg 1024w, https://blogsaverroes.juntadeandalucia.es/iescaballerobonald/files/2023/10/unnamed-768x553.jpg 768w, https://blogsaverroes.juntadeandalucia.es/iescaballerobonald/files/2023/10/unnamed-1536x1105.jpg 1536w, https://blogsaverroes.juntadeandalucia.es/iescaballerobonald/files/2023/10/unnamed-2048x1474.jpg 2048w" sizes="(max-width: 1600px) 100vw, 1600px" /></a></div>
<div>&nbsp;</div>
<div style="text-align: center"><strong>GABRIELLE MILLER</strong></div>
<div>Hello!&nbsp;</p>
<div>
<div>My name is Gabrielle Miller and I am one of this years new English language assistants. I am from Biloxi, Mississippi U.S.A. I am a recent graduate of the University of Mississippi where I studied social work and Spanish. I am excited to spend this year living in Jerez. This is my first time living outside of my country and I am eager to learn more about the Spanish culture, explore the region of Cadiz, and improve my Spanish!</div>
<div>I have experience working as a private tutor as well as teaching group lessons to students. I love working with kids because of their energy and new perspective that they bring to the class. I am very excited to be here and working with all of your students, I hope to learn from them just as much as they are learning from me.&nbsp;</div>
<div>I have studied Spanish for 3 years and so I understand how much work goes into learning a new language and I am here to support and encourage the students in their language learning! If you have any questions or would like your student to have extra help with their English, I am here to offer help and private lessons as well.&nbsp;</div>
</div>
</div>
<div><a href="https://blogsaverroes.juntadeandalucia.es/iescaballerobonald/proyecto-bilingue-2/img20231010122302/" rel="attachment wp-att-9842"><img loading="lazy" decoding="async" class="aligncenter size-full wp-image-9842" src="https://blogsaverroes.juntadeandalucia.es/iescaballerobonald/files/2023/10/IMG20231010122302-scaled.jpg" alt="" width="1600" height="1200" srcset="https://blogsaverroes.juntadeandalucia.es/iescaballerobonald/files/2023/10/IMG20231010122302-scaled.jpg 1600w, https://blogsaverroes.juntadeandalucia.es/iescaballerobonald/files/2023/10/IMG20231010122302-300x225.jpg 300w, https://blogsaverroes.juntadeandalucia.es/iescaballerobonald/files/2023/10/IMG20231010122302-1024x768.jpg 1024w, https://blogsaverroes.juntadeandalucia.es/iescaballerobonald/files/2023/10/IMG20231010122302-768x576.jpg 768w, https://blogsaverroes.juntadeandalucia.es/iescaballerobonald/files/2023/10/IMG20231010122302-1536x1152.jpg 1536w, https://blogsaverroes.juntadeandalucia.es/iescaballerobonald/files/2023/10/IMG20231010122302-2048x1536.jpg 2048w" sizes="(max-width: 1600px) 100vw, 1600px" /></a></div>
<div>&nbsp;</div>
<div style="text-align: center"><strong>SOPHIA SAOUT</strong></div>
<div><a href="https://blogsaverroes.juntadeandalucia.es/iescaballerobonald/proyecto-bilingue-2/img_8765/" rel="attachment wp-att-9844"><img loading="lazy" decoding="async" class="aligncenter size-full wp-image-9844" src="https://blogsaverroes.juntadeandalucia.es/iescaballerobonald/files/2023/10/IMG_8765-scaled.jpg" alt="" width="1600" height="1278" srcset="https://blogsaverroes.juntadeandalucia.es/iescaballerobonald/files/2023/10/IMG_8765-scaled.jpg 1600w, https://blogsaverroes.juntadeandalucia.es/iescaballerobonald/files/2023/10/IMG_8765-300x240.jpg 300w, https://blogsaverroes.juntadeandalucia.es/iescaballerobonald/files/2023/10/IMG_8765-1024x818.jpg 1024w, https://blogsaverroes.juntadeandalucia.es/iescaballerobonald/files/2023/10/IMG_8765-768x613.jpg 768w, https://blogsaverroes.juntadeandalucia.es/iescaballerobonald/files/2023/10/IMG_8765-1536x1227.jpg 1536w, https://blogsaverroes.juntadeandalucia.es/iescaballerobonald/files/2023/10/IMG_8765-2048x1636.jpg 2048w" sizes="(max-width: 1600px) 100vw, 1600px" /></a></div>
<div class="entry themeform fittexted_for_entry">
<div class="entry-inner">
<p>Hola! I&#8217;m Sophia Saout, your new English Language Assistant. I am a Colorado native who has lived here my whole life. I just graduated from the University of Colorado in May with a degree in Biology and minors in Psychology and Business Administration. My long-term goal is to attend dental school and practice dentistry. However, I am taking this time to explore and embark on an adventure, connect with the community, and learn Spanish.&nbsp;</p>
<p>I am incredibly eager to be a language assistant and excited to see what perspectives I can bring to your students. My mom is a Spanish and French teacher here in the States, so I have been around her teachings my whole life. Additionally, I worked as a tutor throughout college and love finding creative and helpful ways to assist individual students in their learning.&nbsp;</p>
<div>Feel free to reach out to me if you have questions or if you&#8217;d like to inquire about private English&nbsp;lessons for your student.</div>
</div>
</div>
<p style="text-align: center"><a href="https://blogsaverroes.juntadeandalucia.es/iescaballerobonald/files/2023/06/Information-sheet-for-language-assistants.pdf"><b>Information sheet for language assistants</b></a><br />
<a href="https://blogsaverroes.juntadeandalucia.es/iescaballerobonald/files/2022/04/descarga-_10_.jpg"><img loading="lazy" decoding="async" class="aligncenter size-full wp-image-6894" src="https://blogsaverroes.juntadeandalucia.es/iescaballerobonald/files/2022/04/descarga-_10_.jpg" alt="" width="306" height="164" srcset="https://blogsaverroes.juntadeandalucia.es/iescaballerobonald/files/2022/04/descarga-_10_.jpg 306w, https://blogsaverroes.juntadeandalucia.es/iescaballerobonald/files/2022/04/descarga-_10_-300x161.jpg 300w" sizes="(max-width: 306px) 100vw, 306px" /></a></p>
<p>&nbsp;</p>
<p><a href="https://blogsaverroes.juntadeandalucia.es/iescaballerobonald/files/2022/10/IMG-20221013-WA0001-1.jpg"><img loading="lazy" decoding="async" class="aligncenter size-large wp-image-7244" src="https://blogsaverroes.juntadeandalucia.es/iescaballerobonald/files/2022/10/IMG-20221013-WA0001-1-1024x568.jpg" alt="" width="1024" height="568" srcset="https://blogsaverroes.juntadeandalucia.es/iescaballerobonald/files/2022/10/IMG-20221013-WA0001-1-1024x568.jpg 1024w, https://blogsaverroes.juntadeandalucia.es/iescaballerobonald/files/2022/10/IMG-20221013-WA0001-1-300x166.jpg 300w, https://blogsaverroes.juntadeandalucia.es/iescaballerobonald/files/2022/10/IMG-20221013-WA0001-1-768x426.jpg 768w, https://blogsaverroes.juntadeandalucia.es/iescaballerobonald/files/2022/10/IMG-20221013-WA0001-1-1536x851.jpg 1536w, https://blogsaverroes.juntadeandalucia.es/iescaballerobonald/files/2022/10/IMG-20221013-WA0001-1.jpg 1600w" sizes="(max-width: 1024px) 100vw, 1024px" /></a></p>

<p>El Programa Bilingüe se inició en nuestro centro en el curso escolar 2010-2011, contando en la actualidad con la totalidad de los grupos de la ESO desarrollando este tipo de&#46;&#46;&#46;</p>
