{"id":42,"date":"2015-03-13T08:40:47","date_gmt":"2015-03-13T07:40:47","guid":{"rendered":"http:\/\/blogsaverroes.juntadeandalucia.es\/pre\/ceip\/?page_id=42"},"modified":"2025-10-22T07:47:26","modified_gmt":"2025-10-22T06:47:26","slug":"equipo-directivo","status":"publish","type":"page","link":"https:\/\/blogsaverroes.juntadeandalucia.es\/iescaballerobonald\/equipo-directivo\/","title":{"rendered":"Equipo directivo"},"content":{"rendered":"<p><strong>DIRECTORA: <\/strong>Alicia Rodr\u00edguez Jim\u00e9nez<\/p>\n<p><strong>JEFA DE ESTUDIOS:<\/strong>&nbsp;Raquel Pav\u00f3n Gonz\u00e1lez<\/p>\n<p><strong>JEFA DE ESTUDIOS ADJUNTO:<\/strong> Silvia Cossi Torrej\u00f3n<\/p>\n<p><strong>SECRETARIA:<\/strong> Gustavo Iglesias \u00c1lvarez<\/p>\n<p><a href=\"https:\/\/blogsaverroes.juntadeandalucia.es\/iescaballerobonald\/files\/2025\/10\/IMG20251022084205.jpg\"><img loading=\"lazy\" decoding=\"async\" class=\"aligncenter wp-image-12527 size-full\" src=\"https:\/\/blogsaverroes.juntadeandalucia.es\/iescaballerobonald\/files\/2025\/10\/IMG20251022084205.jpg\" alt=\"\" width=\"4096\" height=\"3072\" srcset=\"https:\/\/blogsaverroes.juntadeandalucia.es\/iescaballerobonald\/files\/2025\/10\/IMG20251022084205.jpg 1600w, https:\/\/blogsaverroes.juntadeandalucia.es\/iescaballerobonald\/files\/2025\/10\/IMG20251022084205-300x225.jpg 300w, https:\/\/blogsaverroes.juntadeandalucia.es\/iescaballerobonald\/files\/2025\/10\/IMG20251022084205-1024x768.jpg 1024w, https:\/\/blogsaverroes.juntadeandalucia.es\/iescaballerobonald\/files\/2025\/10\/IMG20251022084205-768x576.jpg 768w, https:\/\/blogsaverroes.juntadeandalucia.es\/iescaballerobonald\/files\/2025\/10\/IMG20251022084205-1536x1152.jpg 1536w, https:\/\/blogsaverroes.juntadeandalucia.es\/iescaballerobonald\/files\/2025\/10\/IMG20251022084205-2048x1536.jpg 2048w\" sizes=\"(max-width: 4096px) 100vw, 4096px\" \/><\/a><\/p>\n","protected":false},"excerpt":{"rendered":"<p>DIRECTORA: Alicia Rodr\u00edguez Jim\u00e9nez JEFA DE ESTUDIOS:&nbsp;Raquel Pav\u00f3n Gonz\u00e1lez JEFA DE ESTUDIOS ADJUNTO: Silvia Cossi Torrej\u00f3n SECRETARIA: Gustavo Iglesias \u00c1lvarez<\/p>\n","protected":false},"author":1,"featured_media":0,"parent":0,"menu_order":0,"comment_status":"closed","ping_status":"closed","template":"","meta":{"ngg_post_thumbnail":0,"footnotes":"","_mc_calendar":[]},"aioseo_notices":[],"_links":{"self":[{"href":"https:\/\/blogsaverroes.juntadeandalucia.es\/iescaballerobonald\/wp-json\/wp\/v2\/pages\/42"}],"collection":[{"href":"https:\/\/blogsaverroes.juntadeandalucia.es\/iescaballerobonald\/wp-json\/wp\/v2\/pages"}],"about":[{"href":"https:\/\/blogsaverroes.juntadeandalucia.es\/iescaballerobonald\/wp-json\/wp\/v2\/types\/page"}],"author":[{"embeddable":true,"href":"https:\/\/blogsaverroes.juntadeandalucia.es\/iescaballerobonald\/wp-json\/wp\/v2\/users\/1"}],"replies":[{"embeddable":true,"href":"https:\/\/blogsaverroes.juntadeandalucia.es\/iescaballerobonald\/wp-json\/wp\/v2\/comments?post=42"}],"version-history":[{"count":12,"href":"https:\/\/blogsaverroes.juntadeandalucia.es\/iescaballerobonald\/wp-json\/wp\/v2\/pages\/42\/revisions"}],"predecessor-version":[{"id":12528,"href":"https:\/\/blogsaverroes.juntadeandalucia.es\/iescaballerobonald\/wp-json\/wp\/v2\/pages\/42\/revisions\/12528"}],"wp:attachment":[{"href":"https:\/\/blogsaverroes.juntadeandalucia.es\/iescaballerobonald\/wp-json\/wp\/v2\/media?parent=42"}],"curies":[{"name":"wp","href":"https:\/\/api.w.org\/{rel}","templated":true}]}}

<p><strong>DIRECTORA: </strong>Alicia Rodríguez Jiménez</p>
<p><strong>JEFA DE ESTUDIOS:</strong>&nbsp;Raquel Pavón González</p>
<p><strong>JEFA DE ESTUDIOS ADJUNTO:</strong> Silvia Cossi Torrejón</p>
<p><strong>SECRETARIA:</strong> Gustavo Iglesias Álvarez</p>
<p><a href="https://blogsaverroes.juntadeandalucia.es/iescaballerobonald/files/2025/10/IMG20251022084205.jpg"><img loading="lazy" decoding="async" class="aligncenter wp-image-12527 size-full" src="https://blogsaverroes.juntadeandalucia.es/iescaballerobonald/files/2025/10/IMG20251022084205.jpg" alt="" width="4096" height="3072" srcset="https://blogsaverroes.juntadeandalucia.es/iescaballerobonald/files/2025/10/IMG20251022084205.jpg 1600w, https://blogsaverroes.juntadeandalucia.es/iescaballerobonald/files/2025/10/IMG20251022084205-300x225.jpg 300w, https://blogsaverroes.juntadeandalucia.es/iescaballerobonald/files/2025/10/IMG20251022084205-1024x768.jpg 1024w, https://blogsaverroes.juntadeandalucia.es/iescaballerobonald/files/2025/10/IMG20251022084205-768x576.jpg 768w, https://blogsaverroes.juntadeandalucia.es/iescaballerobonald/files/2025/10/IMG20251022084205-1536x1152.jpg 1536w, https://blogsaverroes.juntadeandalucia.es/iescaballerobonald/files/2025/10/IMG20251022084205-2048x1536.jpg 2048w" sizes="(max-width: 4096px) 100vw, 4096px" /></a></p>

<p>DIRECTORA: Alicia Rodríguez Jiménez JEFA DE ESTUDIOS:&nbsp;Raquel Pavón González JEFA DE ESTUDIOS ADJUNTO: Silvia Cossi Torrejón SECRETARIA: Gustavo Iglesias Álvarez</p>
