{"id":44,"date":"2015-03-13T08:42:15","date_gmt":"2015-03-13T07:42:15","guid":{"rendered":"http:\/\/blogsaverroes.juntadeandalucia.es\/pre\/ceip\/?page_id=44"},"modified":"2025-10-26T22:17:17","modified_gmt":"2025-10-26T21:17:17","slug":"planes-y-proyectos","status":"publish","type":"page","link":"https:\/\/blogsaverroes.juntadeandalucia.es\/iescaballerobonald\/el-centro\/planes-y-proyectos\/","title":{"rendered":"Planes y Programas"},"content":{"rendered":"<p><a href=\"https:\/\/blogsaverroes.juntadeandalucia.es\/iescaballerobonald\/files\/2022\/12\/descarga-2.png\"><img loading=\"lazy\" decoding=\"async\" class=\"aligncenter wp-image-7839\" src=\"https:\/\/blogsaverroes.juntadeandalucia.es\/iescaballerobonald\/files\/2022\/12\/descarga-2.png\" alt=\"\" width=\"301\" height=\"253\"\/><\/a><\/p>\n<p>En la actualidad, en el I.E.S. J.M. Caballero Bonald est\u00e1n siendo desarrollados los siguientes Planes y Programas Educativos, as\u00ed como proyectos relacionados con la innovaci\u00f3n:<\/p>\n<p><a href=\"https:\/\/blogsaverroes.juntadeandalucia.es\/iescaballerobonald\/files\/2025\/10\/ORGANIZACION-25-26.docx_page-0001-1.jpg\"><img loading=\"lazy\" decoding=\"async\" class=\"aligncenter wp-image-12536 size-full\" src=\"https:\/\/blogsaverroes.juntadeandalucia.es\/iescaballerobonald\/files\/2025\/10\/ORGANIZACION-25-26.docx_page-0001-1.jpg\" alt=\"\" width=\"665\" height=\"675\" srcset=\"https:\/\/blogsaverroes.juntadeandalucia.es\/iescaballerobonald\/files\/2025\/10\/ORGANIZACION-25-26.docx_page-0001-1.jpg 665w, https:\/\/blogsaverroes.juntadeandalucia.es\/iescaballerobonald\/files\/2025\/10\/ORGANIZACION-25-26.docx_page-0001-1-296x300.jpg 296w, https:\/\/blogsaverroes.juntadeandalucia.es\/iescaballerobonald\/files\/2025\/10\/ORGANIZACION-25-26.docx_page-0001-1-80x80.jpg 80w\" sizes=\"(max-width: 665px) 100vw, 665px\" \/><\/a><\/p>\n<p><iframe loading=\"lazy\" src=\"https:\/\/drive.google.com\/file\/d\/13yUd3qYrT9Zsa8VMecNDEdTV-0G3oxJI\/preview\" width=\"600\" height=\"400\"><\/iframe><\/p>\n","protected":false},"excerpt":{"rendered":"<p>En la actualidad, en el I.E.S. J.M. Caballero Bonald est\u00e1n siendo desarrollados los siguientes Planes y Programas Educativos, as\u00ed como proyectos relacionados con la innovaci\u00f3n:<\/p>\n","protected":false},"author":1,"featured_media":0,"parent":2403,"menu_order":0,"comment_status":"closed","ping_status":"closed","template":"","meta":{"ngg_post_thumbnail":0,"footnotes":"","_mc_calendar":[]},"aioseo_notices":[],"_links":{"self":[{"href":"https:\/\/blogsaverroes.juntadeandalucia.es\/iescaballerobonald\/wp-json\/wp\/v2\/pages\/44"}],"collection":[{"href":"https:\/\/blogsaverroes.juntadeandalucia.es\/iescaballerobonald\/wp-json\/wp\/v2\/pages"}],"about":[{"href":"https:\/\/blogsaverroes.juntadeandalucia.es\/iescaballerobonald\/wp-json\/wp\/v2\/types\/page"}],"author":[{"embeddable":true,"href":"https:\/\/blogsaverroes.juntadeandalucia.es\/iescaballerobonald\/wp-json\/wp\/v2\/users\/1"}],"replies":[{"embeddable":true,"href":"https:\/\/blogsaverroes.juntadeandalucia.es\/iescaballerobonald\/wp-json\/wp\/v2\/comments?post=44"}],"version-history":[{"count":16,"href":"https:\/\/blogsaverroes.juntadeandalucia.es\/iescaballerobonald\/wp-json\/wp\/v2\/pages\/44\/revisions"}],"predecessor-version":[{"id":12662,"href":"https:\/\/blogsaverroes.juntadeandalucia.es\/iescaballerobonald\/wp-json\/wp\/v2\/pages\/44\/revisions\/12662"}],"up":[{"embeddable":true,"href":"https:\/\/blogsaverroes.juntadeandalucia.es\/iescaballerobonald\/wp-json\/wp\/v2\/pages\/2403"}],"wp:attachment":[{"href":"https:\/\/blogsaverroes.juntadeandalucia.es\/iescaballerobonald\/wp-json\/wp\/v2\/media?parent=44"}],"curies":[{"name":"wp","href":"https:\/\/api.w.org\/{rel}","templated":true}]}}