{"id":2015,"date":"2024-06-14T08:38:31","date_gmt":"2024-06-14T08:38:31","guid":{"rendered":"https:\/\/blogsaverroes.juntadeandalucia.es\/iescabeza\/?page_id=2015"},"modified":"2025-06-25T15:28:22","modified_gmt":"2025-06-25T15:28:22","slug":"tecnico-superior-en-higiene-bucodental","status":"publish","type":"page","link":"https:\/\/blogsaverroes.juntadeandalucia.es\/iescabeza\/tecnico-superior-en-higiene-bucodental\/","title":{"rendered":"T\u00e9cnico Superior en Higiene Bucodental"},"content":{"rendered":"<h2><strong>FAMILIA PROFESIONAL: Sanidad.<\/strong><\/h2>\n<h3><a href=\"https:\/\/blogsaverroes.juntadeandalucia.es\/iescabeza\/files\/2025\/02\/Triptico-Ciclo-de-Higiene-Bucodental.pdf\" target=\"_blank\" rel=\"noopener\"><strong>Ciclo de Grado Superior en Higiene Bucodental<\/strong><\/a><\/h3>\n<ul>\n<li><label>Real Decreto:<\/label>&nbsp;<a href=\"http:\/\/www.juntadeandalucia.es\/educacion\/portals\/galion\/RD\/RD_167.pdf\" target=\"_blank\" rel=\"noopener\">Real Decreto 769\/2014, de 12 de septiembre<\/a>,&nbsp;<label>por el que se establece el t\u00edtulo de T\u00e9cnico Superior en Higiene Bucodental y se fijan sus ense\u00f1anzas m\u00ednimas.<\/label><\/li>\n<li>\n<div><label><\/label><label>Orden Andaluc\u00eda:<\/label>&nbsp;<a href=\"http:\/\/www.juntadeandalucia.es\/educacion\/portals\/galion\/ORD_167.pdf\" target=\"_blank\" rel=\"noopener\">Orden de 26 de octubre de 2015<\/a>, por la que se desarrolla el curr\u00edculo correspondiente al t\u00edtulo de T\u00e9cnico Superior en Higiene Bucodental.<\/div>\n<\/li>\n<li>\n<div><u>Horario:<\/u> Se imparte en horario de tarde. De 16 a 22 horas.<\/div>\n<\/li>\n<li>\n<div><u>Duraci\u00f3n:<\/u> 2 cursos acad\u00e9micos (2000 horas).<\/div>\n<\/li>\n<\/ul>\n<h4><strong>QU\u00c9 OCUPACIONES PUEDES DESEMPE\u00d1AR<\/strong><\/h4>\n<ul>\n<li>T\u00e9cnico superior en Higiene Bucodental<\/li>\n<li>T\u00e9cnico especialista higienista dental.<\/li>\n<li>Higienista bucodental.<\/li>\n<li>Educador en salud bucodental.<\/li>\n<\/ul>\n<h4><strong>M\u00d3DULOS PROFESIONALES<\/strong><\/h4>\n<h5 style=\"padding-left: 40px\"><strong>Primer curso:<\/strong><\/h5>\n<ul>\n<li style=\"list-style-type: none\">\n<ul>\n<li style=\"list-style-type: none\">\n<ul>\n<li>Estudio de la cavidad oral. (6 h\/sem).<\/li>\n<li>Exploraci\u00f3n de la cavidad oral. (4 h\/sem).<\/li>\n<li>Fisiopatolog\u00eda general. (6 h\/sem).<\/li>\n<li>Itinerario Personal para la Empleabilidad I (3 h\/sem).<\/li>\n<li>Intervenci\u00f3n bucodental. (7 h\/sem).<\/li>\n<li>Primeros auxilios. (2 h\/sem).<\/li>\n<li>Digitalizaci\u00f3n aplicada a los sectores productivos (1 h\/sem).<\/li>\n<li>Sostenibilidad aplicada al sistema productivo (1 h\/sem).<\/li>\n<\/ul>\n<\/li>\n<\/ul>\n<\/li>\n<\/ul>\n<h5 style=\"padding-left: 40px\"><strong>Segundo curso:<\/strong><\/h5>\n<ul>\n<li style=\"list-style-type: none\">\n<ul>\n<li style=\"list-style-type: none\">\n<ul>\n<li>Conservadora, periodoncia, cirug\u00eda e implantes. (4 h\/sem).<\/li>\n<li>Educaci\u00f3n para la salud oral. (4 h\/sem).<\/li>\n<li>Itinerario Personal para la Empleabilidad II (3 h\/sem).<\/li>\n<li>Epidemiolog\u00eda en salud oral. (3 h\/sem).<\/li>\n<li>Optativa. (3 h\/sem).<\/li>\n<li>Pr\u00f3tesis y ortodoncia. (6 h\/sem).<\/li>\n<li>Recepci\u00f3n y log\u00edstica en la cl\u00ednica dental. (3 h\/sem).<\/li>\n<li>Ingl\u00e9s profesional (Grado Superior). (2 h\/sem).<\/li>\n<li>Proyecto intermodular.<\/li>\n<\/ul>\n<\/li>\n<\/ul>\n<\/li>\n<\/ul>\n<h4><strong>AL FINALIZAR EL CICLO FORMATIVO, SER\u00c1S CAPAZ DE:<\/strong><\/h4>\n<p><em>Promover la salud bucodental de las personas y de la comunidad, mediante el desarrollo de actividades preventivas y t\u00e9cnico-asistenciales que incluyen, la exploraci\u00f3n, la evaluaci\u00f3n, la promoci\u00f3n y la realizaci\u00f3n de t\u00e9cnicas odontol\u00f3gicas en colaboraci\u00f3n con el odont\u00f3logo o m\u00e9dico estomat\u00f3logo. Como miembro de un equipo de salud bucodental realizar\u00e1s tu actividad profesional con criterios de calidad, seguridad y optimizaci\u00f3n de recursos.<\/em><\/p>\n<p>&nbsp;<\/p>\nngg_shortcode_0_placeholder\n","protected":false},"excerpt":{"rendered":"<p>FAMILIA PROFESIONAL: Sanidad. Ciclo de Grado Superior en Higiene Bucodental Real Decreto:&nbsp;Real Decreto 769\/2014, de 12 de septiembre,&nbsp;por el que se establece el t\u00edtulo de T\u00e9cnico Superior en Higiene Bucodental y se fijan sus&#46;&#46;&#46;<\/p>\n","protected":false},"author":18412,"featured_media":0,"parent":0,"menu_order":0,"comment_status":"closed","ping_status":"closed","template":"","meta":{"ngg_post_thumbnail":0,"footnotes":""},"aioseo_notices":[],"_links":{"self":[{"href":"https:\/\/blogsaverroes.juntadeandalucia.es\/iescabeza\/wp-json\/wp\/v2\/pages\/2015"}],"collection":[{"href":"https:\/\/blogsaverroes.juntadeandalucia.es\/iescabeza\/wp-json\/wp\/v2\/pages"}],"about":[{"href":"https:\/\/blogsaverroes.juntadeandalucia.es\/iescabeza\/wp-json\/wp\/v2\/types\/page"}],"author":[{"embeddable":true,"href":"https:\/\/blogsaverroes.juntadeandalucia.es\/iescabeza\/wp-json\/wp\/v2\/users\/18412"}],"replies":[{"embeddable":true,"href":"https:\/\/blogsaverroes.juntadeandalucia.es\/iescabeza\/wp-json\/wp\/v2\/comments?post=2015"}],"version-history":[{"count":16,"href":"https:\/\/blogsaverroes.juntadeandalucia.es\/iescabeza\/wp-json\/wp\/v2\/pages\/2015\/revisions"}],"predecessor-version":[{"id":2746,"href":"https:\/\/blogsaverroes.juntadeandalucia.es\/iescabeza\/wp-json\/wp\/v2\/pages\/2015\/revisions\/2746"}],"wp:attachment":[{"href":"https:\/\/blogsaverroes.juntadeandalucia.es\/iescabeza\/wp-json\/wp\/v2\/media?parent=2015"}],"curies":[{"name":"wp","href":"https:\/\/api.w.org\/{rel}","templated":true}]}}

Técnico Superior en Higiene Bucodental

<h2><strong>FAMILIA PROFESIONAL: Sanidad.</strong></h2>
<h3><a href="https://blogsaverroes.juntadeandalucia.es/iescabeza/files/2025/02/Triptico-Ciclo-de-Higiene-Bucodental.pdf" target="_blank" rel="noopener"><strong>Ciclo de Grado Superior en Higiene Bucodental</strong></a></h3>
<ul>
<li><label>Real Decreto:</label>&nbsp;<a href="http://www.juntadeandalucia.es/educacion/portals/galion/RD/RD_167.pdf" target="_blank" rel="noopener">Real Decreto 769/2014, de 12 de septiembre</a>,&nbsp;<label>por el que se establece el título de Técnico Superior en Higiene Bucodental y se fijan sus enseñanzas mínimas.</label></li>
<li>
<div><label></label><label>Orden Andalucía:</label>&nbsp;<a href="http://www.juntadeandalucia.es/educacion/portals/galion/ORD_167.pdf" target="_blank" rel="noopener">Orden de 26 de octubre de 2015</a>, por la que se desarrolla el currículo correspondiente al título de Técnico Superior en Higiene Bucodental.</div>
</li>
<li>
<div><u>Horario:</u> Se imparte en horario de tarde. De 16 a 22 horas.</div>
</li>
<li>
<div><u>Duración:</u> 2 cursos académicos (2000 horas).</div>
</li>
</ul>
<h4><strong>QUÉ OCUPACIONES PUEDES DESEMPEÑAR</strong></h4>
<ul>
<li>Técnico superior en Higiene Bucodental</li>
<li>Técnico especialista higienista dental.</li>
<li>Higienista bucodental.</li>
<li>Educador en salud bucodental.</li>
</ul>
<h4><strong>MÓDULOS PROFESIONALES</strong></h4>
<h5 style="padding-left: 40px"><strong>Primer curso:</strong></h5>
<ul>
<li style="list-style-type: none">
<ul>
<li style="list-style-type: none">
<ul>
<li>Estudio de la cavidad oral. (6 h/sem).</li>
<li>Exploración de la cavidad oral. (4 h/sem).</li>
<li>Fisiopatología general. (6 h/sem).</li>
<li>Itinerario Personal para la Empleabilidad I (3 h/sem).</li>
<li>Intervención bucodental. (7 h/sem).</li>
<li>Primeros auxilios. (2 h/sem).</li>
<li>Digitalización aplicada a los sectores productivos (1 h/sem).</li>
<li>Sostenibilidad aplicada al sistema productivo (1 h/sem).</li>
</ul>
</li>
</ul>
</li>
</ul>
<h5 style="padding-left: 40px"><strong>Segundo curso:</strong></h5>
<ul>
<li style="list-style-type: none">
<ul>
<li style="list-style-type: none">
<ul>
<li>Conservadora, periodoncia, cirugía e implantes. (4 h/sem).</li>
<li>Educación para la salud oral. (4 h/sem).</li>
<li>Itinerario Personal para la Empleabilidad II (3 h/sem).</li>
<li>Epidemiología en salud oral. (3 h/sem).</li>
<li>Optativa. (3 h/sem).</li>
<li>Prótesis y ortodoncia. (6 h/sem).</li>
<li>Recepción y logística en la clínica dental. (3 h/sem).</li>
<li>Inglés profesional (Grado Superior). (2 h/sem).</li>
<li>Proyecto intermodular.</li>
</ul>
</li>
</ul>
</li>
</ul>
<h4><strong>AL FINALIZAR EL CICLO FORMATIVO, SERÁS CAPAZ DE:</strong></h4>
<p><em>Promover la salud bucodental de las personas y de la comunidad, mediante el desarrollo de actividades preventivas y técnico-asistenciales que incluyen, la exploración, la evaluación, la promoción y la realización de técnicas odontológicas en colaboración con el odontólogo o médico estomatólogo. Como miembro de un equipo de salud bucodental realizarás tu actividad profesional con criterios de calidad, seguridad y optimización de recursos.</em></p>
<p>&nbsp;</p>
ngg_shortcode_0_placeholder

<p>FAMILIA PROFESIONAL: Sanidad. Ciclo de Grado Superior en Higiene Bucodental Real Decreto:&nbsp;Real Decreto 769/2014, de 12 de septiembre,&nbsp;por el que se establece el título de Técnico Superior en Higiene Bucodental y se fijan sus&#46;&#46;&#46;</p>
