{"id":225,"date":"2022-01-18T11:04:10","date_gmt":"2022-01-18T11:04:10","guid":{"rendered":"https:\/\/blogsaverroes.juntadeandalucia.es\/iescabeza\/?page_id=225"},"modified":"2026-02-10T19:18:36","modified_gmt":"2026-02-10T19:18:36","slug":"plan-de-acompanamiento","status":"publish","type":"page","link":"https:\/\/blogsaverroes.juntadeandalucia.es\/iescabeza\/plan-de-acompanamiento\/","title":{"rendered":"Plan de Acompa\u00f1amiento"},"content":{"rendered":"<p style=\"text-align: justify\">Durante el presente curso acad\u00e9mico, nuestro centro mantiene su compromiso con la excelencia y la equidad educativa a trav\u00e9s del&nbsp;<strong>Programa de Acompa\u00f1amiento Escolar (PROA)<\/strong>, impulsado por la&nbsp;<strong>Junta de Andaluc\u00eda, y financiado \u00edntegramente&nbsp;con fondos europeos<\/strong>. Esta iniciativa est\u00e1 dise\u00f1ada para ofrecer un refuerzo gratuito y personalizado al alumnado que requiere un apoyo extra en materias instrumentales, as\u00ed como ayuda en la adquisici\u00f3n de h\u00e1bitos de estudio y organizaci\u00f3n. Las sesiones, que se desarrollan en horario de tarde, buscan no solo mejorar los resultados acad\u00e9micos, sino tambi\u00e9n&nbsp;<b>potenciar la confianza y la motivaci\u00f3n<\/b> del estudiante en un entorno de aprendizaje cercano y motivador. El acceso al programa se realiza bajo la propuesta del equipo docente y el departamento de orientaci\u00f3n, asegurando que los recursos lleguen a quienes m\u00e1s pueden beneficiarse de este impulso hacia el \u00e9xito escolar.<\/p>\n<p>&nbsp;<\/p>\n<h3>Documentos relativos al proyecto:<\/h3>\n<p><a href=\"https:\/\/www.juntadeandalucia.es\/educacion\/portales\/documents\/270701\/2467231\/Instruccio%C2%BFn%20convocatoria%20PROA%2025_26%20_modif_ONE_%20250730_vf(F).pdf\/bd1402d9-1ac7-b5eb-95bb-af04a0e535f0?version=1.1\" target=\"_blank\" rel=\"noopener\">INSTRUCCIONES PLAN DE ACOMPA\u00d1AMIENTO ESCOLAR PROA 2025-26<\/a><\/p>\n<p><a href=\"https:\/\/drive.google.com\/file\/d\/1-KmWhvSCNTKksn0eNmXO4jb_obsZWcl0\/view?usp=sharing\" target=\"_blank\" rel=\"noopener\">INFORMACI\u00d3N FAMILIAS Y SOLICITUD PARTICIPACI\u00d3N<\/a><\/p>\n","protected":false},"excerpt":{"rendered":"<p>Durante el presente curso acad\u00e9mico, nuestro centro mantiene su compromiso con la excelencia y la equidad educativa a trav\u00e9s del&nbsp;Programa de Acompa\u00f1amiento Escolar (PROA), impulsado por la&nbsp;Junta de Andaluc\u00eda, y financiado \u00edntegramente&nbsp;con fondos europeos.&#46;&#46;&#46;<\/p>\n","protected":false},"author":13753,"featured_media":0,"parent":0,"menu_order":0,"comment_status":"closed","ping_status":"closed","template":"","meta":{"ngg_post_thumbnail":0,"footnotes":""},"aioseo_notices":[],"_links":{"self":[{"href":"https:\/\/blogsaverroes.juntadeandalucia.es\/iescabeza\/wp-json\/wp\/v2\/pages\/225"}],"collection":[{"href":"https:\/\/blogsaverroes.juntadeandalucia.es\/iescabeza\/wp-json\/wp\/v2\/pages"}],"about":[{"href":"https:\/\/blogsaverroes.juntadeandalucia.es\/iescabeza\/wp-json\/wp\/v2\/types\/page"}],"author":[{"embeddable":true,"href":"https:\/\/blogsaverroes.juntadeandalucia.es\/iescabeza\/wp-json\/wp\/v2\/users\/13753"}],"replies":[{"embeddable":true,"href":"https:\/\/blogsaverroes.juntadeandalucia.es\/iescabeza\/wp-json\/wp\/v2\/comments?post=225"}],"version-history":[{"count":11,"href":"https:\/\/blogsaverroes.juntadeandalucia.es\/iescabeza\/wp-json\/wp\/v2\/pages\/225\/revisions"}],"predecessor-version":[{"id":3022,"href":"https:\/\/blogsaverroes.juntadeandalucia.es\/iescabeza\/wp-json\/wp\/v2\/pages\/225\/revisions\/3022"}],"wp:attachment":[{"href":"https:\/\/blogsaverroes.juntadeandalucia.es\/iescabeza\/wp-json\/wp\/v2\/media?parent=225"}],"curies":[{"name":"wp","href":"https:\/\/api.w.org\/{rel}","templated":true}]}}

Plan de Acompañamiento

<p style="text-align: justify">Durante el presente curso académico, nuestro centro mantiene su compromiso con la excelencia y la equidad educativa a través del&nbsp;<strong>Programa de Acompañamiento Escolar (PROA)</strong>, impulsado por la&nbsp;<strong>Junta de Andalucía, y financiado íntegramente&nbsp;con fondos europeos</strong>. Esta iniciativa está diseñada para ofrecer un refuerzo gratuito y personalizado al alumnado que requiere un apoyo extra en materias instrumentales, así como ayuda en la adquisición de hábitos de estudio y organización. Las sesiones, que se desarrollan en horario de tarde, buscan no solo mejorar los resultados académicos, sino también&nbsp;<b>potenciar la confianza y la motivación</b> del estudiante en un entorno de aprendizaje cercano y motivador. El acceso al programa se realiza bajo la propuesta del equipo docente y el departamento de orientación, asegurando que los recursos lleguen a quienes más pueden beneficiarse de este impulso hacia el éxito escolar.</p>
<p>&nbsp;</p>
<h3>Documentos relativos al proyecto:</h3>
<p><a href="https://www.juntadeandalucia.es/educacion/portales/documents/270701/2467231/Instruccio%C2%BFn%20convocatoria%20PROA%2025_26%20_modif_ONE_%20250730_vf(F).pdf/bd1402d9-1ac7-b5eb-95bb-af04a0e535f0?version=1.1" target="_blank" rel="noopener">INSTRUCCIONES PLAN DE ACOMPAÑAMIENTO ESCOLAR PROA 2025-26</a></p>
<p><a href="https://drive.google.com/file/d/1-KmWhvSCNTKksn0eNmXO4jb_obsZWcl0/view?usp=sharing" target="_blank" rel="noopener">INFORMACIÓN FAMILIAS Y SOLICITUD PARTICIPACIÓN</a></p>

<p>Durante el presente curso académico, nuestro centro mantiene su compromiso con la excelencia y la equidad educativa a través del&nbsp;Programa de Acompañamiento Escolar (PROA), impulsado por la&nbsp;Junta de Andalucía, y financiado íntegramente&nbsp;con fondos europeos.&#46;&#46;&#46;</p>
