{"id":2295,"date":"2025-02-10T10:46:26","date_gmt":"2025-02-10T10:46:26","guid":{"rendered":"https:\/\/blogsaverroes.juntadeandalucia.es\/iescabeza\/?page_id=2295"},"modified":"2026-01-12T15:23:00","modified_gmt":"2026-01-12T15:23:00","slug":"departamento-de-sanidad","status":"publish","type":"page","link":"https:\/\/blogsaverroes.juntadeandalucia.es\/iescabeza\/departamento-de-sanidad\/","title":{"rendered":"Departamento de SANIDAD"},"content":{"rendered":"<ul>\n<li>D\u00f1a. Carmen Mar\u00eda Gonz\u00e1lez Cachinero. (Jefa del Departamento)<\/li>\n<li>D\u00f1a. Antonia Gallardo Amaro.&nbsp;<\/li>\n<li>D\u00f1a. Joaquina Palomares S\u00e1nchez.&nbsp;<\/li>\n<li>D. Alfonso Ruiz Fern\u00e1ndez.&nbsp;<\/li>\n<li>D\u00f1a. Cristina Mar\u00eda Gonz\u00e1lez L\u00f3pez.&nbsp;<\/li>\n<li>D\u00f1a. Mar\u00eda de la Cabeza Milla Lomas.<\/li>\n<li>D\u00f1a. Alicia Mantilla Martos.<\/li>\n<\/ul>\n<p style=\"text-align: center\"><a href=\"https:\/\/blogsaverroes.juntadeandalucia.es\/iescabeza\/files\/2025\/09\/CICLO-SANIDAD-scaled.jpg\"><img fetchpriority=\"high\" decoding=\"async\" class=\"aligncenter wp-image-2792 \" src=\"https:\/\/blogsaverroes.juntadeandalucia.es\/iescabeza\/files\/2025\/09\/CICLO-SANIDAD-1024x683.jpg\" alt=\"\" width=\"493\" height=\"329\" srcset=\"https:\/\/blogsaverroes.juntadeandalucia.es\/iescabeza\/files\/2025\/09\/CICLO-SANIDAD-1024x683.jpg 1024w, https:\/\/blogsaverroes.juntadeandalucia.es\/iescabeza\/files\/2025\/09\/CICLO-SANIDAD-300x200.jpg 300w, https:\/\/blogsaverroes.juntadeandalucia.es\/iescabeza\/files\/2025\/09\/CICLO-SANIDAD-768x512.jpg 768w, https:\/\/blogsaverroes.juntadeandalucia.es\/iescabeza\/files\/2025\/09\/CICLO-SANIDAD-1536x1024.jpg 1536w, https:\/\/blogsaverroes.juntadeandalucia.es\/iescabeza\/files\/2025\/09\/CICLO-SANIDAD-2048x1365.jpg 2048w\" sizes=\"(max-width: 493px) 100vw, 493px\" \/><\/a><\/p>\n<h3 style=\"text-align: center\"><a href=\"https:\/\/blogsaverroes.juntadeandalucia.es\/iescabeza\/files\/2026\/01\/SANIDAD.pdf\" target=\"_blank\" rel=\"noopener\">CRITERIOS DE EVALUACI\u00d3N 25\/26<\/a><\/h3>\n","protected":false},"excerpt":{"rendered":"<p>D\u00f1a. Carmen Mar\u00eda Gonz\u00e1lez Cachinero. (Jefa del Departamento) D\u00f1a. Antonia Gallardo Amaro.&nbsp; D\u00f1a. Joaquina Palomares S\u00e1nchez.&nbsp; D. Alfonso Ruiz Fern\u00e1ndez.&nbsp; D\u00f1a. Cristina Mar\u00eda Gonz\u00e1lez L\u00f3pez.&nbsp; D\u00f1a. Mar\u00eda de la Cabeza Milla Lomas. D\u00f1a. Alicia&#46;&#46;&#46;<\/p>\n","protected":false},"author":18412,"featured_media":0,"parent":0,"menu_order":0,"comment_status":"closed","ping_status":"closed","template":"","meta":{"ngg_post_thumbnail":0,"footnotes":""},"aioseo_notices":[],"_links":{"self":[{"href":"https:\/\/blogsaverroes.juntadeandalucia.es\/iescabeza\/wp-json\/wp\/v2\/pages\/2295"}],"collection":[{"href":"https:\/\/blogsaverroes.juntadeandalucia.es\/iescabeza\/wp-json\/wp\/v2\/pages"}],"about":[{"href":"https:\/\/blogsaverroes.juntadeandalucia.es\/iescabeza\/wp-json\/wp\/v2\/types\/page"}],"author":[{"embeddable":true,"href":"https:\/\/blogsaverroes.juntadeandalucia.es\/iescabeza\/wp-json\/wp\/v2\/users\/18412"}],"replies":[{"embeddable":true,"href":"https:\/\/blogsaverroes.juntadeandalucia.es\/iescabeza\/wp-json\/wp\/v2\/comments?post=2295"}],"version-history":[{"count":7,"href":"https:\/\/blogsaverroes.juntadeandalucia.es\/iescabeza\/wp-json\/wp\/v2\/pages\/2295\/revisions"}],"predecessor-version":[{"id":2925,"href":"https:\/\/blogsaverroes.juntadeandalucia.es\/iescabeza\/wp-json\/wp\/v2\/pages\/2295\/revisions\/2925"}],"wp:attachment":[{"href":"https:\/\/blogsaverroes.juntadeandalucia.es\/iescabeza\/wp-json\/wp\/v2\/media?parent=2295"}],"curies":[{"name":"wp","href":"https:\/\/api.w.org\/{rel}","templated":true}]}}