{"id":237,"date":"2022-01-18T11:08:21","date_gmt":"2022-01-18T11:08:21","guid":{"rendered":"https:\/\/blogsaverroes.juntadeandalucia.es\/iescabeza\/?page_id=237"},"modified":"2023-09-07T07:47:18","modified_gmt":"2023-09-07T07:47:18","slug":"erasmus","status":"publish","type":"page","link":"https:\/\/blogsaverroes.juntadeandalucia.es\/iescabeza\/erasmus\/","title":{"rendered":"Erasmus +"},"content":{"rendered":"<p><a href=\"https:\/\/sites.google.com\/iescabeza.es\/erasmusiescabeza\/inicio?pli=1\" target=\"_blank\" rel=\"noopener noreferrer\"><img fetchpriority=\"high\" decoding=\"async\" class=\"aligncenter size-full wp-image-1722\" src=\"https:\/\/blogsaverroes.juntadeandalucia.es\/iescabeza\/files\/2023\/09\/Logo-Erasmus.png\" alt=\"\" width=\"1494\" height=\"400\" srcset=\"https:\/\/blogsaverroes.juntadeandalucia.es\/iescabeza\/files\/2023\/09\/Logo-Erasmus.png 1494w, https:\/\/blogsaverroes.juntadeandalucia.es\/iescabeza\/files\/2023\/09\/Logo-Erasmus-300x80.png 300w, https:\/\/blogsaverroes.juntadeandalucia.es\/iescabeza\/files\/2023\/09\/Logo-Erasmus-1024x274.png 1024w, https:\/\/blogsaverroes.juntadeandalucia.es\/iescabeza\/files\/2023\/09\/Logo-Erasmus-768x206.png 768w\" sizes=\"(max-width: 1494px) 100vw, 1494px\" \/><\/a><\/p>\n<p>&nbsp;<\/p>\n<p><a href=\"http:\/\/sepie.es\">Desde 2009<img decoding=\"async\" class=\"alignleft wp-image-1158\" style=\"color: #333333\" src=\"https:\/\/blogsaverroes.juntadeandalucia.es\/iescabeza\/files\/2022\/07\/es_v_cofinanciado_por_la_union_europea_pos-150x150.png\" alt=\"\" width=\"84\" height=\"84\" srcset=\"https:\/\/blogsaverroes.juntadeandalucia.es\/iescabeza\/files\/2022\/07\/es_v_cofinanciado_por_la_union_europea_pos-150x150.png 150w, https:\/\/blogsaverroes.juntadeandalucia.es\/iescabeza\/files\/2022\/07\/es_v_cofinanciado_por_la_union_europea_pos-296x300.png 296w, https:\/\/blogsaverroes.juntadeandalucia.es\/iescabeza\/files\/2022\/07\/es_v_cofinanciado_por_la_union_europea_pos-768x778.png 768w, https:\/\/blogsaverroes.juntadeandalucia.es\/iescabeza\/files\/2022\/07\/es_v_cofinanciado_por_la_union_europea_pos-80x80.png 80w, https:\/\/blogsaverroes.juntadeandalucia.es\/iescabeza\/files\/2022\/07\/es_v_cofinanciado_por_la_union_europea_pos-320x320.png 320w, https:\/\/blogsaverroes.juntadeandalucia.es\/iescabeza\/files\/2022\/07\/es_v_cofinanciado_por_la_union_europea_pos.png 910w\" sizes=\"(max-width: 84px) 100vw, 84px\" \/>, el I.E.S. \u00abNtra. Sra de la Cabeza\u00bb participa en programas co-financiados por la Uni\u00f3n Europea, que ofrecen la oportunidad a toda la comunidad educativa de realizar movilidades a nuestro alumnado y profesorado.<\/a><\/p>\n<p><span style=\"color: #0000ff\"><strong>Visita nuesta p\u00e1gina de <span style=\"font-size: 24pt\"><a style=\"color: #0000ff\" href=\"https:\/\/www.facebook.com\/groups\/3502212729848074\">Facebook<\/a><\/span> para ver im\u00e1genes e informaci\u00f3n sobre nuestros proyectos.<\/strong><\/span><\/p>\n<p>&nbsp;<\/p>\n<p><img decoding=\"async\" class=\"wp-image-1161 alignleft\" src=\"https:\/\/blogsaverroes.juntadeandalucia.es\/iescabeza\/files\/2022\/07\/temp.jpg\" alt=\"\" width=\"187\" height=\"138\" srcset=\"https:\/\/blogsaverroes.juntadeandalucia.es\/iescabeza\/files\/2022\/07\/temp.jpg 806w, https:\/\/blogsaverroes.juntadeandalucia.es\/iescabeza\/files\/2022\/07\/temp-300x222.jpg 300w, https:\/\/blogsaverroes.juntadeandalucia.es\/iescabeza\/files\/2022\/07\/temp-768x569.jpg 768w\" sizes=\"(max-width: 187px) 100vw, 187px\" \/>2009-2011 Proyecto Comenius coordinado por Urla Hakan Ceken Anadolu Lisesi Turqu\u00eda. Tambi\u00e9n participan HLA Hameln (Alemania), Zesp\u00f3\u0142 Szk\u00f3\u0142 (Polonia), LYCEE PROFESSIONNEL VAUVERT (Francia), ITC E. BELTRAMI (Italia), ESCOLA SECUND\u00c1RIA GABRIEL PEREIRA (Portugal) y Joniskio ,,Saules\u201d vidurine mokykla (Lituania)<\/p>\n<p>&nbsp;<\/p>\n<p>&nbsp;<\/p>\n<p>&nbsp;<\/p>\n<p>&nbsp;<\/p>\n<p><a href=\"https:\/\/erasmus-plus.ec.europa.eu\/projects\/search\/details\/2019-1-UK01-KA229-062152\" target=\"_blank\" rel=\"noopener noreferrer\"><img loading=\"lazy\" decoding=\"async\" class=\"wp-image-1159 alignleft\" src=\"https:\/\/blogsaverroes.juntadeandalucia.es\/iescabeza\/files\/2022\/07\/logoerasmuscirculo-150x150.png\" alt=\"\" width=\"187\" height=\"187\" srcset=\"https:\/\/blogsaverroes.juntadeandalucia.es\/iescabeza\/files\/2022\/07\/logoerasmuscirculo-150x150.png 150w, https:\/\/blogsaverroes.juntadeandalucia.es\/iescabeza\/files\/2022\/07\/logoerasmuscirculo-300x300.png 300w, https:\/\/blogsaverroes.juntadeandalucia.es\/iescabeza\/files\/2022\/07\/logoerasmuscirculo-1024x1024.png 1024w, https:\/\/blogsaverroes.juntadeandalucia.es\/iescabeza\/files\/2022\/07\/logoerasmuscirculo-768x768.png 768w, https:\/\/blogsaverroes.juntadeandalucia.es\/iescabeza\/files\/2022\/07\/logoerasmuscirculo-1536x1536.png 1536w, https:\/\/blogsaverroes.juntadeandalucia.es\/iescabeza\/files\/2022\/07\/logoerasmuscirculo.png 2048w, https:\/\/blogsaverroes.juntadeandalucia.es\/iescabeza\/files\/2022\/07\/logoerasmuscirculo-80x80.png 80w, https:\/\/blogsaverroes.juntadeandalucia.es\/iescabeza\/files\/2022\/07\/logoerasmuscirculo-320x320.png 320w\" sizes=\"(max-width: 187px) 100vw, 187px\" \/><\/a>2019-2020 Migration, Present, Past and Furure. Coordinado por Bow School (UK). Tambi\u00e9n participan Werner-von-Siemens-Schule (Alemania), Istituto Polispecialistico Statale \u00abSan Paolo\u00bb (Italia) y ABBAS SIDIKA CALIK HIGH SCHOOL (Turqu\u00eda). Visita la web: http:\/\/migrationppf.wixsite.com\/project y nuestro TWINSPACE: https:\/\/twinspace.etwinning.net\/93026\/home<\/p>\n<p>&nbsp;<\/p>\n<p>&nbsp;<\/p>\n<p>&nbsp;<\/p>\n<p>&nbsp;<\/p>\n<p><a href=\"https:\/\/erasmus-plus.ec.europa.eu\/projects\/search\/details\/2019-1-DE03-KA229-059550\" target=\"_blank\" rel=\"noopener noreferrer\"><img loading=\"lazy\" decoding=\"async\" class=\"wp-image-1171 alignleft\" src=\"https:\/\/blogsaverroes.juntadeandalucia.es\/iescabeza\/files\/2022\/07\/logoyourope-1-150x150.png\" alt=\"\" width=\"165\" height=\"165\" srcset=\"https:\/\/blogsaverroes.juntadeandalucia.es\/iescabeza\/files\/2022\/07\/logoyourope-1-150x150.png 150w, https:\/\/blogsaverroes.juntadeandalucia.es\/iescabeza\/files\/2022\/07\/logoyourope-1-80x80.png 80w, https:\/\/blogsaverroes.juntadeandalucia.es\/iescabeza\/files\/2022\/07\/logoyourope-1-320x320.png 320w\" sizes=\"(max-width: 165px) 100vw, 165px\" \/><\/a>2019-2022 YOUROPE es un proyecto KA229 que tiene a Handelslehranstalt Hameln (Alemania) como coordinador. Pincha en el logo para acceder a la informaci\u00f3n del proyecto.<\/p>\n<p>&nbsp;<\/p>\n<p>&nbsp;<\/p>\n<p>&nbsp;<\/p>\n<p><img loading=\"lazy\" decoding=\"async\" class=\"wp-image-1167 alignleft\" src=\"https:\/\/blogsaverroes.juntadeandalucia.es\/iescabeza\/files\/2022\/07\/logoyoup-150x150.jpg\" alt=\"\" width=\"127\" height=\"127\" srcset=\"https:\/\/blogsaverroes.juntadeandalucia.es\/iescabeza\/files\/2022\/07\/logoyoup-150x150.jpg 150w, https:\/\/blogsaverroes.juntadeandalucia.es\/iescabeza\/files\/2022\/07\/logoyoup-300x300.jpg 300w, https:\/\/blogsaverroes.juntadeandalucia.es\/iescabeza\/files\/2022\/07\/logoyoup-80x80.jpg 80w, https:\/\/blogsaverroes.juntadeandalucia.es\/iescabeza\/files\/2022\/07\/logoyoup-320x320.jpg 320w, https:\/\/blogsaverroes.juntadeandalucia.es\/iescabeza\/files\/2022\/07\/logoyoup.jpg 509w\" sizes=\"(max-width: 127px) 100vw, 127px\" \/><\/p>\n<p style=\"text-align: left\"><img loading=\"lazy\" decoding=\"async\" class=\" wp-image-1374 alignleft\" src=\"https:\/\/blogsaverroes.juntadeandalucia.es\/iescabeza\/files\/2023\/01\/etinning.png\" alt=\"\" width=\"258\" height=\"107\" srcset=\"https:\/\/blogsaverroes.juntadeandalucia.es\/iescabeza\/files\/2023\/01\/etinning.png 326w, https:\/\/blogsaverroes.juntadeandalucia.es\/iescabeza\/files\/2023\/01\/etinning-300x124.png 300w\" sizes=\"(max-width: 258px) 100vw, 258px\" \/><\/p>\n<p style=\"text-align: left\"><a href=\"http:\/\/sepie.es\" target=\"_blank\" rel=\"noopener noreferrer\"><img loading=\"lazy\" decoding=\"async\" class=\"wp-image-1125 alignleft\" src=\"https:\/\/blogsaverroes.juntadeandalucia.es\/iescabeza\/files\/2022\/07\/SEPIE_erasmus_plus.gif\" alt=\"\" width=\"240\" height=\"89\"><\/a><\/p>\n","protected":false},"excerpt":{"rendered":"<p>&nbsp; Desde 2009, el I.E.S. \u00abNtra. Sra de la Cabeza\u00bb participa en programas co-financiados por la Uni\u00f3n Europea, que ofrecen la oportunidad a toda la comunidad educativa de realizar movilidades a nuestro alumnado y&#46;&#46;&#46;<\/p>\n","protected":false},"author":13753,"featured_media":0,"parent":0,"menu_order":0,"comment_status":"closed","ping_status":"closed","template":"","meta":{"ngg_post_thumbnail":0,"footnotes":""},"aioseo_notices":[],"_links":{"self":[{"href":"https:\/\/blogsaverroes.juntadeandalucia.es\/iescabeza\/wp-json\/wp\/v2\/pages\/237"}],"collection":[{"href":"https:\/\/blogsaverroes.juntadeandalucia.es\/iescabeza\/wp-json\/wp\/v2\/pages"}],"about":[{"href":"https:\/\/blogsaverroes.juntadeandalucia.es\/iescabeza\/wp-json\/wp\/v2\/types\/page"}],"author":[{"embeddable":true,"href":"https:\/\/blogsaverroes.juntadeandalucia.es\/iescabeza\/wp-json\/wp\/v2\/users\/13753"}],"replies":[{"embeddable":true,"href":"https:\/\/blogsaverroes.juntadeandalucia.es\/iescabeza\/wp-json\/wp\/v2\/comments?post=237"}],"version-history":[{"count":12,"href":"https:\/\/blogsaverroes.juntadeandalucia.es\/iescabeza\/wp-json\/wp\/v2\/pages\/237\/revisions"}],"predecessor-version":[{"id":1723,"href":"https:\/\/blogsaverroes.juntadeandalucia.es\/iescabeza\/wp-json\/wp\/v2\/pages\/237\/revisions\/1723"}],"wp:attachment":[{"href":"https:\/\/blogsaverroes.juntadeandalucia.es\/iescabeza\/wp-json\/wp\/v2\/media?parent=237"}],"curies":[{"name":"wp","href":"https:\/\/api.w.org\/{rel}","templated":true}]}}

<p><a href="https://sites.google.com/iescabeza.es/erasmusiescabeza/inicio?pli=1" target="_blank" rel="noopener noreferrer"><img fetchpriority="high" decoding="async" class="aligncenter size-full wp-image-1722" src="https://blogsaverroes.juntadeandalucia.es/iescabeza/files/2023/09/Logo-Erasmus.png" alt="" width="1494" height="400" srcset="https://blogsaverroes.juntadeandalucia.es/iescabeza/files/2023/09/Logo-Erasmus.png 1494w, https://blogsaverroes.juntadeandalucia.es/iescabeza/files/2023/09/Logo-Erasmus-300x80.png 300w, https://blogsaverroes.juntadeandalucia.es/iescabeza/files/2023/09/Logo-Erasmus-1024x274.png 1024w, https://blogsaverroes.juntadeandalucia.es/iescabeza/files/2023/09/Logo-Erasmus-768x206.png 768w" sizes="(max-width: 1494px) 100vw, 1494px" /></a></p>
<p>&nbsp;</p>
<p><a href="http://sepie.es">Desde 2009<img decoding="async" class="alignleft wp-image-1158" style="color: #333333" src="https://blogsaverroes.juntadeandalucia.es/iescabeza/files/2022/07/es_v_cofinanciado_por_la_union_europea_pos-150x150.png" alt="" width="84" height="84" srcset="https://blogsaverroes.juntadeandalucia.es/iescabeza/files/2022/07/es_v_cofinanciado_por_la_union_europea_pos-150x150.png 150w, https://blogsaverroes.juntadeandalucia.es/iescabeza/files/2022/07/es_v_cofinanciado_por_la_union_europea_pos-296x300.png 296w, https://blogsaverroes.juntadeandalucia.es/iescabeza/files/2022/07/es_v_cofinanciado_por_la_union_europea_pos-768x778.png 768w, https://blogsaverroes.juntadeandalucia.es/iescabeza/files/2022/07/es_v_cofinanciado_por_la_union_europea_pos-80x80.png 80w, https://blogsaverroes.juntadeandalucia.es/iescabeza/files/2022/07/es_v_cofinanciado_por_la_union_europea_pos-320x320.png 320w, https://blogsaverroes.juntadeandalucia.es/iescabeza/files/2022/07/es_v_cofinanciado_por_la_union_europea_pos.png 910w" sizes="(max-width: 84px) 100vw, 84px" />, el I.E.S. «Ntra. Sra de la Cabeza» participa en programas co-financiados por la Unión Europea, que ofrecen la oportunidad a toda la comunidad educativa de realizar movilidades a nuestro alumnado y profesorado.</a></p>
<p><span style="color: #0000ff"><strong>Visita nuesta página de <span style="font-size: 24pt"><a style="color: #0000ff" href="https://www.facebook.com/groups/3502212729848074">Facebook</a></span> para ver imágenes e información sobre nuestros proyectos.</strong></span></p>
<p>&nbsp;</p>
<p><img decoding="async" class="wp-image-1161 alignleft" src="https://blogsaverroes.juntadeandalucia.es/iescabeza/files/2022/07/temp.jpg" alt="" width="187" height="138" srcset="https://blogsaverroes.juntadeandalucia.es/iescabeza/files/2022/07/temp.jpg 806w, https://blogsaverroes.juntadeandalucia.es/iescabeza/files/2022/07/temp-300x222.jpg 300w, https://blogsaverroes.juntadeandalucia.es/iescabeza/files/2022/07/temp-768x569.jpg 768w" sizes="(max-width: 187px) 100vw, 187px" />2009-2011 Proyecto Comenius coordinado por Urla Hakan Ceken Anadolu Lisesi Turquía. También participan HLA Hameln (Alemania), Zespół Szkół (Polonia), LYCEE PROFESSIONNEL VAUVERT (Francia), ITC E. BELTRAMI (Italia), ESCOLA SECUNDÁRIA GABRIEL PEREIRA (Portugal) y Joniskio ,,Saules” vidurine mokykla (Lituania)</p>
<p>&nbsp;</p>
<p>&nbsp;</p>
<p>&nbsp;</p>
<p>&nbsp;</p>
<p><a href="https://erasmus-plus.ec.europa.eu/projects/search/details/2019-1-UK01-KA229-062152" target="_blank" rel="noopener noreferrer"><img loading="lazy" decoding="async" class="wp-image-1159 alignleft" src="https://blogsaverroes.juntadeandalucia.es/iescabeza/files/2022/07/logoerasmuscirculo-150x150.png" alt="" width="187" height="187" srcset="https://blogsaverroes.juntadeandalucia.es/iescabeza/files/2022/07/logoerasmuscirculo-150x150.png 150w, https://blogsaverroes.juntadeandalucia.es/iescabeza/files/2022/07/logoerasmuscirculo-300x300.png 300w, https://blogsaverroes.juntadeandalucia.es/iescabeza/files/2022/07/logoerasmuscirculo-1024x1024.png 1024w, https://blogsaverroes.juntadeandalucia.es/iescabeza/files/2022/07/logoerasmuscirculo-768x768.png 768w, https://blogsaverroes.juntadeandalucia.es/iescabeza/files/2022/07/logoerasmuscirculo-1536x1536.png 1536w, https://blogsaverroes.juntadeandalucia.es/iescabeza/files/2022/07/logoerasmuscirculo.png 2048w, https://blogsaverroes.juntadeandalucia.es/iescabeza/files/2022/07/logoerasmuscirculo-80x80.png 80w, https://blogsaverroes.juntadeandalucia.es/iescabeza/files/2022/07/logoerasmuscirculo-320x320.png 320w" sizes="(max-width: 187px) 100vw, 187px" /></a>2019-2020 Migration, Present, Past and Furure. Coordinado por Bow School (UK). También participan Werner-von-Siemens-Schule (Alemania), Istituto Polispecialistico Statale «San Paolo» (Italia) y ABBAS SIDIKA CALIK HIGH SCHOOL (Turquía). Visita la web: http://migrationppf.wixsite.com/project y nuestro TWINSPACE: https://twinspace.etwinning.net/93026/home</p>
<p>&nbsp;</p>
<p>&nbsp;</p>
<p>&nbsp;</p>
<p>&nbsp;</p>
<p><a href="https://erasmus-plus.ec.europa.eu/projects/search/details/2019-1-DE03-KA229-059550" target="_blank" rel="noopener noreferrer"><img loading="lazy" decoding="async" class="wp-image-1171 alignleft" src="https://blogsaverroes.juntadeandalucia.es/iescabeza/files/2022/07/logoyourope-1-150x150.png" alt="" width="165" height="165" srcset="https://blogsaverroes.juntadeandalucia.es/iescabeza/files/2022/07/logoyourope-1-150x150.png 150w, https://blogsaverroes.juntadeandalucia.es/iescabeza/files/2022/07/logoyourope-1-80x80.png 80w, https://blogsaverroes.juntadeandalucia.es/iescabeza/files/2022/07/logoyourope-1-320x320.png 320w" sizes="(max-width: 165px) 100vw, 165px" /></a>2019-2022 YOUROPE es un proyecto KA229 que tiene a Handelslehranstalt Hameln (Alemania) como coordinador. Pincha en el logo para acceder a la información del proyecto.</p>
<p>&nbsp;</p>
<p>&nbsp;</p>
<p>&nbsp;</p>
<p><img loading="lazy" decoding="async" class="wp-image-1167 alignleft" src="https://blogsaverroes.juntadeandalucia.es/iescabeza/files/2022/07/logoyoup-150x150.jpg" alt="" width="127" height="127" srcset="https://blogsaverroes.juntadeandalucia.es/iescabeza/files/2022/07/logoyoup-150x150.jpg 150w, https://blogsaverroes.juntadeandalucia.es/iescabeza/files/2022/07/logoyoup-300x300.jpg 300w, https://blogsaverroes.juntadeandalucia.es/iescabeza/files/2022/07/logoyoup-80x80.jpg 80w, https://blogsaverroes.juntadeandalucia.es/iescabeza/files/2022/07/logoyoup-320x320.jpg 320w, https://blogsaverroes.juntadeandalucia.es/iescabeza/files/2022/07/logoyoup.jpg 509w" sizes="(max-width: 127px) 100vw, 127px" /></p>
<p style="text-align: left"><img loading="lazy" decoding="async" class=" wp-image-1374 alignleft" src="https://blogsaverroes.juntadeandalucia.es/iescabeza/files/2023/01/etinning.png" alt="" width="258" height="107" srcset="https://blogsaverroes.juntadeandalucia.es/iescabeza/files/2023/01/etinning.png 326w, https://blogsaverroes.juntadeandalucia.es/iescabeza/files/2023/01/etinning-300x124.png 300w" sizes="(max-width: 258px) 100vw, 258px" /></p>
<p style="text-align: left"><a href="http://sepie.es" target="_blank" rel="noopener noreferrer"><img loading="lazy" decoding="async" class="wp-image-1125 alignleft" src="https://blogsaverroes.juntadeandalucia.es/iescabeza/files/2022/07/SEPIE_erasmus_plus.gif" alt="" width="240" height="89"></a></p>

<p>&nbsp; Desde 2009, el I.E.S. «Ntra. Sra de la Cabeza» participa en programas co-financiados por la Unión Europea, que ofrecen la oportunidad a toda la comunidad educativa de realizar movilidades a nuestro alumnado y&#46;&#46;&#46;</p>
