{"id":239,"date":"2022-01-18T11:08:43","date_gmt":"2022-01-18T11:08:43","guid":{"rendered":"https:\/\/blogsaverroes.juntadeandalucia.es\/iescabeza\/?page_id=239"},"modified":"2025-06-16T10:17:38","modified_gmt":"2025-06-16T10:17:38","slug":"escuela-espacio-de-paz","status":"publish","type":"page","link":"https:\/\/blogsaverroes.juntadeandalucia.es\/iescabeza\/escuela-espacio-de-paz\/","title":{"rendered":"Escuela Espacio de Paz"},"content":{"rendered":"<p><img fetchpriority=\"high\" decoding=\"async\" class=\"wp-image-267 aligncenter\" src=\"https:\/\/blogsaverroes.juntadeandalucia.es\/iescabeza\/files\/2022\/01\/captura11-300x252.png\" alt=\"\" width=\"335\" height=\"282\" srcset=\"https:\/\/blogsaverroes.juntadeandalucia.es\/iescabeza\/files\/2022\/01\/captura11-300x252.png 300w, https:\/\/blogsaverroes.juntadeandalucia.es\/iescabeza\/files\/2022\/01\/captura11.png 600w\" sizes=\"(max-width: 335px) 100vw, 335px\" \/><\/p>\n<p style=\"text-align: justify\">Nuestro centro se incluye dentro de la Red Andaluza \u00abEscuela: Espacio de Paz\u00bb que es una red de centros interesados en compartir iniciativas, recursos y experiencias para la mejora de la convivencia escolar y la difusi\u00f3n de la Cultura de Paz y No-violencia, dentro del entorno escolar, contrayendo un compromiso de profundizaci\u00f3n en aspectos concretos de su Plan de Convivencia.<\/p>\n<p style=\"text-align: justify\">Est\u00e1 enmarcado dentro de los siguientes \u00e1mbitos pedag\u00f3gicos de actuaci\u00f3n:<\/p>\n<ul>\n<li style=\"text-align: justify\">Promoci\u00f3n de la convivencia: desarrollo de valores, actitudes, habilidades y h\u00e1bitos. Prevenci\u00f3n de situaciones de riesgo para la convivencia.<\/li>\n<li style=\"text-align: justify\">Todo ello para conseguir mejorar la prevenci\u00f3n de situaciones conflictivas y la convivencia en el Centro.<\/li>\n<\/ul>\n<p style=\"text-align: justify\">En este marco, nuestro Proyecto sigue aspirando a una transformaci\u00f3n en cursos sucesivos, pero contin\u00faa partiendo de una propuesta ambiciosa, que ayude a afianzar las mejoras en la gesti\u00f3n y en la organizaci\u00f3n del Centro, en cuanto a convivencia, llevadas a cabo en cursos anteriores, y que sirva para aumentar la sensibilidad social y moral contra la violencia en todas sus formas, reforzando las claves de la convivencia y promocion\u00e1ndola mediante el desarrollo de valores, actitudes, habilidades y h\u00e1bitos. Por ello, \u201cEscuela Espacio de Paz\u201d engloba a todos los proyectos y planes que se est\u00e1n llevando a cabo en el centro. Para ello, nos hemos propuestos una serie de objetivos que se pueden consultar en el Plan de Centro.<\/p>\n","protected":false},"excerpt":{"rendered":"<p>Nuestro centro se incluye dentro de la Red Andaluza \u00abEscuela: Espacio de Paz\u00bb que es una red de centros interesados en compartir iniciativas, recursos y experiencias para la mejora de la convivencia escolar y&#46;&#46;&#46;<\/p>\n","protected":false},"author":13753,"featured_media":0,"parent":0,"menu_order":0,"comment_status":"closed","ping_status":"closed","template":"","meta":{"ngg_post_thumbnail":0,"footnotes":""},"aioseo_notices":[],"_links":{"self":[{"href":"https:\/\/blogsaverroes.juntadeandalucia.es\/iescabeza\/wp-json\/wp\/v2\/pages\/239"}],"collection":[{"href":"https:\/\/blogsaverroes.juntadeandalucia.es\/iescabeza\/wp-json\/wp\/v2\/pages"}],"about":[{"href":"https:\/\/blogsaverroes.juntadeandalucia.es\/iescabeza\/wp-json\/wp\/v2\/types\/page"}],"author":[{"embeddable":true,"href":"https:\/\/blogsaverroes.juntadeandalucia.es\/iescabeza\/wp-json\/wp\/v2\/users\/13753"}],"replies":[{"embeddable":true,"href":"https:\/\/blogsaverroes.juntadeandalucia.es\/iescabeza\/wp-json\/wp\/v2\/comments?post=239"}],"version-history":[{"count":6,"href":"https:\/\/blogsaverroes.juntadeandalucia.es\/iescabeza\/wp-json\/wp\/v2\/pages\/239\/revisions"}],"predecessor-version":[{"id":2669,"href":"https:\/\/blogsaverroes.juntadeandalucia.es\/iescabeza\/wp-json\/wp\/v2\/pages\/239\/revisions\/2669"}],"wp:attachment":[{"href":"https:\/\/blogsaverroes.juntadeandalucia.es\/iescabeza\/wp-json\/wp\/v2\/media?parent=239"}],"curies":[{"name":"wp","href":"https:\/\/api.w.org\/{rel}","templated":true}]}}