{"id":2850,"date":"2025-09-09T16:37:29","date_gmt":"2025-09-09T16:37:29","guid":{"rendered":"https:\/\/blogsaverroes.juntadeandalucia.es\/iescabeza\/?page_id=2850"},"modified":"2025-09-09T16:37:40","modified_gmt":"2025-09-09T16:37:40","slug":"departamento-de-orientacion","status":"publish","type":"page","link":"https:\/\/blogsaverroes.juntadeandalucia.es\/iescabeza\/departamento-de-orientacion\/","title":{"rendered":"Departamento de ORIENTACI\u00d3N"},"content":{"rendered":"<ul>\n<li>D. Mar\u00eda Encarnaci\u00f3n P\u00e9rez Guerrero. (Orientadora).<\/li>\n<li>D. Jes\u00fas Manuel Jim\u00e9nez Mena. (Pedagog\u00eda Terap\u00e9utica).&nbsp;<\/li>\n<\/ul>\n<table style=\"border-collapse: collapse;width: 100%;height: 248px\">\n<tbody>\n<tr style=\"height: 248px\">\n<td style=\"width: 50%;height: 248px\"><a href=\"https:\/\/blogsaverroes.juntadeandalucia.es\/iescabeza\/files\/2025\/09\/Perez-Guerrero-Maria-.jpeg\"><img decoding=\"async\" class=\"aligncenter wp-image-2851\" src=\"https:\/\/blogsaverroes.juntadeandalucia.es\/iescabeza\/files\/2025\/09\/Perez-Guerrero-Maria--225x300.jpeg\" alt=\"\" width=\"152\" height=\"203\" srcset=\"https:\/\/blogsaverroes.juntadeandalucia.es\/iescabeza\/files\/2025\/09\/Perez-Guerrero-Maria--225x300.jpeg 225w, https:\/\/blogsaverroes.juntadeandalucia.es\/iescabeza\/files\/2025\/09\/Perez-Guerrero-Maria--768x1024.jpeg 768w, https:\/\/blogsaverroes.juntadeandalucia.es\/iescabeza\/files\/2025\/09\/Perez-Guerrero-Maria--1152x1536.jpeg 1152w, https:\/\/blogsaverroes.juntadeandalucia.es\/iescabeza\/files\/2025\/09\/Perez-Guerrero-Maria-.jpeg 1536w\" sizes=\"(max-width: 152px) 100vw, 152px\" \/><\/a><\/td>\n<td style=\"width: 50%;height: 248px\"><a href=\"https:\/\/blogsaverroes.juntadeandalucia.es\/iescabeza\/files\/2025\/09\/Jimenez-Mena-Jesus-Manuel-scaled.jpg\"><img decoding=\"async\" class=\"aligncenter wp-image-2852\" src=\"https:\/\/blogsaverroes.juntadeandalucia.es\/iescabeza\/files\/2025\/09\/Jimenez-Mena-Jesus-Manuel-300x200.jpg\" alt=\"\" width=\"256\" height=\"170\" srcset=\"https:\/\/blogsaverroes.juntadeandalucia.es\/iescabeza\/files\/2025\/09\/Jimenez-Mena-Jesus-Manuel-300x200.jpg 300w, https:\/\/blogsaverroes.juntadeandalucia.es\/iescabeza\/files\/2025\/09\/Jimenez-Mena-Jesus-Manuel-1024x683.jpg 1024w, https:\/\/blogsaverroes.juntadeandalucia.es\/iescabeza\/files\/2025\/09\/Jimenez-Mena-Jesus-Manuel-768x512.jpg 768w, https:\/\/blogsaverroes.juntadeandalucia.es\/iescabeza\/files\/2025\/09\/Jimenez-Mena-Jesus-Manuel-1536x1024.jpg 1536w, https:\/\/blogsaverroes.juntadeandalucia.es\/iescabeza\/files\/2025\/09\/Jimenez-Mena-Jesus-Manuel-2048x1365.jpg 2048w\" sizes=\"(max-width: 256px) 100vw, 256px\" \/><\/a><\/td>\n<\/tr>\n<\/tbody>\n<\/table>\n<h3 style=\"text-align: center\">CRITERIOS DE EVALUACI\u00d3N 25\/26<\/h3>\n","protected":false},"excerpt":{"rendered":"<p>D. Mar\u00eda Encarnaci\u00f3n P\u00e9rez Guerrero. (Orientadora). D. Jes\u00fas Manuel Jim\u00e9nez Mena. (Pedagog\u00eda Terap\u00e9utica).&nbsp; CRITERIOS DE EVALUACI\u00d3N 25\/26<\/p>\n","protected":false},"author":18412,"featured_media":0,"parent":0,"menu_order":0,"comment_status":"closed","ping_status":"closed","template":"","meta":{"ngg_post_thumbnail":0,"footnotes":""},"aioseo_notices":[],"_links":{"self":[{"href":"https:\/\/blogsaverroes.juntadeandalucia.es\/iescabeza\/wp-json\/wp\/v2\/pages\/2850"}],"collection":[{"href":"https:\/\/blogsaverroes.juntadeandalucia.es\/iescabeza\/wp-json\/wp\/v2\/pages"}],"about":[{"href":"https:\/\/blogsaverroes.juntadeandalucia.es\/iescabeza\/wp-json\/wp\/v2\/types\/page"}],"author":[{"embeddable":true,"href":"https:\/\/blogsaverroes.juntadeandalucia.es\/iescabeza\/wp-json\/wp\/v2\/users\/18412"}],"replies":[{"embeddable":true,"href":"https:\/\/blogsaverroes.juntadeandalucia.es\/iescabeza\/wp-json\/wp\/v2\/comments?post=2850"}],"version-history":[{"count":2,"href":"https:\/\/blogsaverroes.juntadeandalucia.es\/iescabeza\/wp-json\/wp\/v2\/pages\/2850\/revisions"}],"predecessor-version":[{"id":2854,"href":"https:\/\/blogsaverroes.juntadeandalucia.es\/iescabeza\/wp-json\/wp\/v2\/pages\/2850\/revisions\/2854"}],"wp:attachment":[{"href":"https:\/\/blogsaverroes.juntadeandalucia.es\/iescabeza\/wp-json\/wp\/v2\/media?parent=2850"}],"curies":[{"name":"wp","href":"https:\/\/api.w.org\/{rel}","templated":true}]}}