{"id":2970,"date":"2026-02-09T08:16:55","date_gmt":"2026-02-09T08:16:55","guid":{"rendered":"https:\/\/blogsaverroes.juntadeandalucia.es\/iescabeza\/?page_id=2970"},"modified":"2026-02-09T08:31:52","modified_gmt":"2026-02-09T08:31:52","slug":"programas-culturales","status":"publish","type":"page","link":"https:\/\/blogsaverroes.juntadeandalucia.es\/iescabeza\/programas-culturales\/","title":{"rendered":"Programas Culturales"},"content":{"rendered":"<p>La cultura es un elemento esencial para la construcci\u00f3n de nuestra identidad social y personal. Programas Culturales busca facilitar el acceso del alumnado a los bienes culturales, as\u00ed como fomentar la creatividad, la expresi\u00f3n emocional, el pensamiento cr\u00edtico y el trabajo colaborativo a trav\u00e9s de metodolog\u00edas activas, potenciando as\u00ed la competencia cultural y art\u00edstica del alumnado.<\/p>\n<p>Este Programa engloba cuatro l\u00edneas de trabajo, todas ellas muy vivas en nuestro centro y avaladas por una larga trayectoria:<\/p>\n<p><a href=\"https:\/\/blogsaverroes.juntadeandalucia.es\/iescabeza\/files\/2026\/02\/LOGO-PNG.png\"><img fetchpriority=\"high\" decoding=\"async\" class=\"alignright wp-image-2971 size-full\" src=\"https:\/\/blogsaverroes.juntadeandalucia.es\/iescabeza\/files\/2026\/02\/LOGO-PNG.png\" alt=\"\" width=\"225\" height=\"225\" srcset=\"https:\/\/blogsaverroes.juntadeandalucia.es\/iescabeza\/files\/2026\/02\/LOGO-PNG.png 225w, https:\/\/blogsaverroes.juntadeandalucia.es\/iescabeza\/files\/2026\/02\/LOGO-PNG-150x150.png 150w, https:\/\/blogsaverroes.juntadeandalucia.es\/iescabeza\/files\/2026\/02\/LOGO-PNG-80x80.png 80w\" sizes=\"(max-width: 225px) 100vw, 225px\" \/><\/a><\/p>\n<p>&nbsp;<\/p>\n<ul>\n<li><strong>Artes Esc\u00e9nicas.<\/strong> Actividades de m\u00fasica, teatro y danza.<\/li>\n<li><strong>Flamenco en el Aula.<\/strong> Experiencias did\u00e1cticas que integran el flamenco.<\/li>\n<li><strong>Aula de Cine.<\/strong> Alfabetizaci\u00f3n audiovisual: aprender a ver y hacer cine a trav\u00e9s de cortos audiovisuales.<\/li>\n<li><strong>Vivir y sentir el Patrimonio.<\/strong> Esta l\u00ednea de trabajo tiene como objetivo favorecer el disfrute de nuestro Patrimonio hist\u00f3rico-art\u00edstico y promover el conocimiento, valoraci\u00f3n, respeto y defensa de nuestro legado como riqueza y propiedad colectiva que es.<\/li>\n<\/ul>\n<p>&nbsp;<\/p>\n<p>Si quieres comprobar c\u00f3mo desarrollamos estas l\u00edneas de trabajo echa un vistazo a las siguientes fotograf\u00edas. Una imagen vale m\u00e1s que mil palabras.<\/p>\nngg_shortcode_0_placeholder\n","protected":false},"excerpt":{"rendered":"<p>La cultura es un elemento esencial para la construcci\u00f3n de nuestra identidad social y personal. Programas Culturales busca facilitar el acceso del alumnado a los bienes culturales, as\u00ed como fomentar la creatividad, la expresi\u00f3n&#46;&#46;&#46;<\/p>\n","protected":false},"author":18412,"featured_media":0,"parent":0,"menu_order":0,"comment_status":"closed","ping_status":"closed","template":"","meta":{"ngg_post_thumbnail":0,"footnotes":""},"aioseo_notices":[],"_links":{"self":[{"href":"https:\/\/blogsaverroes.juntadeandalucia.es\/iescabeza\/wp-json\/wp\/v2\/pages\/2970"}],"collection":[{"href":"https:\/\/blogsaverroes.juntadeandalucia.es\/iescabeza\/wp-json\/wp\/v2\/pages"}],"about":[{"href":"https:\/\/blogsaverroes.juntadeandalucia.es\/iescabeza\/wp-json\/wp\/v2\/types\/page"}],"author":[{"embeddable":true,"href":"https:\/\/blogsaverroes.juntadeandalucia.es\/iescabeza\/wp-json\/wp\/v2\/users\/18412"}],"replies":[{"embeddable":true,"href":"https:\/\/blogsaverroes.juntadeandalucia.es\/iescabeza\/wp-json\/wp\/v2\/comments?post=2970"}],"version-history":[{"count":6,"href":"https:\/\/blogsaverroes.juntadeandalucia.es\/iescabeza\/wp-json\/wp\/v2\/pages\/2970\/revisions"}],"predecessor-version":[{"id":2993,"href":"https:\/\/blogsaverroes.juntadeandalucia.es\/iescabeza\/wp-json\/wp\/v2\/pages\/2970\/revisions\/2993"}],"wp:attachment":[{"href":"https:\/\/blogsaverroes.juntadeandalucia.es\/iescabeza\/wp-json\/wp\/v2\/media?parent=2970"}],"curies":[{"name":"wp","href":"https:\/\/api.w.org\/{rel}","templated":true}]}}