{"id":3016,"date":"2026-02-10T17:14:42","date_gmt":"2026-02-10T17:14:42","guid":{"rendered":"https:\/\/blogsaverroes.juntadeandalucia.es\/iescabeza\/?page_id=3016"},"modified":"2026-02-10T17:16:20","modified_gmt":"2026-02-10T17:16:20","slug":"programa-stem","status":"publish","type":"page","link":"https:\/\/blogsaverroes.juntadeandalucia.es\/iescabeza\/programa-stem\/","title":{"rendered":"Programa STEM"},"content":{"rendered":"<h2>Impulso de Vocaciones Cient\u00edficas: Programa STEM&nbsp;<\/h2>\n<p style=\"text-align: justify\">En nuestro compromiso por preparar al alumnado para los desaf\u00edos del siglo XXI, este curso 2025-26 consolidamos nuestra participaci\u00f3n en el&nbsp;<b>Programa de Impulso de Vocaciones Cient\u00edfico-Tecnol\u00f3gicas (STEM)<\/b>&nbsp;de la Junta de Andaluc\u00eda. Este proyecto nace con el objetivo de despertar la curiosidad y el pensamiento cr\u00edtico a trav\u00e9s de la experimentaci\u00f3n real. Mediante talleres de&nbsp;<b>rob\u00f3tica, programaci\u00f3n, sostenibilidad y proyectos de investigaci\u00f3n<\/b>, nuestros alumnos y alumnas aprenden a aplicar las matem\u00e1ticas y la tecnolog\u00eda para resolver problemas del mundo real.&nbsp; En nuestro centro, la ciencia no solo se estudia en los libros; se crea, se construye y se vive.<\/p>\n<p style=\"text-align: justify\">Adem\u00e1s de nuestros propios proyectos, los programas y recursos educativos promovidos por la&nbsp;<strong>Oficina ESERO Espa\u00f1a<\/strong>&nbsp;y el&nbsp;<strong>Parque de las Ciencias de Granada<\/strong>, .<\/p>\n<ul>\n<li><a href=\"https:\/\/drive.google.com\/file\/d\/1djmDT_LBsoogZmfAJzoNgXpJIye9ZHVY\/view?usp=sharing\" target=\"_blank\" rel=\"noopener\" data-saferedirecturl=\"https:\/\/www.google.com\/url?q=https:\/\/drive.google.com\/file\/d\/1djmDT_LBsoogZmfAJzoNgXpJIye9ZHVY\/view?usp%3Dsharing&amp;source=gmail&amp;ust=1770829603936000&amp;usg=AOvVaw3unordJJebwgIDj1IEwou4\">Investiga en el aula<\/a>.&nbsp;<\/li>\n<li><a href=\"https:\/\/drive.google.com\/file\/d\/1vTU4cLS_K-ow5JX7FFDCtmRCVPCOTv7k\/view?usp=sharing\" target=\"_blank\" rel=\"noopener\" data-saferedirecturl=\"https:\/\/www.google.com\/url?q=https:\/\/drive.google.com\/file\/d\/1vTU4cLS_K-ow5JX7FFDCtmRCVPCOTv7k\/view?usp%3Dsharing&amp;source=gmail&amp;ust=1770829603936000&amp;usg=AOvVaw1nBB_Jnrk8sJdeWH-hXK2t\">Feria de las Ciencias de Granada<\/a>.&nbsp;<\/li>\n<li><a href=\"https:\/\/drive.google.com\/file\/d\/1U2jI7YPSkGcMlzkbWFs--Q4PjfNHK3oy\/view?usp=sharing\" target=\"_blank\" rel=\"noopener\" data-saferedirecturl=\"https:\/\/www.google.com\/url?q=https:\/\/drive.google.com\/file\/d\/1U2jI7YPSkGcMlzkbWFs--Q4PjfNHK3oy\/view?usp%3Dsharing&amp;source=gmail&amp;ust=1770829603936000&amp;usg=AOvVaw11L35ZgVHXxojgeviOFOoh\">CanSat.<\/a><\/li>\n<li><a href=\"https:\/\/drive.google.com\/file\/d\/1KPpkbjAvb-r-9G3tG-WOOn1_sdZn8euN\/view?usp=sharing\" target=\"_blank\" rel=\"noopener\" data-saferedirecturl=\"https:\/\/www.google.com\/url?q=https:\/\/drive.google.com\/file\/d\/1KPpkbjAvb-r-9G3tG-WOOn1_sdZn8euN\/view?usp%3Dsharing&amp;source=gmail&amp;ust=1770829603936000&amp;usg=AOvVaw1vH65Q0xoybJ_XaGFys0vX\">Mission X.<\/a>&nbsp;<\/li>\n<li><a href=\"https:\/\/drive.google.com\/file\/d\/19LwzbF4NS-slMVijgjqRvNyGicx4-gy0\/view?usp=sharing\" target=\"_blank\" rel=\"noopener\" data-saferedirecturl=\"https:\/\/www.google.com\/url?q=https:\/\/drive.google.com\/file\/d\/19LwzbF4NS-slMVijgjqRvNyGicx4-gy0\/view?usp%3Dsharing&amp;source=gmail&amp;ust=1770829603936000&amp;usg=AOvVaw1-iLj8pz6oAMoqRVju3M3j\">Astro Pi<\/a>.&nbsp;<\/li>\n<li><a href=\"https:\/\/drive.google.com\/file\/d\/1Bd01RsUOzmKGCMRLHhFzsab13nXvsqSz\/view?usp=sharing\" target=\"_blank\" rel=\"noopener\" data-saferedirecturl=\"https:\/\/www.google.com\/url?q=https:\/\/drive.google.com\/file\/d\/1Bd01RsUOzmKGCMRLHhFzsab13nXvsqSz\/view?usp%3Dsharing&amp;source=gmail&amp;ust=1770829603936000&amp;usg=AOvVaw0Xxtw6PypMG9UBHYvCAXNl\">Detectives Clim\u00e1ticos<\/a>.&nbsp;<\/li>\n<li><a href=\"https:\/\/drive.google.com\/file\/d\/1IguQ4lcaYvUer8JJLbUXKdN8MS7OWJ18\/view?usp=sharing\" target=\"_blank\" rel=\"noopener\" data-saferedirecturl=\"https:\/\/www.google.com\/url?q=https:\/\/drive.google.com\/file\/d\/1IguQ4lcaYvUer8JJLbUXKdN8MS7OWJ18\/view?usp%3Dsharing&amp;source=gmail&amp;ust=1770829603936000&amp;usg=AOvVaw0FxG0OyAt_V-D0Euws6bPw\">Moon Camp<\/a>.<\/li>\n<\/ul>\n","protected":false},"excerpt":{"rendered":"<p>Impulso de Vocaciones Cient\u00edficas: Programa STEM&nbsp; En nuestro compromiso por preparar al alumnado para los desaf\u00edos del siglo XXI, este curso 2025-26 consolidamos nuestra participaci\u00f3n en el&nbsp;Programa de Impulso de Vocaciones Cient\u00edfico-Tecnol\u00f3gicas (STEM)&nbsp;de la&#46;&#46;&#46;<\/p>\n","protected":false},"author":18412,"featured_media":0,"parent":0,"menu_order":0,"comment_status":"closed","ping_status":"closed","template":"","meta":{"ngg_post_thumbnail":0,"footnotes":""},"aioseo_notices":[],"_links":{"self":[{"href":"https:\/\/blogsaverroes.juntadeandalucia.es\/iescabeza\/wp-json\/wp\/v2\/pages\/3016"}],"collection":[{"href":"https:\/\/blogsaverroes.juntadeandalucia.es\/iescabeza\/wp-json\/wp\/v2\/pages"}],"about":[{"href":"https:\/\/blogsaverroes.juntadeandalucia.es\/iescabeza\/wp-json\/wp\/v2\/types\/page"}],"author":[{"embeddable":true,"href":"https:\/\/blogsaverroes.juntadeandalucia.es\/iescabeza\/wp-json\/wp\/v2\/users\/18412"}],"replies":[{"embeddable":true,"href":"https:\/\/blogsaverroes.juntadeandalucia.es\/iescabeza\/wp-json\/wp\/v2\/comments?post=3016"}],"version-history":[{"count":2,"href":"https:\/\/blogsaverroes.juntadeandalucia.es\/iescabeza\/wp-json\/wp\/v2\/pages\/3016\/revisions"}],"predecessor-version":[{"id":3018,"href":"https:\/\/blogsaverroes.juntadeandalucia.es\/iescabeza\/wp-json\/wp\/v2\/pages\/3016\/revisions\/3018"}],"wp:attachment":[{"href":"https:\/\/blogsaverroes.juntadeandalucia.es\/iescabeza\/wp-json\/wp\/v2\/media?parent=3016"}],"curies":[{"name":"wp","href":"https:\/\/api.w.org\/{rel}","templated":true}]}}