{"id":3027,"date":"2026-02-11T11:50:58","date_gmt":"2026-02-11T11:50:58","guid":{"rendered":"https:\/\/blogsaverroes.juntadeandalucia.es\/iescabeza\/?page_id=3027"},"modified":"2026-02-11T12:01:35","modified_gmt":"2026-02-11T12:01:35","slug":"programa-fenix","status":"publish","type":"page","link":"https:\/\/blogsaverroes.juntadeandalucia.es\/iescabeza\/programa-fenix\/","title":{"rendered":"Programa Fenix"},"content":{"rendered":"<div style=\"text-align: justify\">El programa \u00ab<a href=\"https:\/\/www.juntadeandalucia.es\/organismos\/transparencia\/planificacion-evaluacion-estadistica\/planes\/detalle\/329299.html\" target=\"_blank\" rel=\"noopener\" data-saferedirecturl=\"https:\/\/www.google.com\/url?q=https:\/\/www.google.com\/search?q%3DF%25C3%25A9nix%2BAndaluc%25C3%25ADa%26rlz%3D1C1YTUH_esES1201%26oq%3Dinformacion%2Bfenix%2Bandaly%26aqs%3Dchrome.1.69i57j33i10i160l2.14831j0j7%26sourceid%3Dchrome%26ie%3DUTF-8%26sei%3Dr0SMaZq9GOPii-gP57egmAE%26mstk%3DAUtExfAW0Z2mDWbw-wwUO6sPa9SMnR-uGoMCRJ340WAl4DvyXMYXEUCV9n_JLSGjQ4pg-zken3KVZ9U6I8uvHAFcQ0MBuHzXztERtXqTsscDWCEuYARrq3s7FZqO77cKNYv93Bw%26csui%3D3%26ved%3D2ahUKEwi-99WYidGSAxWf1QIHHXBYIXwQgK4QegQIARAB&amp;source=gmail&amp;ust=1770896807646000&amp;usg=AOvVaw2wSp7A7AUj79aqq04Pxv9Z\">F\u00e9nix Andaluc\u00eda<\/a>\u00bb es una iniciativa de mentor\u00eda social de la Junta de Andaluc\u00eda orientada a centros educativos en zonas de exclusi\u00f3n social o riesgo de exclusi\u00f3n. Busca reducir el abandono escolar y aumentar la motivaci\u00f3n del alumnado de Primaria y ESO mediante la participaci\u00f3n de mentores externos, fomentando la igualdad de oportunidades y el desarrollo de competencias.<span aria-hidden=\"true\">&nbsp;<\/span><\/div>\n<div>&nbsp;<\/div>\n<div style=\"text-align: justify\">Detalles clave del Programa F\u00e9nix Andaluc\u00eda:<\/div>\n<ul>\n<li><strong>Objetivo Principal:&nbsp;<\/strong>Combatir el absentismo y fomentar el desarrollo personal y acad\u00e9mico del alumnado en entornos vulnerables.<\/li>\n<li><strong>Acciones:<\/strong>&nbsp;Se basa en la mentor\u00eda social, donde figuras de referencia (mentores) comparten experiencias para inspirar a los j\u00f3venes, apoyado con materiales did\u00e1cticos.<\/li>\n<li><strong>Participantes:&nbsp;<\/strong>Dirigido a centros docentes p\u00fablicos que imparten Educaci\u00f3n Primaria y Educaci\u00f3n Secundaria Obligatoria.<\/li>\n<li><strong>Mentores:&nbsp;<\/strong>Profesionales de diversos \u00e1mbitos act\u00faan como modelos de apoyo para el alumnado.<span aria-hidden=\"true\">&nbsp;<\/span><\/li>\n<\/ul>\n<p>&nbsp;<\/p>\n<blockquote>\n<p style=\"text-align: justify\">Este programa facilita la creaci\u00f3n de entornos seguros y motivadores, conectando al alumnado con personas que pueden guiar su crecimiento personal y profesional.<\/p>\n<\/blockquote>\n<p><iframe src=\"\/\/www.youtube.com\/embed\/SFzm6sTyT9I\" width=\"951\" height=\"535\" frameborder=\"0\"><\/iframe><\/p>\n","protected":false},"excerpt":{"rendered":"<p>El programa \u00abF\u00e9nix Andaluc\u00eda\u00bb es una iniciativa de mentor\u00eda social de la Junta de Andaluc\u00eda orientada a centros educativos en zonas de exclusi\u00f3n social o riesgo de exclusi\u00f3n. Busca reducir el abandono escolar y&#46;&#46;&#46;<\/p>\n","protected":false},"author":18412,"featured_media":0,"parent":0,"menu_order":0,"comment_status":"closed","ping_status":"closed","template":"","meta":{"ngg_post_thumbnail":0,"footnotes":""},"aioseo_notices":[],"_links":{"self":[{"href":"https:\/\/blogsaverroes.juntadeandalucia.es\/iescabeza\/wp-json\/wp\/v2\/pages\/3027"}],"collection":[{"href":"https:\/\/blogsaverroes.juntadeandalucia.es\/iescabeza\/wp-json\/wp\/v2\/pages"}],"about":[{"href":"https:\/\/blogsaverroes.juntadeandalucia.es\/iescabeza\/wp-json\/wp\/v2\/types\/page"}],"author":[{"embeddable":true,"href":"https:\/\/blogsaverroes.juntadeandalucia.es\/iescabeza\/wp-json\/wp\/v2\/users\/18412"}],"replies":[{"embeddable":true,"href":"https:\/\/blogsaverroes.juntadeandalucia.es\/iescabeza\/wp-json\/wp\/v2\/comments?post=3027"}],"version-history":[{"count":7,"href":"https:\/\/blogsaverroes.juntadeandalucia.es\/iescabeza\/wp-json\/wp\/v2\/pages\/3027\/revisions"}],"predecessor-version":[{"id":3034,"href":"https:\/\/blogsaverroes.juntadeandalucia.es\/iescabeza\/wp-json\/wp\/v2\/pages\/3027\/revisions\/3034"}],"wp:attachment":[{"href":"https:\/\/blogsaverroes.juntadeandalucia.es\/iescabeza\/wp-json\/wp\/v2\/media?parent=3027"}],"curies":[{"name":"wp","href":"https:\/\/api.w.org\/{rel}","templated":true}]}}