{"id":466,"date":"2022-02-21T10:18:41","date_gmt":"2022-02-21T10:18:41","guid":{"rendered":"https:\/\/blogsaverroes.juntadeandalucia.es\/iescabeza\/?page_id=466"},"modified":"2024-02-26T11:32:07","modified_gmt":"2024-02-26T11:32:07","slug":"nuestra-historia-2","status":"publish","type":"page","link":"https:\/\/blogsaverroes.juntadeandalucia.es\/iescabeza\/nuestra-historia-2\/","title":{"rendered":"Nuestra historia"},"content":{"rendered":"<p>Tradici\u00f3n e innovaci\u00f3n se unen en el IES Nuestra Se\u00f1ora de la Cabeza. Esto nos permite aprovechar el poso de la experiencia de un centro que ha formado a generaciones desde 1961, pero que al mismo tiempo ha sabido adaptarse a los cambios en el sistema educativo apostando por la internacionalizaci\u00f3n, la competencia ling\u00fc\u00edstica en idiomas, el fomento de la cultura cient\u00edfica m\u00e1s<br \/>\ninnovadora, la creatividad art\u00edstica y la inclusi\u00f3n de valores solidarios, la aplicaci\u00f3n de las nuevas tecnolog\u00edas y la innovaci\u00f3n metodol\u00f3gica a sus m\u00e9todos de ense\u00f1anza.<br \/>\nOfrecemos a nuestro alumnado una educaci\u00f3n innovadora para el siglo XXI sin perder por ello el respeto a nuestra historia y su legado. Estas son nuestras se\u00f1as de identidad.<\/p>\n<p><a href=\"https:\/\/www.europapress.es\/andalucia\/educacion-00651\/noticia-educaciondestaca-apuesta-innovacion-excelencia-ies-senora-cabeza-andujar-jaen20220215134324.html\">https:\/\/www.europapress.es\/andalucia\/educacion-00651\/noticia-educaciondestaca-apuesta-innovacion-excelencia-ies-senora-cabeza-andujar-jaen20220215134324.html<\/a><\/p>\n<p>El I.E.S. Nuestra Se\u00f1ora de la Cabeza de And\u00fajar es un centro pu\u0301blico, dependiente de la Consejeri\u0301a de Educacio\u0301n de la Junta de Andaluci\u0301a, que se ubica en el centro de la ciudad, en una zona bien comunicada y de fa\u0301cil acceso.<br \/>\nEn el curso acad\u00e9mico 2021-2022 el Instituto cumplir\u00e1 60 a\u00f1os de vida. Este Instituto ha sido un pilar clave en el desarrollo de la ciudad de And\u00fajar y comarca, ya que el hecho de poder cursar estudios en su localidad, hizo que muchos j\u00f3venes pudieran acceder a estudios universitarios, contribuyendo a elevar el nivel cultural de toda la ciudad y a abrir expectativas de futuro para muchos de sus habitantes.<br \/>\nEl Instituto sigue comprometido con la ciudadan\u00eda de And\u00fajar y comarca, colaborando en m\u00faltiples actividades del Ayuntamiento as\u00ed como con diversas empresas y entidades de inter\u00e9s general. Este compromiso es visible en la cantidad de generaciones que han sido formadas en nuestro centro y que son ahora referente y agentes de transformaci\u00f3n de nuestra sociedad.<\/p>\n<p>El edificio que nos acoge fue construido en 1961 y proyectado por el afamado arquitecto Miguel Fisac Serna, Premio Nacional de Arquitectura en 2003, por lo que en la actualidad es un edificio protegido y catalogado como Bien de Inter\u00e9s Cultural (BIC) por el Instituto Andaluz de Patrimonio Hist\u00f3rico.<\/p>\n<p><a href=\"https:\/\/guiadigital.iaph.es\/bien\/inmueble\/197353\/jaen\/andujar\/instituto-deensenanza-secundaria-nuestra-senora-de-la-cabeza\">https:\/\/guiadigital.iaph.es\/bien\/inmueble\/197353\/jaen\/andujar\/instituto-deensenanza-secundaria-nuestra-senora-de-la-cabeza<\/a><\/p>\n<p><a href=\"https:\/\/arquitecturadeandujar.com\/monumento\/instituto-ntra-sra-de-la-cabezaurbanismo\/\">https:\/\/arquitecturadeandujar.com\/monumento\/instituto-ntra-sra-de-la-cabezaurbanismo\/<\/a><\/p>\n<p>El edificio consta de dos plantas que se distribuyen en cuatro bloques dispuestos en \u201cY griega\u201d, unidos por el vest\u00edbulo.<br \/>\nA lo largo del tiempo el edificio ha sido adaptado, ampliado y actualizado con nuevos espacios, recursos y tecnolog\u00edas.<\/p>\n<p>&nbsp;<\/p>\n","protected":false},"excerpt":{"rendered":"<p>Tradici\u00f3n e innovaci\u00f3n se unen en el IES Nuestra Se\u00f1ora de la Cabeza. Esto nos permite aprovechar el poso de la experiencia de un centro que ha formado a generaciones desde 1961, pero que&#46;&#46;&#46;<\/p>\n","protected":false},"author":13753,"featured_media":171,"parent":0,"menu_order":0,"comment_status":"closed","ping_status":"closed","template":"","meta":{"ngg_post_thumbnail":0,"footnotes":""},"aioseo_notices":[],"_links":{"self":[{"href":"https:\/\/blogsaverroes.juntadeandalucia.es\/iescabeza\/wp-json\/wp\/v2\/pages\/466"}],"collection":[{"href":"https:\/\/blogsaverroes.juntadeandalucia.es\/iescabeza\/wp-json\/wp\/v2\/pages"}],"about":[{"href":"https:\/\/blogsaverroes.juntadeandalucia.es\/iescabeza\/wp-json\/wp\/v2\/types\/page"}],"author":[{"embeddable":true,"href":"https:\/\/blogsaverroes.juntadeandalucia.es\/iescabeza\/wp-json\/wp\/v2\/users\/13753"}],"replies":[{"embeddable":true,"href":"https:\/\/blogsaverroes.juntadeandalucia.es\/iescabeza\/wp-json\/wp\/v2\/comments?post=466"}],"version-history":[{"count":6,"href":"https:\/\/blogsaverroes.juntadeandalucia.es\/iescabeza\/wp-json\/wp\/v2\/pages\/466\/revisions"}],"predecessor-version":[{"id":1811,"href":"https:\/\/blogsaverroes.juntadeandalucia.es\/iescabeza\/wp-json\/wp\/v2\/pages\/466\/revisions\/1811"}],"wp:featuredmedia":[{"embeddable":true,"href":"https:\/\/blogsaverroes.juntadeandalucia.es\/iescabeza\/wp-json\/wp\/v2\/media\/171"}],"wp:attachment":[{"href":"https:\/\/blogsaverroes.juntadeandalucia.es\/iescabeza\/wp-json\/wp\/v2\/media?parent=466"}],"curies":[{"name":"wp","href":"https:\/\/api.w.org\/{rel}","templated":true}]}}

<p>Tradición e innovación se unen en el IES Nuestra Señora de la Cabeza. Esto nos permite aprovechar el poso de la experiencia de un centro que ha formado a generaciones desde 1961, pero que al mismo tiempo ha sabido adaptarse a los cambios en el sistema educativo apostando por la internacionalización, la competencia lingüística en idiomas, el fomento de la cultura científica más<br />
innovadora, la creatividad artística y la inclusión de valores solidarios, la aplicación de las nuevas tecnologías y la innovación metodológica a sus métodos de enseñanza.<br />
Ofrecemos a nuestro alumnado una educación innovadora para el siglo XXI sin perder por ello el respeto a nuestra historia y su legado. Estas son nuestras señas de identidad.</p>
<p><a href="https://www.europapress.es/andalucia/educacion-00651/noticia-educaciondestaca-apuesta-innovacion-excelencia-ies-senora-cabeza-andujar-jaen20220215134324.html">https://www.europapress.es/andalucia/educacion-00651/noticia-educaciondestaca-apuesta-innovacion-excelencia-ies-senora-cabeza-andujar-jaen20220215134324.html</a></p>
<p>El I.E.S. Nuestra Señora de la Cabeza de Andújar es un centro público, dependiente de la Consejería de Educación de la Junta de Andalucía, que se ubica en el centro de la ciudad, en una zona bien comunicada y de fácil acceso.<br />
En el curso académico 2021-2022 el Instituto cumplirá 60 años de vida. Este Instituto ha sido un pilar clave en el desarrollo de la ciudad de Andújar y comarca, ya que el hecho de poder cursar estudios en su localidad, hizo que muchos jóvenes pudieran acceder a estudios universitarios, contribuyendo a elevar el nivel cultural de toda la ciudad y a abrir expectativas de futuro para muchos de sus habitantes.<br />
El Instituto sigue comprometido con la ciudadanía de Andújar y comarca, colaborando en múltiples actividades del Ayuntamiento así como con diversas empresas y entidades de interés general. Este compromiso es visible en la cantidad de generaciones que han sido formadas en nuestro centro y que son ahora referente y agentes de transformación de nuestra sociedad.</p>
<p>El edificio que nos acoge fue construido en 1961 y proyectado por el afamado arquitecto Miguel Fisac Serna, Premio Nacional de Arquitectura en 2003, por lo que en la actualidad es un edificio protegido y catalogado como Bien de Interés Cultural (BIC) por el Instituto Andaluz de Patrimonio Histórico.</p>
<p><a href="https://guiadigital.iaph.es/bien/inmueble/197353/jaen/andujar/instituto-deensenanza-secundaria-nuestra-senora-de-la-cabeza">https://guiadigital.iaph.es/bien/inmueble/197353/jaen/andujar/instituto-deensenanza-secundaria-nuestra-senora-de-la-cabeza</a></p>
<p><a href="https://arquitecturadeandujar.com/monumento/instituto-ntra-sra-de-la-cabezaurbanismo/">https://arquitecturadeandujar.com/monumento/instituto-ntra-sra-de-la-cabezaurbanismo/</a></p>
<p>El edificio consta de dos plantas que se distribuyen en cuatro bloques dispuestos en “Y griega”, unidos por el vestíbulo.<br />
A lo largo del tiempo el edificio ha sido adaptado, ampliado y actualizado con nuevos espacios, recursos y tecnologías.</p>
<p>&nbsp;</p>

<p>Tradición e innovación se unen en el IES Nuestra Señora de la Cabeza. Esto nos permite aprovechar el poso de la experiencia de un centro que ha formado a generaciones desde 1961, pero que&#46;&#46;&#46;</p>
