{"id":566,"date":"2024-06-01T10:23:51","date_gmt":"2024-06-01T10:23:51","guid":{"rendered":"https:\/\/blogsaverroes.juntadeandalucia.es\/iescabeza\/?page_id=566"},"modified":"2026-02-24T18:38:32","modified_gmt":"2026-02-24T18:38:32","slug":"admision-y-matriculacion","status":"publish","type":"page","link":"https:\/\/blogsaverroes.juntadeandalucia.es\/iescabeza\/admision-y-matriculacion\/","title":{"rendered":"Admisi\u00f3n y matriculaci\u00f3n"},"content":{"rendered":"<p style=\"text-align: justify\"><a href=\"https:\/\/www.juntadeandalucia.es\/boja\/2026\/16\/55\" target=\"_blank\" rel=\"noopener\">Resoluci\u00f3n de 19 de enero de 2026 (BOJA n\u00ba 16 de 26 de enero),<\/a> por la que se establece el calendario de actuaciones del procedimiento ordinario de admisi\u00f3n del alumnado en los centros docentes p\u00fablicos y privados concertados para cursar las ense\u00f1anzas de segundo ciclo de educaci\u00f3n infantil, educaci\u00f3n primaria, educaci\u00f3n especial, educaci\u00f3n secundaria obligatoria y bachillerato para el <strong>curso escolar 2026\/27<\/strong>.<\/p>\n<h2><a href=\"https:\/\/blogsaverroes.juntadeandalucia.es\/iescabeza\/admision-y-matriculacion\/secundaria-y-bachillerato\/\"><strong><span style=\"font-size: 24pt;color: #000080\">ESO y Bachillerato<\/span><\/strong><\/a><\/h2>\n<ul>\n<li><span style=\"font-size: 14pt\">Plazo de <strong>Solicitud de Admisi\u00f3n del 1 al 31 de marzo de 2026 (ambos inclusive).<\/strong><\/span><\/li>\n<li><span style=\"font-size: 14pt\">Plazo de Matriculaci\u00f3n del 1 al 10 de julio de 2026.<\/span><\/li>\n<\/ul>\n<h2><strong><a href=\"https:\/\/blogsaverroes.juntadeandalucia.es\/iescabeza\/admision-y-matriculacion\/bachillerato-de-adultos\/\"><span style=\"font-size: 24pt;color: #000080\">Bachillerato de Adultos<\/span><\/a><span style=\"font-size: 18px;color: #ff0000\"> ***pendiente de actualizar seg\u00fan normativa***<\/span><\/strong><\/h2>\n<ul>\n<li><span style=\"font-size: 14pt\">Plazo de Solicitud de Admisi\u00f3n del 1 al 16 de junio del 2025<\/span><\/li>\n<li><span style=\"font-size: 14pt\">Plazo de Matriculaci\u00f3n del 1 al 10 de julio del 2025<\/span><\/li>\n<li><span style=\"font-size: 14pt\">Plazo de Matriculaci\u00f3n extraordinario del 1 de septiembre al 22 de diciembre de 2025.<\/span><\/li>\n<\/ul>\n<h2><strong><a href=\"https:\/\/blogsaverroes.juntadeandalucia.es\/iescabeza\/admision-y-matriculacion\/formacion-profesional\/\"><span style=\"font-size: 24pt;color: #000080\">Formaci\u00f3n Profesional<\/span><\/a><span style=\"font-size: 24pt;color: #000080\">&nbsp;<\/span><\/strong><strong><span style=\"font-size: 18px;color: #ff0000\">***pendiente de actualizar seg\u00fan normativa***<\/span><\/strong><\/h2>\n<ul>\n<li><span style=\"font-size: 14pt\">Plazo de Solicitud de Admisi\u00f3n del 15 al 30 junio de 2025.<\/span><\/li>\n<li><span style=\"font-size: 14pt\">Consultar calendario del resto de plazos, adjudicaciones y per\u00edodos de matriculaci\u00f3n. <a href=\"https:\/\/www.juntadeandalucia.es\/educacion\/portales\/web\/escolarizacion\/formacion-profesional\/calendario-general-fp\">Aqu\u00ed<\/a><\/span><\/li>\n<\/ul>\n<h2><strong><a href=\"https:\/\/blogsaverroes.juntadeandalucia.es\/iescabeza\/admision-y-matriculacion\/secundaria-adultos\/\"><span style=\"font-size: 24pt;color: #000080\">Secundaria Adultos<\/span><\/a><span style=\"font-size: 24pt;color: #000080\">&nbsp;<\/span><\/strong><strong><span style=\"font-size: 18px;color: #ff0000\">***pendiente de actualizar seg\u00fan normativa***<\/span><\/strong><\/h2>\n<ul>\n<li><span style=\"font-size: 14pt\">Plazo de Solicitud de Admisi\u00f3n del 1 al 16 de junio de 2025.<\/span><\/li>\n<li><span style=\"font-size: 14pt\">Plazo de Matriculaci\u00f3n del 1 al 10 de julio de 2025.<\/span><\/li>\n<li><span style=\"font-size: 14pt\">Plazo de matriculaci\u00f3n extraordinario: mes de septiembre 2025.<\/span><\/li>\n<\/ul>\n","protected":false},"excerpt":{"rendered":"<p>Resoluci\u00f3n de 19 de enero de 2026 (BOJA n\u00ba 16 de 26 de enero), por la que se establece el calendario de actuaciones del procedimiento ordinario de admisi\u00f3n del alumnado en los centros docentes&#46;&#46;&#46;<\/p>\n","protected":false},"author":13753,"featured_media":0,"parent":0,"menu_order":0,"comment_status":"closed","ping_status":"closed","template":"page-templates\/child-menu.php","meta":{"ngg_post_thumbnail":0,"footnotes":""},"aioseo_notices":[],"_links":{"self":[{"href":"https:\/\/blogsaverroes.juntadeandalucia.es\/iescabeza\/wp-json\/wp\/v2\/pages\/566"}],"collection":[{"href":"https:\/\/blogsaverroes.juntadeandalucia.es\/iescabeza\/wp-json\/wp\/v2\/pages"}],"about":[{"href":"https:\/\/blogsaverroes.juntadeandalucia.es\/iescabeza\/wp-json\/wp\/v2\/types\/page"}],"author":[{"embeddable":true,"href":"https:\/\/blogsaverroes.juntadeandalucia.es\/iescabeza\/wp-json\/wp\/v2\/users\/13753"}],"replies":[{"embeddable":true,"href":"https:\/\/blogsaverroes.juntadeandalucia.es\/iescabeza\/wp-json\/wp\/v2\/comments?post=566"}],"version-history":[{"count":26,"href":"https:\/\/blogsaverroes.juntadeandalucia.es\/iescabeza\/wp-json\/wp\/v2\/pages\/566\/revisions"}],"predecessor-version":[{"id":3100,"href":"https:\/\/blogsaverroes.juntadeandalucia.es\/iescabeza\/wp-json\/wp\/v2\/pages\/566\/revisions\/3100"}],"wp:attachment":[{"href":"https:\/\/blogsaverroes.juntadeandalucia.es\/iescabeza\/wp-json\/wp\/v2\/media?parent=566"}],"curies":[{"name":"wp","href":"https:\/\/api.w.org\/{rel}","templated":true}]}}

Admisión y matriculación

<p style="text-align: justify"><a href="https://www.juntadeandalucia.es/boja/2026/16/55" target="_blank" rel="noopener">Resolución de 19 de enero de 2026 (BOJA nº 16 de 26 de enero),</a> por la que se establece el calendario de actuaciones del procedimiento ordinario de admisión del alumnado en los centros docentes públicos y privados concertados para cursar las enseñanzas de segundo ciclo de educación infantil, educación primaria, educación especial, educación secundaria obligatoria y bachillerato para el <strong>curso escolar 2026/27</strong>.</p>
<h2><a href="https://blogsaverroes.juntadeandalucia.es/iescabeza/admision-y-matriculacion/secundaria-y-bachillerato/"><strong><span style="font-size: 24pt;color: #000080">ESO y Bachillerato</span></strong></a></h2>
<ul>
<li><span style="font-size: 14pt">Plazo de <strong>Solicitud de Admisión del 1 al 31 de marzo de 2026 (ambos inclusive).</strong></span></li>
<li><span style="font-size: 14pt">Plazo de Matriculación del 1 al 10 de julio de 2026.</span></li>
</ul>
<h2><strong><a href="https://blogsaverroes.juntadeandalucia.es/iescabeza/admision-y-matriculacion/bachillerato-de-adultos/"><span style="font-size: 24pt;color: #000080">Bachillerato de Adultos</span></a><span style="font-size: 18px;color: #ff0000"> ***pendiente de actualizar según normativa***</span></strong></h2>
<ul>
<li><span style="font-size: 14pt">Plazo de Solicitud de Admisión del 1 al 16 de junio del 2025</span></li>
<li><span style="font-size: 14pt">Plazo de Matriculación del 1 al 10 de julio del 2025</span></li>
<li><span style="font-size: 14pt">Plazo de Matriculación extraordinario del 1 de septiembre al 22 de diciembre de 2025.</span></li>
</ul>
<h2><strong><a href="https://blogsaverroes.juntadeandalucia.es/iescabeza/admision-y-matriculacion/formacion-profesional/"><span style="font-size: 24pt;color: #000080">Formación Profesional</span></a><span style="font-size: 24pt;color: #000080">&nbsp;</span></strong><strong><span style="font-size: 18px;color: #ff0000">***pendiente de actualizar según normativa***</span></strong></h2>
<ul>
<li><span style="font-size: 14pt">Plazo de Solicitud de Admisión del 15 al 30 junio de 2025.</span></li>
<li><span style="font-size: 14pt">Consultar calendario del resto de plazos, adjudicaciones y períodos de matriculación. <a href="https://www.juntadeandalucia.es/educacion/portales/web/escolarizacion/formacion-profesional/calendario-general-fp">Aquí</a></span></li>
</ul>
<h2><strong><a href="https://blogsaverroes.juntadeandalucia.es/iescabeza/admision-y-matriculacion/secundaria-adultos/"><span style="font-size: 24pt;color: #000080">Secundaria Adultos</span></a><span style="font-size: 24pt;color: #000080">&nbsp;</span></strong><strong><span style="font-size: 18px;color: #ff0000">***pendiente de actualizar según normativa***</span></strong></h2>
<ul>
<li><span style="font-size: 14pt">Plazo de Solicitud de Admisión del 1 al 16 de junio de 2025.</span></li>
<li><span style="font-size: 14pt">Plazo de Matriculación del 1 al 10 de julio de 2025.</span></li>
<li><span style="font-size: 14pt">Plazo de matriculación extraordinario: mes de septiembre 2025.</span></li>
</ul>

<p>Resolución de 19 de enero de 2026 (BOJA nº 16 de 26 de enero), por la que se establece el calendario de actuaciones del procedimiento ordinario de admisión del alumnado en los centros docentes&#46;&#46;&#46;</p>
