{"id":615,"date":"2022-02-23T11:26:24","date_gmt":"2022-02-23T11:26:24","guid":{"rendered":"https:\/\/blogsaverroes.juntadeandalucia.es\/iescabeza\/?page_id=615"},"modified":"2022-03-03T10:10:13","modified_gmt":"2022-03-03T10:10:13","slug":"contacto","status":"publish","type":"page","link":"https:\/\/blogsaverroes.juntadeandalucia.es\/iescabeza\/contacto\/","title":{"rendered":"Contacto"},"content":{"rendered":"<h1>Instituto de Ense\u00f1anza Secundaria Nuestra Se\u00f1ora de la Cabeza.<\/h1>\n<p><img decoding=\"async\" class=\"wp-image-618 alignleft\" src=\"https:\/\/blogsaverroes.juntadeandalucia.es\/iescabeza\/files\/2022\/02\/353432_phone_telephone_communication_icon-300x300.png\" alt=\"\" width=\"101\" height=\"101\" srcset=\"https:\/\/blogsaverroes.juntadeandalucia.es\/iescabeza\/files\/2022\/02\/353432_phone_telephone_communication_icon-300x300.png 300w, https:\/\/blogsaverroes.juntadeandalucia.es\/iescabeza\/files\/2022\/02\/353432_phone_telephone_communication_icon-1024x1024.png 1024w, https:\/\/blogsaverroes.juntadeandalucia.es\/iescabeza\/files\/2022\/02\/353432_phone_telephone_communication_icon-150x150.png 150w, https:\/\/blogsaverroes.juntadeandalucia.es\/iescabeza\/files\/2022\/02\/353432_phone_telephone_communication_icon-768x768.png 768w, https:\/\/blogsaverroes.juntadeandalucia.es\/iescabeza\/files\/2022\/02\/353432_phone_telephone_communication_icon-1536x1536.png 1536w, https:\/\/blogsaverroes.juntadeandalucia.es\/iescabeza\/files\/2022\/02\/353432_phone_telephone_communication_icon-2048x2048.png 2048w, https:\/\/blogsaverroes.juntadeandalucia.es\/iescabeza\/files\/2022\/02\/353432_phone_telephone_communication_icon-80x80.png 80w, https:\/\/blogsaverroes.juntadeandalucia.es\/iescabeza\/files\/2022\/02\/353432_phone_telephone_communication_icon-320x320.png 320w\" sizes=\"(max-width: 101px) 100vw, 101px\" \/>Tel\u00e9fono:&nbsp;<a href=\"tel:+34953539525\">953539525<\/a><\/p>\n<p>282525 (corporativo)<\/p>\n<p>FAX 953539531<\/p>\n<p>&nbsp;<\/p>\n<p><img decoding=\"async\" class=\"wp-image-617 alignleft\" src=\"https:\/\/blogsaverroes.juntadeandalucia.es\/iescabeza\/files\/2022\/02\/2559820_email_media_network_social_icon-300x300.png\" alt=\"\" width=\"89\" height=\"89\" srcset=\"https:\/\/blogsaverroes.juntadeandalucia.es\/iescabeza\/files\/2022\/02\/2559820_email_media_network_social_icon-300x300.png 300w, https:\/\/blogsaverroes.juntadeandalucia.es\/iescabeza\/files\/2022\/02\/2559820_email_media_network_social_icon-1024x1024.png 1024w, https:\/\/blogsaverroes.juntadeandalucia.es\/iescabeza\/files\/2022\/02\/2559820_email_media_network_social_icon-150x150.png 150w, https:\/\/blogsaverroes.juntadeandalucia.es\/iescabeza\/files\/2022\/02\/2559820_email_media_network_social_icon-768x768.png 768w, https:\/\/blogsaverroes.juntadeandalucia.es\/iescabeza\/files\/2022\/02\/2559820_email_media_network_social_icon-1536x1536.png 1536w, https:\/\/blogsaverroes.juntadeandalucia.es\/iescabeza\/files\/2022\/02\/2559820_email_media_network_social_icon-2048x2048.png 2048w, https:\/\/blogsaverroes.juntadeandalucia.es\/iescabeza\/files\/2022\/02\/2559820_email_media_network_social_icon-80x80.png 80w, https:\/\/blogsaverroes.juntadeandalucia.es\/iescabeza\/files\/2022\/02\/2559820_email_media_network_social_icon-320x320.png 320w\" sizes=\"(max-width: 89px) 100vw, 89px\" \/>Correos electr\u00f3nicos:<br \/>\nJefatura de estudios:<a href=\"mailto:j_estudios@iescabeza.es\"> j_estudios@iescabeza.es<\/a><br \/>\nOficina. Tr\u00e1mites administrativos:&nbsp; &nbsp;<a href=\"mailto:oficina@iescabeza.es\">oficina@iescabeza.es<\/a><\/p>\n<p>Secretar\u00eda:<a href=\"mailto:secretaria@iescabeza.es\"> secretaria@iescabeza.es<\/a><\/p>\n<p>Orientaci\u00f3n. Cita previa: <a href=\"mailto:orientacion@iescabeza.es\">orientacion@iescabeza.es<\/a><\/p>\n<p>Cooordinador\/a Covid: <a href=\"mailto:covid@iescabeza.es\">covid@iescabeza.es<\/a><\/p>\n<p>General: <a href=\"mailto:23000556.edu@juntadeandalucia.es\">23000556.edu@juntadeandalucia.es<\/a><\/p>\n<p>&nbsp;<\/p>\n<p style=\"text-align: center\"><img decoding=\"async\" class=\"wp-image-616 alignleft\" src=\"https:\/\/blogsaverroes.juntadeandalucia.es\/iescabeza\/files\/2022\/02\/2216360_google-map_location_map_navigation_position_icon-300x300.png\" alt=\"\" width=\"82\" height=\"82\" srcset=\"https:\/\/blogsaverroes.juntadeandalucia.es\/iescabeza\/files\/2022\/02\/2216360_google-map_location_map_navigation_position_icon-300x300.png 300w, https:\/\/blogsaverroes.juntadeandalucia.es\/iescabeza\/files\/2022\/02\/2216360_google-map_location_map_navigation_position_icon-1024x1024.png 1024w, https:\/\/blogsaverroes.juntadeandalucia.es\/iescabeza\/files\/2022\/02\/2216360_google-map_location_map_navigation_position_icon-150x150.png 150w, https:\/\/blogsaverroes.juntadeandalucia.es\/iescabeza\/files\/2022\/02\/2216360_google-map_location_map_navigation_position_icon-768x768.png 768w, https:\/\/blogsaverroes.juntadeandalucia.es\/iescabeza\/files\/2022\/02\/2216360_google-map_location_map_navigation_position_icon-1536x1536.png 1536w, https:\/\/blogsaverroes.juntadeandalucia.es\/iescabeza\/files\/2022\/02\/2216360_google-map_location_map_navigation_position_icon-2048x2048.png 2048w, https:\/\/blogsaverroes.juntadeandalucia.es\/iescabeza\/files\/2022\/02\/2216360_google-map_location_map_navigation_position_icon-80x80.png 80w, https:\/\/blogsaverroes.juntadeandalucia.es\/iescabeza\/files\/2022\/02\/2216360_google-map_location_map_navigation_position_icon-320x320.png 320w\" sizes=\"(max-width: 82px) 100vw, 82px\" \/>&nbsp; &nbsp; <iframe src=\"https:\/\/www.google.com\/maps\/embed?pb=!1m14!1m8!1m3!1d5285.024114814918!2d-4.0489895798067215!3d38.035570999730865!3m2!1i1024!2i768!4f13.1!3m3!1m2!1s0x0%3A0x2aae9b546aa64fd7!2sInstituto%20de%20Educaci%C3%B3n%20Secundaria%20Nuestra%20Se%C3%B1ora%20de%20la%20Cabeza!5e0!3m2!1ses!2ses!4v1645615292312!5m2!1ses!2ses\" width=\"600\" height=\"450\"><\/iframe><\/p>\n<p style=\"text-align: center\">C\/Argimiro Rodr\u00edguez s\/n<br \/>\n23740 And\u00fajar (Ja\u00e9n)<\/p>\n","protected":false},"excerpt":{"rendered":"<p>Instituto de Ense\u00f1anza Secundaria Nuestra Se\u00f1ora de la Cabeza. Tel\u00e9fono:&nbsp;953539525 282525 (corporativo) FAX 953539531 &nbsp; Correos electr\u00f3nicos: Jefatura de estudios: j_estudios@iescabeza.es Oficina. Tr\u00e1mites administrativos:&nbsp; &nbsp;oficina@iescabeza.es Secretar\u00eda: secretaria@iescabeza.es Orientaci\u00f3n. Cita previa: orientacion@iescabeza.es Cooordinador\/a Covid: covid@iescabeza.es&#46;&#46;&#46;<\/p>\n","protected":false},"author":13753,"featured_media":0,"parent":0,"menu_order":0,"comment_status":"closed","ping_status":"closed","template":"","meta":{"ngg_post_thumbnail":0,"footnotes":""},"aioseo_notices":[],"_links":{"self":[{"href":"https:\/\/blogsaverroes.juntadeandalucia.es\/iescabeza\/wp-json\/wp\/v2\/pages\/615"}],"collection":[{"href":"https:\/\/blogsaverroes.juntadeandalucia.es\/iescabeza\/wp-json\/wp\/v2\/pages"}],"about":[{"href":"https:\/\/blogsaverroes.juntadeandalucia.es\/iescabeza\/wp-json\/wp\/v2\/types\/page"}],"author":[{"embeddable":true,"href":"https:\/\/blogsaverroes.juntadeandalucia.es\/iescabeza\/wp-json\/wp\/v2\/users\/13753"}],"replies":[{"embeddable":true,"href":"https:\/\/blogsaverroes.juntadeandalucia.es\/iescabeza\/wp-json\/wp\/v2\/comments?post=615"}],"version-history":[{"count":4,"href":"https:\/\/blogsaverroes.juntadeandalucia.es\/iescabeza\/wp-json\/wp\/v2\/pages\/615\/revisions"}],"predecessor-version":[{"id":873,"href":"https:\/\/blogsaverroes.juntadeandalucia.es\/iescabeza\/wp-json\/wp\/v2\/pages\/615\/revisions\/873"}],"wp:attachment":[{"href":"https:\/\/blogsaverroes.juntadeandalucia.es\/iescabeza\/wp-json\/wp\/v2\/media?parent=615"}],"curies":[{"name":"wp","href":"https:\/\/api.w.org\/{rel}","templated":true}]}}