{"id":1807,"date":"2015-03-18T07:11:43","date_gmt":"2015-03-18T07:11:43","guid":{"rendered":"http:\/\/blogsaverroes.juntadeandalucia.es\/pre\/ceip\/?page_id=330"},"modified":"2025-10-08T14:44:28","modified_gmt":"2025-10-08T14:44:28","slug":"bibliop-2","status":"publish","type":"page","link":"https:\/\/blogsaverroes.juntadeandalucia.es\/iescampodetejada\/biblioteca\/bibliop-2\/","title":{"rendered":"Palabra BIBLIOTECA"},"content":{"rendered":"<h1 class=\"post-title entry-title\">\u00bfSABES CU\u00c1L ES ORIGEN ETIMOL\u00d3GICO DE LA PALABRA BIBLIOTECA?<\/h1>\n<div style=\"text-align: justify\">Etimol\u00f3gicamente, la palabra \u00ab<em>biblioteca<\/em>\u00bb proviene del griego biblioth\u0113ke (\u03b2\u03b9\u03b2\u03bb\u03b9\u03bf\u03b8\u03ae\u03ba\u03b7), compuesta por biblion (\u03b2\u03b9\u03b2\u03bb\u03af\u03bf\u03bd), que significa \u00ablibro\u00bb, y th\u0113ke (\u03b8\u03ae\u03ba\u03b7), que se refiere a \u00abarmario\u00bb o \u00abcaja\u00bb.&nbsp;Por lo tanto, su significado literal es&nbsp;\u00ablugar o dep\u00f3sito donde se guardan libros\u00bb.&nbsp;a menudo como una forma de proteger el conocimiento de una cultura.&nbsp;<\/div>\n<div>&nbsp;<\/div>\n<div style=\"text-align: justify\">En nuestro centro tenemos una magn\u00edfica biblioteca con un abundante fondo y que lleva el nombre de un profesor que dej\u00f3 una enorme huella en nuestra comunidad educativa, el profesor <strong>Miguel Medrano.<\/strong> No dejes de visitarla, es un lugar confortable donde te sentir\u00e1s muy agusto leyendo y estudiando si respetas siempre sus normas de uso.<\/div>\n<div>&nbsp;<\/div>\n<div><a href=\"https:\/\/blogsaverroes.juntadeandalucia.es\/iescampodetejada\/files\/2025\/10\/NORMAS-DE-USO-DE-LA-BIBLIOTECA.jpg\"><img fetchpriority=\"high\" decoding=\"async\" class=\"alignnone size-full wp-image-3622\" src=\"https:\/\/blogsaverroes.juntadeandalucia.es\/iescampodetejada\/files\/2025\/10\/NORMAS-DE-USO-DE-LA-BIBLIOTECA.jpg\" alt=\"\" width=\"1920\" height=\"1080\" srcset=\"https:\/\/blogsaverroes.juntadeandalucia.es\/iescampodetejada\/files\/2025\/10\/NORMAS-DE-USO-DE-LA-BIBLIOTECA.jpg 1920w, https:\/\/blogsaverroes.juntadeandalucia.es\/iescampodetejada\/files\/2025\/10\/NORMAS-DE-USO-DE-LA-BIBLIOTECA-300x169.jpg 300w, https:\/\/blogsaverroes.juntadeandalucia.es\/iescampodetejada\/files\/2025\/10\/NORMAS-DE-USO-DE-LA-BIBLIOTECA-1024x576.jpg 1024w, https:\/\/blogsaverroes.juntadeandalucia.es\/iescampodetejada\/files\/2025\/10\/NORMAS-DE-USO-DE-LA-BIBLIOTECA-768x432.jpg 768w, https:\/\/blogsaverroes.juntadeandalucia.es\/iescampodetejada\/files\/2025\/10\/NORMAS-DE-USO-DE-LA-BIBLIOTECA-1536x864.jpg 1536w\" sizes=\"(max-width: 1920px) 100vw, 1920px\" \/><\/a><\/div>\n","protected":false},"excerpt":{"rendered":"<p>\u00bfSABES CU\u00c1L ES ORIGEN ETIMOL\u00d3GICO DE LA PALABRA BIBLIOTECA? Etimol\u00f3gicamente, la palabra \u00abbiblioteca\u00bb proviene del griego biblioth\u0113ke (\u03b2\u03b9\u03b2\u03bb\u03b9\u03bf\u03b8\u03ae\u03ba\u03b7), compuesta por biblion (\u03b2\u03b9\u03b2\u03bb\u03af\u03bf\u03bd), que significa \u00ablibro\u00bb, y th\u0113ke (\u03b8\u03ae\u03ba\u03b7), que se refiere a \u00abarmario\u00bb o&#46;&#46;&#46;<\/p>\n","protected":false},"author":1,"featured_media":0,"parent":113,"menu_order":0,"comment_status":"open","ping_status":"open","template":"","meta":{"ngg_post_thumbnail":0,"footnotes":"","_mc_calendar":[]},"aioseo_notices":[],"_links":{"self":[{"href":"https:\/\/blogsaverroes.juntadeandalucia.es\/iescampodetejada\/wp-json\/wp\/v2\/pages\/1807"}],"collection":[{"href":"https:\/\/blogsaverroes.juntadeandalucia.es\/iescampodetejada\/wp-json\/wp\/v2\/pages"}],"about":[{"href":"https:\/\/blogsaverroes.juntadeandalucia.es\/iescampodetejada\/wp-json\/wp\/v2\/types\/page"}],"author":[{"embeddable":true,"href":"https:\/\/blogsaverroes.juntadeandalucia.es\/iescampodetejada\/wp-json\/wp\/v2\/users\/1"}],"replies":[{"embeddable":true,"href":"https:\/\/blogsaverroes.juntadeandalucia.es\/iescampodetejada\/wp-json\/wp\/v2\/comments?post=1807"}],"version-history":[{"count":2,"href":"https:\/\/blogsaverroes.juntadeandalucia.es\/iescampodetejada\/wp-json\/wp\/v2\/pages\/1807\/revisions"}],"predecessor-version":[{"id":3633,"href":"https:\/\/blogsaverroes.juntadeandalucia.es\/iescampodetejada\/wp-json\/wp\/v2\/pages\/1807\/revisions\/3633"}],"up":[{"embeddable":true,"href":"https:\/\/blogsaverroes.juntadeandalucia.es\/iescampodetejada\/wp-json\/wp\/v2\/pages\/113"}],"wp:attachment":[{"href":"https:\/\/blogsaverroes.juntadeandalucia.es\/iescampodetejada\/wp-json\/wp\/v2\/media?parent=1807"}],"curies":[{"name":"wp","href":"https:\/\/api.w.org\/{rel}","templated":true}]}}

<h1 class="post-title entry-title">¿SABES CUÁL ES ORIGEN ETIMOLÓGICO DE LA PALABRA BIBLIOTECA?</h1>
<div style="text-align: justify">Etimológicamente, la palabra «<em>biblioteca</em>» proviene del griego bibliothēke (βιβλιοθήκη), compuesta por biblion (βιβλίον), que significa «libro», y thēke (θήκη), que se refiere a «armario» o «caja».&nbsp;Por lo tanto, su significado literal es&nbsp;«lugar o depósito donde se guardan libros».&nbsp;a menudo como una forma de proteger el conocimiento de una cultura.&nbsp;</div>
<div>&nbsp;</div>
<div style="text-align: justify">En nuestro centro tenemos una magnífica biblioteca con un abundante fondo y que lleva el nombre de un profesor que dejó una enorme huella en nuestra comunidad educativa, el profesor <strong>Miguel Medrano.</strong> No dejes de visitarla, es un lugar confortable donde te sentirás muy agusto leyendo y estudiando si respetas siempre sus normas de uso.</div>
<div>&nbsp;</div>
<div><a href="https://blogsaverroes.juntadeandalucia.es/iescampodetejada/files/2025/10/NORMAS-DE-USO-DE-LA-BIBLIOTECA.jpg"><img fetchpriority="high" decoding="async" class="alignnone size-full wp-image-3622" src="https://blogsaverroes.juntadeandalucia.es/iescampodetejada/files/2025/10/NORMAS-DE-USO-DE-LA-BIBLIOTECA.jpg" alt="" width="1920" height="1080" srcset="https://blogsaverroes.juntadeandalucia.es/iescampodetejada/files/2025/10/NORMAS-DE-USO-DE-LA-BIBLIOTECA.jpg 1920w, https://blogsaverroes.juntadeandalucia.es/iescampodetejada/files/2025/10/NORMAS-DE-USO-DE-LA-BIBLIOTECA-300x169.jpg 300w, https://blogsaverroes.juntadeandalucia.es/iescampodetejada/files/2025/10/NORMAS-DE-USO-DE-LA-BIBLIOTECA-1024x576.jpg 1024w, https://blogsaverroes.juntadeandalucia.es/iescampodetejada/files/2025/10/NORMAS-DE-USO-DE-LA-BIBLIOTECA-768x432.jpg 768w, https://blogsaverroes.juntadeandalucia.es/iescampodetejada/files/2025/10/NORMAS-DE-USO-DE-LA-BIBLIOTECA-1536x864.jpg 1536w" sizes="(max-width: 1920px) 100vw, 1920px" /></a></div>

<p>¿SABES CUÁL ES ORIGEN ETIMOLÓGICO DE LA PALABRA BIBLIOTECA? Etimológicamente, la palabra «biblioteca» proviene del griego bibliothēke (βιβλιοθήκη), compuesta por biblion (βιβλίον), que significa «libro», y thēke (θήκη), que se refiere a «armario» o&#46;&#46;&#46;</p>
