{"id":2706,"date":"2020-08-28T09:01:03","date_gmt":"2020-08-28T09:01:03","guid":{"rendered":"https:\/\/blogsaverroes.juntadeandalucia.es\/iescanadarosal\/?page_id=2706"},"modified":"2021-05-24T16:12:34","modified_gmt":"2021-05-24T16:12:34","slug":"ipasen","status":"publish","type":"page","link":"https:\/\/blogsaverroes.juntadeandalucia.es\/iescanadarosal\/ipasen\/","title":{"rendered":"Pasen e iPasen"},"content":{"rendered":"<p><strong>PASEN<\/strong> es un servicio de la Consejer\u00eda de Educaci\u00f3n que permite la comunicaci\u00f3n entre los centros educativos y las familias, tutores legales y alumnado.<\/p>\n<div class=\"vCentrado\">[youtube https:\/\/www.youtube.com\/watch?v=7ShGT1uK_Wg]<\/div>\n<p>Pueden descargarse las versiones de <strong>iPasen<\/strong> para iOS y Android en su tel\u00e9fono m\u00f3vil a trav\u00e9s de la AppStore y Google Play.<\/p>\n<p>Funcionalidades:<\/p>\n<ul>\n<li>Acceso con el mismo usuario\/contrase\u00f1a que a la aplicaci\u00f3n web <strong>PASEN<\/strong>.<\/li>\n<li>Cambio de contrase\u00f1a y acceso a \u2018Mis datos\u2019 con toda la informaci\u00f3n de usuario relevante para el sistema.<\/li>\n<li>Acceso a la Mensajer\u00eda interna.<\/li>\n<li>Consultas de los datos del centro educativo.<\/li>\n<li>Consulta del Calendario escolar oficial.<\/li>\n<li>Consulta del Horario escolar de sus hijos.<\/li>\n<li>Consulta, justificaci\u00f3n y comunicaci\u00f3n de ausencias de sus hijos.<\/li>\n<li>Consulta de las Calificaciones en cualquier materia.<\/li>\n<li>Recepci\u00f3n de Notificaciones enviadas desde S\u00e9neca por ausencias de sus hijos o cualquier otro tipo de mensaje.<\/li>\n<\/ul>\n<p>Si no puede acceder a <strong>Pasen<\/strong> porque no recuerda la contrase\u00f1a:<\/p>\n<p>Para acceder a la plataforma son necesarias tanto el nombre de usuario como una contrase\u00f1a. Es habitual que se olvide o pierda la contrase\u00f1a, es por eso que la Consejer\u00eda de Educaci\u00f3n ha habilitado una nueva forma de recuperarla.<\/p>\n<p>A trav\u00e9s de este sistema, cualquier padre\/madre o alumno\/a podr\u00e1 realizar un proceso de \u00abautologin\u00bb para obtener las credenciales de acceso a <strong>PASEN<\/strong>.<br \/>\nPara realizar el \u00abautologin\u00bb a trav\u00e9s de la aplicaci\u00f3n web o de la app, las familias deber\u00e1n pinchar en el enlace \u2018No tengo acceso\u2019 de la pantalla inicial.<\/p>\n<p>Se requerir\u00e1n tres datos: El NIF, una fecha de nacimiento (de algunos de sus hijos\/as o la suya propia) y un n\u00famero de tel\u00e9fono m\u00f3vil donde recibir\u00e1 por SMS las credenciales. Este \u00faltimo deber\u00e1 coincidir con el que ha proporcionado en la matr\u00edcula de su hijo\/a.<br \/>\n<\/p>\n<div class=\"centrado\"><strong>Videotutorial c\u00f3mo recuperar mis datos en Pasen (ordenador)<\/strong><\/div>\n<p><\/p>\n<div class=\"vCentrado\">[youtube https:\/\/youtu.be\/3z6eWjQWnu]<\/div>\n<p><\/p>\n<div class=\"centrado\"><strong>Videotutorial c\u00f3mo recuperar mis datos en iPasen (aplicaci\u00f3n m\u00f3vil)<\/strong><\/div>\n<p><\/p>\n<div class=\"vCentrado\">[youtube https:\/\/youtu.be\/cHLova48ULE]<\/div>\n<p><\/p>\n<div class=\"centrado\"><a href=\"https:\/\/blogsaverroes.juntadeandalucia.es\/iescanadarosal\/contacto\/\">Si necesita ayuda consulte al centro.<\/a><\/div>\n<p><\/p>\n<h3>ACCESO PLATAFORMA PASEN<\/h3>\n<p>PASEN es un servicio de la Consejer\u00eda de Educaci\u00f3n que permite la comunicaci\u00f3n entre los distintos miembros de la comunidad educativa (tutores\/as legales, alumnado, cargos directivos y profesorado).<\/p>\n<p>Este servicio ofrece a todos los agentes de la Comunidad Educativa la posibilidad de mantener un di\u00e1logo fluido y cotidiano.<\/p>\n<h4>Acceso PASEN online sin intalaci\u00f3n<\/h4>\n<p>Podemos acceder a la plataforma PASEN sin necesidad de instalaci\u00f3n de manera online pinchando <a href=\"https:\/\/www.juntadeandalucia.es\/educacion\/portals\/web\/ced\/pasen\"> <b>aqu\u00ed<\/b><\/a>.<\/p>\n<h4>Instalaci\u00f3n app iPASEN<\/h4>\n<p>Para acceder a la plataforma Pasen con nuestro dispositivo m\u00f3vil o tablet deberemos realizar los siguientes pasos:<\/p>\n<p>1. Deberemos dirigirnos a Google Play Store o Apple Store y buscar la app iPasen.<br \/>\n<img decoding=\"async\" src=\"https:\/\/blogsaverroes.juntadeandalucia.es\/iescanadarosal\/files\/2020\/08\/ipasen.jpeg\" alt=\"ipasen\" width=\"30%\"><img decoding=\"async\" src=\"https:\/\/blogsaverroes.juntadeandalucia.es\/iescanadarosal\/files\/2020\/08\/ipasen1.jpeg\" alt=\"ipasen\" width=\"30%\"><\/p>\n<p>&nbsp;<\/p>\n<p>2. Una vez instalada la app debemos buscarla en el escritorio de nuestro m\u00f3vil o tablet y abrirla, tras esto introducimos nuestros datos de acceso y entramos en la app.<br \/>\n<img decoding=\"async\" src=\"https:\/\/blogsaverroes.juntadeandalucia.es\/iescanadarosal\/files\/2020\/08\/ipasen2.jpeg\" alt=\"ipasen\" width=\"30%\"><\/p>\n<p>&nbsp;<\/p>\n<p>Desde aqu\u00ed tambi\u00e9n podemos recuperar nuestra contrase\u00f1a picando en <em>\u201c\u00bfOlvid\u00f3 su contrase\u00f1a?\u201d<\/em>, o registrarnos picando en <em>\u201cNo estoy Registrado\u201d<\/em>.<\/p>\n","protected":false},"excerpt":{"rendered":"<p>PASEN es un servicio de la Consejer\u00eda de Educaci\u00f3n que permite la comunicaci\u00f3n entre los centros educativos y las familias, tutores legales y alumnado. [youtube https:\/\/www.youtube.com\/watch?v=7ShGT1uK_Wg] Pueden descargarse las versiones de iPasen para iOS&#46;&#46;&#46;<\/p>\n","protected":false},"author":6456,"featured_media":0,"parent":0,"menu_order":0,"comment_status":"closed","ping_status":"closed","template":"","meta":{"ngg_post_thumbnail":0,"footnotes":"","_mc_calendar":[]},"aioseo_notices":[],"_links":{"self":[{"href":"https:\/\/blogsaverroes.juntadeandalucia.es\/iescanadarosal\/wp-json\/wp\/v2\/pages\/2706"}],"collection":[{"href":"https:\/\/blogsaverroes.juntadeandalucia.es\/iescanadarosal\/wp-json\/wp\/v2\/pages"}],"about":[{"href":"https:\/\/blogsaverroes.juntadeandalucia.es\/iescanadarosal\/wp-json\/wp\/v2\/types\/page"}],"author":[{"embeddable":true,"href":"https:\/\/blogsaverroes.juntadeandalucia.es\/iescanadarosal\/wp-json\/wp\/v2\/users\/6456"}],"replies":[{"embeddable":true,"href":"https:\/\/blogsaverroes.juntadeandalucia.es\/iescanadarosal\/wp-json\/wp\/v2\/comments?post=2706"}],"version-history":[{"count":28,"href":"https:\/\/blogsaverroes.juntadeandalucia.es\/iescanadarosal\/wp-json\/wp\/v2\/pages\/2706\/revisions"}],"predecessor-version":[{"id":3180,"href":"https:\/\/blogsaverroes.juntadeandalucia.es\/iescanadarosal\/wp-json\/wp\/v2\/pages\/2706\/revisions\/3180"}],"wp:attachment":[{"href":"https:\/\/blogsaverroes.juntadeandalucia.es\/iescanadarosal\/wp-json\/wp\/v2\/media?parent=2706"}],"curies":[{"name":"wp","href":"https:\/\/api.w.org\/{rel}","templated":true}]}}